
--
-- Table structure for table `ey2n4tv0a6_bbcodes`
--

CREATE TABLE `ey2n4tv0a6_bbcodes` (
  `bbcode_id` smallint(4) unsigned NOT NULL DEFAULT '0',
  `bbcode_tag` varchar(16) COLLATE utf8_bin NOT NULL DEFAULT '',
  `bbcode_helpline` varchar(255) COLLATE utf8_bin NOT NULL DEFAULT '',
  `display_on_posting` tinyint(1) unsigned NOT NULL DEFAULT '0',
  `bbcode_match` text COLLATE utf8_bin NOT NULL,
  `bbcode_tpl` mediumtext COLLATE utf8_bin NOT NULL,
  `first_pass_match` mediumtext COLLATE utf8_bin NOT NULL,
  `first_pass_replace` mediumtext COLLATE utf8_bin NOT NULL,
  `second_pass_match` mediumtext COLLATE utf8_bin NOT NULL,
  `second_pass_replace` mediumtext COLLATE utf8_bin NOT NULL,
  PRIMARY KEY (`bbcode_id`),
  KEY `display_on_post` (`display_on_posting`)
) ENGINE=InnoDB DEFAULT CHARSET=utf8 COLLATE=utf8_bin;

--
-- Dumping data for table `ey2n4tv0a6_bbcodes`
--


--
-- Table structure for table `ey2n4tv0a6_bookmarks`
--

CREATE TABLE `ey2n4tv0a6_bookmarks` (
  `topic_id` mediumint(8) unsigned NOT NULL DEFAULT '0',
  `user_id` mediumint(8) unsigned NOT NULL DEFAULT '0',
  PRIMARY KEY (`topic_id`,`user_id`)
) ENGINE=InnoDB DEFAULT CHARSET=utf8 COLLATE=utf8_bin;

--
-- Dumping data for table `ey2n4tv0a6_bookmarks`
--


--
-- Table structure for table `ey2n4tv0a6_bots`
--

CREATE TABLE `ey2n4tv0a6_bots` (
  `bot_id` mediumint(8) unsigned NOT NULL AUTO_INCREMENT,
  `bot_active` tinyint(1) unsigned NOT NULL DEFAULT '1',
  `bot_name` varchar(255) COLLATE utf8_bin NOT NULL DEFAULT '',
  `user_id` mediumint(8) unsigned NOT NULL DEFAULT '0',
  `bot_agent` varchar(255) COLLATE utf8_bin NOT NULL DEFAULT '',
  `bot_ip` varchar(255) COLLATE utf8_bin NOT NULL DEFAULT '',
  PRIMARY KEY (`bot_id`),
  KEY `bot_active` (`bot_active`)
) ENGINE=InnoDB AUTO_INCREMENT=52 DEFAULT CHARSET=utf8 COLLATE=utf8_bin;

--
-- Dumping data for table `ey2n4tv0a6_bots`
--

INSERT INTO `ey2n4tv0a6_bots` VALUES (1,0,'AdsBot [Google]',3,'AdsBot-Google',''),(2,0,'Alexa [Bot]',4,'ia_archiver',''),(3,0,'Alta Vista [Bot]',5,'Scooter/',''),(4,0,'Ask Jeeves [Bot]',6,'Ask Jeeves',''),(5,0,'Baidu [Spider]',7,'Baiduspider+(',''),(6,0,'Bing [Bot]',8,'bingbot/',''),(7,0,'Exabot [Bot]',9,'Exabot/',''),(8,0,'FAST Enterprise [Crawler]',10,'FAST Enterprise Crawler',''),(9,0,'FAST WebCrawler [Crawler]',11,'FAST-WebCrawler/',''),(10,0,'Francis [Bot]',12,'http://www.neomo.de/',''),(11,0,'Gigabot [Bot]',13,'Gigabot/',''),(12,0,'Google Adsense [Bot]',14,'Mediapartners-Google',''),(13,0,'Google Desktop',15,'Google Desktop',''),(14,0,'Google Feedfetcher',16,'Feedfetcher-Google',''),(15,0,'Google [Bot]',17,'Googlebot',''),(16,0,'Heise IT-Markt [Crawler]',18,'heise-IT-Markt-Crawler',''),(17,0,'Heritrix [Crawler]',19,'heritrix/1.',''),(18,0,'IBM Research [Bot]',20,'ibm.com/cs/crawler',''),(19,0,'ICCrawler - ICjobs',21,'ICCrawler - ICjobs',''),(20,0,'ichiro [Crawler]',22,'ichiro/',''),(21,0,'Majestic-12 [Bot]',23,'MJ12bot/',''),(22,0,'Metager [Bot]',24,'MetagerBot/',''),(23,0,'MSN NewsBlogs',25,'msnbot-NewsBlogs/',''),(24,0,'MSN [Bot]',26,'msnbot/',''),(25,0,'MSNbot Media',27,'msnbot-media/',''),(26,0,'NG-Search [Bot]',28,'NG-Search/',''),(27,0,'Nutch [Bot]',29,'http://lucene.apache.org/nutch/',''),(28,0,'Nutch/CVS [Bot]',30,'NutchCVS/',''),(29,0,'OmniExplorer [Bot]',31,'OmniExplorer_Bot/',''),(30,0,'Online link [Validator]',32,'online link validator',''),(31,0,'psbot [Picsearch]',33,'psbot/0',''),(32,0,'Seekport [Bot]',34,'Seekbot/',''),(33,0,'Sensis [Crawler]',35,'Sensis Web Crawler',''),(34,0,'SEO Crawler',36,'SEO search Crawler/',''),(35,0,'Seoma [Crawler]',37,'Seoma [SEO Crawler]',''),(36,0,'SEOSearch [Crawler]',38,'SEOsearch/',''),(37,0,'Snappy [Bot]',39,'Snappy/1.1 ( http://www.urltrends.com/ )',''),(38,0,'Steeler [Crawler]',40,'http://www.tkl.iis.u-tokyo.ac.jp/~crawler/',''),(39,0,'Synoo [Bot]',41,'SynooBot/',''),(40,0,'Telekom [Bot]',42,'crawleradmin.t-info@telekom.de',''),(41,0,'TurnitinBot [Bot]',43,'TurnitinBot/',''),(42,0,'Voyager [Bot]',44,'voyager/1.0',''),(43,0,'W3 [Sitesearch]',45,'W3 SiteSearch Crawler',''),(44,0,'W3C [Linkcheck]',46,'W3C-checklink/',''),(45,0,'W3C [Validator]',47,'W3C_*Validator',''),(46,0,'WiseNut [Bot]',48,'http://www.WISEnutbot.com',''),(47,0,'YaCy [Bot]',49,'yacybot',''),(48,0,'Yahoo MMCrawler [Bot]',50,'Yahoo-MMCrawler/',''),(49,0,'Yahoo Slurp [Bot]',51,'Yahoo! DE Slurp',''),(50,0,'Yahoo [Bot]',52,'Yahoo! Slurp',''),(51,0,'YahooSeeker [Bot]',53,'YahooSeeker/','');

--
-- Table structure for table `ey2n4tv0a6_config`
--

CREATE TABLE `ey2n4tv0a6_config` (
  `config_name` varchar(255) COLLATE utf8_bin NOT NULL DEFAULT '',
  `config_value` varchar(255) COLLATE utf8_bin NOT NULL DEFAULT '',
  `is_dynamic` tinyint(1) unsigned NOT NULL DEFAULT '0',
  PRIMARY KEY (`config_name`),
  KEY `is_dynamic` (`is_dynamic`)
) ENGINE=InnoDB DEFAULT CHARSET=utf8 COLLATE=utf8_bin;

--
-- Dumping data for table `ey2n4tv0a6_config`
--

INSERT INTO `ey2n4tv0a6_config` VALUES ('active_sessions','0',0),('allow_attachments','1',0),('allow_autologin','1',0),('allow_avatar','1',0),('allow_avatar_local','0',0),('allow_avatar_remote','0',0),('allow_avatar_remote_upload','0',0),('allow_avatar_upload','1',0),('allow_bbcode','1',0),('allow_birthdays','1',0),('allow_bookmarks','1',0),('allow_emailreuse','0',0),('allow_forum_notify','1',0),('allow_mass_pm','1',0),('allow_name_chars','USERNAME_CHARS_ANY',0),('allow_namechange','0',0),('allow_nocensors','0',0),('allow_pm_attach','0',0),('allow_pm_report','1',0),('allow_post_flash','1',0),('allow_post_links','1',0),('allow_privmsg','1',0),('allow_quick_reply','1',0),('allow_sig','1',0),('allow_sig_bbcode','1',0),('allow_sig_flash','0',0),('allow_sig_img','1',0),('allow_sig_links','1',0),('allow_sig_pm','1',0),('allow_sig_smilies','1',0),('allow_smilies','1',0),('allow_topic_notify','1',0),('attachment_quota','52428800',0),('auth_bbcode_pm','1',0),('auth_flash_pm','0',0),('auth_img_pm','1',0),('auth_method','db',0),('auth_smilies_pm','1',0),('avatar_filesize','6144',0),('avatar_gallery_path','images/avatars/gallery',0),('avatar_max_height','90',0),('avatar_max_width','90',0),('avatar_min_height','20',0),('avatar_min_width','20',0),('avatar_path','images/avatars/upload',0),('avatar_salt','a9da272f30b9585ce3809bcac0cafc9a',0),('board_contact','msvorinich@yahoo.com',0),('board_disable','0',0),('board_disable_msg','',0),('board_dst','0',0),('board_email','msvorinich@yahoo.com',0),('board_email_form','0',0),('board_email_sig','Thanks, The Management',0),('board_hide_emails','1',0),('board_startdate','1347605429',0),('board_timezone','-5',0),('browser_check','0',0),('bump_interval','10',0),('bump_type','d',0),('cache_gc','7200',0),('cache_last_gc','1385423104',1),('captcha_gd','0',0),('captcha_gd_3d_noise','1',0),('captcha_gd_fonts','1',0),('captcha_gd_foreground_noise','0',0),('captcha_gd_wave','1',0),('captcha_gd_x_grid','75',0),('captcha_gd_y_grid','50',0),('captcha_plugin','phpbb_captcha_gd_wave',0),('check_attachment_content','1',0),('check_dnsbl','0',0),('chg_passforce','0',0),('confirm_refresh','',0),('cookie_domain','atheistridersofamerica.com',0),('cookie_name','phpbb3_1yv7x',0),('cookie_path','/',0),('cookie_secure','0',0),('coppa_enable','0',0),('coppa_fax','',0),('coppa_mail','',0),('cron_lock','0',1),('database_gc','604800',0),('database_last_gc','1384849761',1),('dbms_version','5.1.71-log',0),('default_dateformat','D M d, Y g:i a',0),('default_lang','en_us',0),('default_style','1',0),('delete_time','0',0),('display_last_edited','1',0),('display_order','0',0),('edit_time','0',0),('email_check_mx','1',0),('email_enable','1',0),('email_function_name','mail',0),('email_max_chunk_size','50',0),('email_package_size','20',0),('enable_confirm','1',0),('enable_pm_icons','1',0),('enable_post_confirm','1',0),('feed_enable','1',0),('feed_forum','1',0),('feed_http_auth','0',0),('feed_item_statistics','1',0),('feed_limit_post','15',0),('feed_limit_topic','10',0),('feed_overall','1',0),('feed_overall_forums','0',0),('feed_topic','1',0),('feed_topics_active','0',0),('feed_topics_new','1',0),('flood_interval','15',0),('force_server_vars','0',0),('form_token_lifetime','7200',0),('form_token_mintime','0',0),('form_token_sid_guests','1',0),('forward_pm','1',0),('forwarded_for_check','0',0),('full_folder_action','2',0),('fulltext_mysql_max_word_len','254',0),('fulltext_mysql_min_word_len','4',0),('fulltext_native_common_thres','5',0),('fulltext_native_load_upd','1',0),('fulltext_native_max_chars','14',0),('fulltext_native_min_chars','3',0),('gzip_compress','0',0),('hot_threshold','25',0),('icons_path','images/icons',0),('img_create_thumbnail','0',0),('img_display_inlined','1',0),('img_imagick','',0),('img_link_height','0',0),('img_link_width','0',0),('img_max_height','0',0),('img_max_thumb_width','400',0),('img_max_width','0',0),('img_min_thumb_filesize','12000',0),('ip_check','0',0),('ip_login_limit_max','50',0),('ip_login_limit_time','21600',0),('ip_login_limit_use_forwarded','0',0),('jab_enable','0',0),('jab_host','',0),('jab_package_size','20',0),('jab_password','',0),('jab_port','5222',0),('jab_use_ssl','0',0),('jab_username','',0),('last_queue_run','0',1),('ldap_base_dn','',0),('ldap_email','',0),('ldap_password','',0),('ldap_port','',0),('ldap_server','',0),('ldap_uid','',0),('ldap_user','',0),('ldap_user_filter','',0),('limit_load','0',0),('limit_search_load','0',0),('load_anon_lastread','0',0),('load_birthdays','1',0),('load_cpf_memberlist','0',0),('load_cpf_viewprofile','1',0),('load_cpf_viewtopic','0',0),('load_db_lastread','1',0),('load_db_track','1',0),('load_jumpbox','1',0),('load_moderators','1',0),('load_online','1',0),('load_online_guests','1',0),('load_online_time','5',0),('load_onlinetrack','1',0),('load_search','1',0),('load_tplcompile','0',0),('load_unreads_search','1',0),('load_user_activity','1',0),('max_attachments','3',0),('max_attachments_pm','1',0),('max_autologin_time','0',0),('max_filesize','262144',0),('max_filesize_pm','262144',0),('max_login_attempts','1',0),('max_name_chars','20',0),('max_num_search_keywords','10',0),('max_pass_chars','100',0),('max_poll_options','10',0),('max_post_chars','60000',0),('max_post_font_size','200',0),('max_post_img_height','0',0),('max_post_img_width','0',0),('max_post_smilies','0',0),('max_post_urls','0',0),('max_quote_depth','3',0),('max_reg_attempts','1',0),('max_sig_chars','255',0),('max_sig_font_size','200',0),('max_sig_img_height','0',0),('max_sig_img_width','0',0),('max_sig_smilies','0',0),('max_sig_urls','5',0),('mime_triggers','body|head|html|img|plaintext|a href|pre|script|table|title',0),('min_name_chars','3',0),('min_pass_chars','6',0),('min_post_chars','1',0),('min_search_author_chars','3',0),('new_member_group_default','0',0),('new_member_post_limit','3',0),('newest_user_colour','AA0000',1),('newest_user_id','2',1),('newest_username','OverKill',1),('num_files','1',1),('num_posts','3',1),('num_topics','1',1),('num_users','1',1),('override_user_style','0',0),('pass_complex','PASS_TYPE_ANY',0),('pm_edit_time','0',0),('pm_max_boxes','4',0),('pm_max_msgs','50',0),('pm_max_recipients','0',0),('posts_per_page','10',0),('print_pm','1',0),('questionnaire_unique_id','0c0bf26415ccd78a',0),('queue_interval','60',0),('rand_seed','1158d4150f8cde36ab13ee4116f81c02',1),('rand_seed_last_update','1385426127',1),('ranks_path','images/ranks',0),('record_online_date','1384804158',1),('record_online_users','66',1),('referer_validation','1',0),('require_activation','2',0),('script_path','.',0),('search_anonymous_interval','0',0),('search_block_size','250',0),('search_gc','7200',0),('search_indexing_state','',1),('search_interval','0',0),('search_last_gc','1385423683',1),('search_store_results','1800',0),('search_type','fulltext_native',0),('secure_allow_deny','1',0),('secure_allow_empty_referer','1',0),('secure_downloads','0',0),('server_name','atheistridersofamerica.com',0),('server_port','',0),('server_protocol','http://',0),('session_gc','3600',0),('session_last_gc','1385423695',1),('session_length','3600',0),('site_desc','Motorcycle Riders',0),('sitename','Atheist Riders of America',0),('smilies_path','images/smilies',0),('smilies_per_page','50',0),('smtp_auth_method','PLAIN',0),('smtp_delivery','0',0),('smtp_host','',0),('smtp_password','',0),('smtp_port','25',0),('smtp_username','',0),('topics_per_page','25',0),('tpl_allow_php','0',0),('upload_dir_size','28708',1),('upload_icons_path','images/upload_icons',0),('upload_path','files',0),('version','3.0.11',0),('warnings_expire_days','90',0),('warnings_gc','14400',0),('warnings_last_gc','1385423670',1);

--
-- Table structure for table `ey2n4tv0a6_confirm`
--

CREATE TABLE `ey2n4tv0a6_confirm` (
  `confirm_id` char(32) COLLATE utf8_bin NOT NULL DEFAULT '',
  `session_id` char(32) COLLATE utf8_bin NOT NULL DEFAULT '',
  `confirm_type` tinyint(3) NOT NULL DEFAULT '0',
  `code` varchar(8) COLLATE utf8_bin NOT NULL DEFAULT '',
  `seed` int(10) unsigned NOT NULL DEFAULT '0',
  `attempts` mediumint(8) unsigned NOT NULL DEFAULT '0',
  PRIMARY KEY (`session_id`,`confirm_id`),
  KEY `confirm_type` (`confirm_type`)
) ENGINE=InnoDB DEFAULT CHARSET=utf8 COLLATE=utf8_bin;

--
-- Dumping data for table `ey2n4tv0a6_confirm`
--

INSERT INTO `ey2n4tv0a6_confirm` VALUES ('96c402e627ec115ec3d16fbf280f059d','',2,'5173',1831894667,0),('b0aaedc33fe9969c9624daa64e96c444','',2,'13MHDZ',1102974452,0),('db2e2aec3ede907c21ddf2f76b86a449','',2,'ATFFD5',772677980,0),('ddc89f399ad4e92190d45f264c687d22','',2,'2AUS',1129222266,0),('df5f7481ac82148f07f5320954f9bf63','',2,'7JV9B',388577575,0),('91d13d1356d23e25e09314b80989d287','0d97f0947584e5cfc8d0e2bd7021c5ff',1,'496T',1296007052,8),('63ebd77e51d15601fbc680fd62ff8ea5','0f53fbd6ed82a7696b5430d7434eb533',1,'2LN8',63279580,14),('385264efae841cb4784b2a9deee38f76','138804cb444c93d94d0091a8aca54b18',1,'1UNCZDK',1895581193,6),('daf97a1acd3ba809e9679ac86a5ba8db','138804cb444c93d94d0091a8aca54b18',3,'3G3K3L',399104575,0),('d0d59e11c55f36c98f6e939952c7e5e6','1750a0df7953a901d56dae1a3297f53a',1,'5HRBQH',123874830,0),('cac9036a1c9ba1ebb53869771cf9acb0','234a2398df6eeea45f64e6659f76b14f',1,'4H3KRPA',1217459581,10),('6525fd9325ea86f8fd3173ff689e67bf','251b1e3aa99ecdc73836656272387a9e',1,'5KHWV',951938253,2),('362f197adb3ae7d8bccbb2252f387c81','395894d20ed1df9b965f170c5cc2fce3',1,'3UK1',867886337,8),('0f9bbf884d17b3f8b8dd3190c802343c','3c9329608f6d6900fe753413929e42ab',1,'53QCHG',1923221192,0),('1a793affe347e7cc6119ae2f25b2fa4a','3c9329608f6d6900fe753413929e42ab',1,'2LHQ626',997045052,0),('44c49b5652c4b00d015cc44e04146189','3c9329608f6d6900fe753413929e42ab',1,'46QI7',804945952,0),('5713a987453cb81c195bfb2a1f5d3dbd','3c9329608f6d6900fe753413929e42ab',1,'1XC28',1578504928,0),('69815a437b20572aa8d3dd13bbba955c','3c9329608f6d6900fe753413929e42ab',1,'7A6S',1269208854,0),('7fa09c4ecc1e39b494f0e146629f31df','3c9329608f6d6900fe753413929e42ab',1,'S5LZ5V',292735179,0),('9bae31b514aa02b034fc3b75e6696efa','3c9329608f6d6900fe753413929e42ab',1,'5PXR',160383847,0),('e1855d02f90975e4c31606c14737dae6','3c9329608f6d6900fe753413929e42ab',1,'6ITTK8S',570190272,0),('636a92bd8652550ca092acec1e8f6115','6587b39334bb0a612d530f2580f3bef4',1,'N62S6',1243703224,0),('b2d390dbd6f76ded383d5d25dd4a4146','6587b39334bb0a612d530f2580f3bef4',3,'5WPYI',2119754302,0),('3ec3a9475c0d1979cb9fefdcdbc252ab','798aed5735fb587de29ba9e6a21b7ce8',1,'1JSLJ',1262171028,2),('d1d98106d1b98256e378d93ade80214f','86a1465eb24ebf938f7871fd96116df4',1,'6AEA9Q',1395771990,0),('42cf1aafea494ab552959789b5015192','872db40f4c5acaa9a3f3a4a8a574827c',1,'5FA43JP',1491947202,0),('4a23c054c10902118eecd2c4752f3e96','9dda075d67b8379dabd96ac94c6b183d',1,'3333X',1767942342,4),('6196e59c6c94995a09ddba97e5715e42','a522078f716e4eee32fb3f2e8fa4fa96',1,'HDTIH1',1623000635,0),('4b3331a7978fedc94f6595b31122d098','ba387ca31c456369f0537fb0ddef5875',1,'6WCB',646579114,16),('4afc4bc5b9585a1bb046fdff2cb69f73','c27fe547052c1e5fc5463634fd82f3b6',1,'36LLJB1',435520516,2),('2547f7b3864ba1e05d408a8e9b3abe8f','c42dc65a5e04d15c1ce6c171ef8f48f2',1,'25A3X',361839233,4),('5cc2a93ff9ac4da8720fa0aa6d937170','f1e072a6d690d1fd3f5904b827b8c918',1,'42QDR',2062708030,2),('344faec1ec2a478fc16d821642f1c00a','f9de1a91f88cdc7cf169778ca3547b65',1,'4BV3',883097811,0);

--
-- Table structure for table `ey2n4tv0a6_disallow`
--

CREATE TABLE `ey2n4tv0a6_disallow` (
  `disallow_id` mediumint(8) unsigned NOT NULL AUTO_INCREMENT,
  `disallow_username` varchar(255) COLLATE utf8_bin NOT NULL DEFAULT '',
  PRIMARY KEY (`disallow_id`)
) ENGINE=InnoDB DEFAULT CHARSET=utf8 COLLATE=utf8_bin;

--
-- Dumping data for table `ey2n4tv0a6_disallow`
--


--
-- Table structure for table `ey2n4tv0a6_drafts`
--

CREATE TABLE `ey2n4tv0a6_drafts` (
  `draft_id` mediumint(8) unsigned NOT NULL AUTO_INCREMENT,
  `user_id` mediumint(8) unsigned NOT NULL DEFAULT '0',
  `topic_id` mediumint(8) unsigned NOT NULL DEFAULT '0',
  `forum_id` mediumint(8) unsigned NOT NULL DEFAULT '0',
  `save_time` int(11) unsigned NOT NULL DEFAULT '0',
  `draft_subject` varchar(255) COLLATE utf8_bin NOT NULL DEFAULT '',
  `draft_message` mediumtext COLLATE utf8_bin NOT NULL,
  PRIMARY KEY (`draft_id`),
  KEY `save_time` (`save_time`)
) ENGINE=InnoDB DEFAULT CHARSET=utf8 COLLATE=utf8_bin;

--
-- Dumping data for table `ey2n4tv0a6_drafts`
--


--
-- Table structure for table `ey2n4tv0a6_extension_groups`
--

CREATE TABLE `ey2n4tv0a6_extension_groups` (
  `group_id` mediumint(8) unsigned NOT NULL AUTO_INCREMENT,
  `group_name` varchar(255) COLLATE utf8_bin NOT NULL DEFAULT '',
  `cat_id` tinyint(2) NOT NULL DEFAULT '0',
  `allow_group` tinyint(1) unsigned NOT NULL DEFAULT '0',
  `download_mode` tinyint(1) unsigned NOT NULL DEFAULT '1',
  `upload_icon` varchar(255) COLLATE utf8_bin NOT NULL DEFAULT '',
  `max_filesize` int(20) unsigned NOT NULL DEFAULT '0',
  `allowed_forums` text COLLATE utf8_bin NOT NULL,
  `allow_in_pm` tinyint(1) unsigned NOT NULL DEFAULT '0',
  PRIMARY KEY (`group_id`)
) ENGINE=InnoDB AUTO_INCREMENT=10 DEFAULT CHARSET=utf8 COLLATE=utf8_bin;

--
-- Dumping data for table `ey2n4tv0a6_extension_groups`
--

INSERT INTO `ey2n4tv0a6_extension_groups` VALUES (1,'IMAGES',1,1,1,'',0,'',0),(2,'ARCHIVES',0,1,1,'',0,'',0),(3,'PLAIN_TEXT',0,0,1,'',0,'',0),(4,'DOCUMENTS',0,0,1,'',0,'',0),(5,'REAL_MEDIA',3,0,1,'',0,'',0),(6,'WINDOWS_MEDIA',2,0,1,'',0,'',0),(7,'FLASH_FILES',5,0,1,'',0,'',0),(8,'QUICKTIME_MEDIA',6,0,1,'',0,'',0),(9,'DOWNLOADABLE_FILES',0,0,1,'',0,'',0);

--
-- Table structure for table `ey2n4tv0a6_extensions`
--

CREATE TABLE `ey2n4tv0a6_extensions` (
  `extension_id` mediumint(8) unsigned NOT NULL AUTO_INCREMENT,
  `group_id` mediumint(8) unsigned NOT NULL DEFAULT '0',
  `extension` varchar(100) COLLATE utf8_bin NOT NULL DEFAULT '',
  PRIMARY KEY (`extension_id`)
) ENGINE=InnoDB AUTO_INCREMENT=67 DEFAULT CHARSET=utf8 COLLATE=utf8_bin;

--
-- Dumping data for table `ey2n4tv0a6_extensions`
--

INSERT INTO `ey2n4tv0a6_extensions` VALUES (1,1,'gif'),(2,1,'png'),(3,1,'jpeg'),(4,1,'jpg'),(5,1,'tif'),(6,1,'tiff'),(7,1,'tga'),(8,2,'gtar'),(9,2,'gz'),(10,2,'tar'),(11,2,'zip'),(12,2,'rar'),(13,2,'ace'),(14,2,'torrent'),(15,2,'tgz'),(16,2,'bz2'),(17,2,'7z'),(18,3,'txt'),(19,3,'c'),(20,3,'h'),(21,3,'cpp'),(22,3,'hpp'),(23,3,'diz'),(24,3,'csv'),(25,3,'ini'),(26,3,'log'),(27,3,'js'),(28,3,'xml'),(29,4,'xls'),(30,4,'xlsx'),(31,4,'xlsm'),(32,4,'xlsb'),(33,4,'doc'),(34,4,'docx'),(35,4,'docm'),(36,4,'dot'),(37,4,'dotx'),(38,4,'dotm'),(39,4,'pdf'),(40,4,'ai'),(41,4,'ps'),(42,4,'ppt'),(43,4,'pptx'),(44,4,'pptm'),(45,4,'odg'),(46,4,'odp'),(47,4,'ods'),(48,4,'odt'),(49,4,'rtf'),(50,5,'rm'),(51,5,'ram'),(52,6,'wma'),(53,6,'wmv'),(54,7,'swf'),(55,8,'mov'),(56,8,'m4v'),(57,8,'m4a'),(58,8,'mp4'),(59,8,'3gp'),(60,8,'3g2'),(61,8,'qt'),(62,9,'mpeg'),(63,9,'mpg'),(64,9,'mp3'),(65,9,'ogg'),(66,9,'ogm');

--
-- Table structure for table `ey2n4tv0a6_forums`
--

CREATE TABLE `ey2n4tv0a6_forums` (
  `forum_id` mediumint(8) unsigned NOT NULL AUTO_INCREMENT,
  `parent_id` mediumint(8) unsigned NOT NULL DEFAULT '0',
  `left_id` mediumint(8) unsigned NOT NULL DEFAULT '0',
  `right_id` mediumint(8) unsigned NOT NULL DEFAULT '0',
  `forum_parents` mediumtext COLLATE utf8_bin NOT NULL,
  `forum_name` varchar(255) COLLATE utf8_bin NOT NULL DEFAULT '',
  `forum_desc` text COLLATE utf8_bin NOT NULL,
  `forum_desc_bitfield` varchar(255) COLLATE utf8_bin NOT NULL DEFAULT '',
  `forum_desc_options` int(11) unsigned NOT NULL DEFAULT '7',
  `forum_desc_uid` varchar(8) COLLATE utf8_bin NOT NULL DEFAULT '',
  `forum_link` varchar(255) COLLATE utf8_bin NOT NULL DEFAULT '',
  `forum_password` varchar(40) COLLATE utf8_bin NOT NULL DEFAULT '',
  `forum_style` mediumint(8) unsigned NOT NULL DEFAULT '0',
  `forum_image` varchar(255) COLLATE utf8_bin NOT NULL DEFAULT '',
  `forum_rules` text COLLATE utf8_bin NOT NULL,
  `forum_rules_link` varchar(255) COLLATE utf8_bin NOT NULL DEFAULT '',
  `forum_rules_bitfield` varchar(255) COLLATE utf8_bin NOT NULL DEFAULT '',
  `forum_rules_options` int(11) unsigned NOT NULL DEFAULT '7',
  `forum_rules_uid` varchar(8) COLLATE utf8_bin NOT NULL DEFAULT '',
  `forum_topics_per_page` tinyint(4) NOT NULL DEFAULT '0',
  `forum_type` tinyint(4) NOT NULL DEFAULT '0',
  `forum_status` tinyint(4) NOT NULL DEFAULT '0',
  `forum_posts` mediumint(8) unsigned NOT NULL DEFAULT '0',
  `forum_topics` mediumint(8) unsigned NOT NULL DEFAULT '0',
  `forum_topics_real` mediumint(8) unsigned NOT NULL DEFAULT '0',
  `forum_last_post_id` mediumint(8) unsigned NOT NULL DEFAULT '0',
  `forum_last_poster_id` mediumint(8) unsigned NOT NULL DEFAULT '0',
  `forum_last_post_subject` varchar(255) COLLATE utf8_bin NOT NULL DEFAULT '',
  `forum_last_post_time` int(11) unsigned NOT NULL DEFAULT '0',
  `forum_last_poster_name` varchar(255) COLLATE utf8_bin NOT NULL DEFAULT '',
  `forum_last_poster_colour` varchar(6) COLLATE utf8_bin NOT NULL DEFAULT '',
  `forum_flags` tinyint(4) NOT NULL DEFAULT '32',
  `forum_options` int(20) unsigned NOT NULL DEFAULT '0',
  `display_subforum_list` tinyint(1) unsigned NOT NULL DEFAULT '1',
  `display_on_index` tinyint(1) unsigned NOT NULL DEFAULT '1',
  `enable_indexing` tinyint(1) unsigned NOT NULL DEFAULT '1',
  `enable_icons` tinyint(1) unsigned NOT NULL DEFAULT '1',
  `enable_prune` tinyint(1) unsigned NOT NULL DEFAULT '0',
  `prune_next` int(11) unsigned NOT NULL DEFAULT '0',
  `prune_days` mediumint(8) unsigned NOT NULL DEFAULT '0',
  `prune_viewed` mediumint(8) unsigned NOT NULL DEFAULT '0',
  `prune_freq` mediumint(8) unsigned NOT NULL DEFAULT '0',
  PRIMARY KEY (`forum_id`),
  KEY `left_right_id` (`left_id`,`right_id`),
  KEY `forum_lastpost_id` (`forum_last_post_id`)
) ENGINE=InnoDB AUTO_INCREMENT=3 DEFAULT CHARSET=utf8 COLLATE=utf8_bin;

--
-- Dumping data for table `ey2n4tv0a6_forums`
--

INSERT INTO `ey2n4tv0a6_forums` VALUES (1,0,1,2,'','Message Board','','',7,'','','',1,'','','','',7,'',0,0,0,1,1,1,1,2,'',1347605429,'OverKill','AA0000',32,0,1,1,1,1,0,0,0,0,0),(2,0,3,4,'','Atheist Riders General Chat','Description of your first forum.','',7,'','','',0,'','','','',7,'',0,1,0,3,1,1,3,2,'Re: Fuck You, you ching-chong mother fucker!',1384202977,'OverKill','AA0000',48,0,1,1,1,1,0,0,0,0,0);

--
-- Table structure for table `ey2n4tv0a6_forums_access`
--

CREATE TABLE `ey2n4tv0a6_forums_access` (
  `forum_id` mediumint(8) unsigned NOT NULL DEFAULT '0',
  `user_id` mediumint(8) unsigned NOT NULL DEFAULT '0',
  `session_id` char(32) COLLATE utf8_bin NOT NULL DEFAULT '',
  PRIMARY KEY (`forum_id`,`user_id`,`session_id`)
) ENGINE=InnoDB DEFAULT CHARSET=utf8 COLLATE=utf8_bin;

--
-- Dumping data for table `ey2n4tv0a6_forums_access`
--


--
-- Table structure for table `ey2n4tv0a6_forums_track`
--

CREATE TABLE `ey2n4tv0a6_forums_track` (
  `user_id` mediumint(8) unsigned NOT NULL DEFAULT '0',
  `forum_id` mediumint(8) unsigned NOT NULL DEFAULT '0',
  `mark_time` int(11) unsigned NOT NULL DEFAULT '0',
  PRIMARY KEY (`user_id`,`forum_id`)
) ENGINE=InnoDB DEFAULT CHARSET=utf8 COLLATE=utf8_bin;

--
-- Dumping data for table `ey2n4tv0a6_forums_track`
--

INSERT INTO `ey2n4tv0a6_forums_track` VALUES (2,2,1384202977);

--
-- Table structure for table `ey2n4tv0a6_forums_watch`
--

CREATE TABLE `ey2n4tv0a6_forums_watch` (
  `forum_id` mediumint(8) unsigned NOT NULL DEFAULT '0',
  `user_id` mediumint(8) unsigned NOT NULL DEFAULT '0',
  `notify_status` tinyint(1) unsigned NOT NULL DEFAULT '0',
  KEY `forum_id` (`forum_id`),
  KEY `user_id` (`user_id`),
  KEY `notify_stat` (`notify_status`)
) ENGINE=InnoDB DEFAULT CHARSET=utf8 COLLATE=utf8_bin;

--
-- Dumping data for table `ey2n4tv0a6_forums_watch`
--


--
-- Table structure for table `ey2n4tv0a6_groups`
--

CREATE TABLE `ey2n4tv0a6_groups` (
  `group_id` mediumint(8) unsigned NOT NULL AUTO_INCREMENT,
  `group_type` tinyint(4) NOT NULL DEFAULT '1',
  `group_founder_manage` tinyint(1) unsigned NOT NULL DEFAULT '0',
  `group_skip_auth` tinyint(1) unsigned NOT NULL DEFAULT '0',
  `group_name` varchar(255) COLLATE utf8_bin NOT NULL DEFAULT '',
  `group_desc` text COLLATE utf8_bin NOT NULL,
  `group_desc_bitfield` varchar(255) COLLATE utf8_bin NOT NULL DEFAULT '',
  `group_desc_options` int(11) unsigned NOT NULL DEFAULT '7',
  `group_desc_uid` varchar(8) COLLATE utf8_bin NOT NULL DEFAULT '',
  `group_display` tinyint(1) unsigned NOT NULL DEFAULT '0',
  `group_avatar` varchar(255) COLLATE utf8_bin NOT NULL DEFAULT '',
  `group_avatar_type` tinyint(2) NOT NULL DEFAULT '0',
  `group_avatar_width` smallint(4) unsigned NOT NULL DEFAULT '0',
  `group_avatar_height` smallint(4) unsigned NOT NULL DEFAULT '0',
  `group_rank` mediumint(8) unsigned NOT NULL DEFAULT '0',
  `group_colour` varchar(6) COLLATE utf8_bin NOT NULL DEFAULT '',
  `group_sig_chars` mediumint(8) unsigned NOT NULL DEFAULT '0',
  `group_receive_pm` tinyint(1) unsigned NOT NULL DEFAULT '0',
  `group_message_limit` mediumint(8) unsigned NOT NULL DEFAULT '0',
  `group_max_recipients` mediumint(8) unsigned NOT NULL DEFAULT '0',
  `group_legend` tinyint(1) unsigned NOT NULL DEFAULT '1',
  PRIMARY KEY (`group_id`),
  KEY `group_legend_name` (`group_legend`,`group_name`)
) ENGINE=InnoDB AUTO_INCREMENT=8 DEFAULT CHARSET=utf8 COLLATE=utf8_bin;

--
-- Dumping data for table `ey2n4tv0a6_groups`
--

INSERT INTO `ey2n4tv0a6_groups` VALUES (1,3,0,0,'GUESTS','','',7,'',0,'',0,0,0,0,'',0,0,0,5,0),(2,3,0,0,'REGISTERED','','',7,'',0,'',0,0,0,0,'',0,0,0,5,0),(3,3,0,0,'REGISTERED_COPPA','','',7,'',0,'',0,0,0,0,'',0,0,0,5,0),(4,3,0,0,'GLOBAL_MODERATORS','','',7,'',0,'',0,0,0,0,'00AA00',0,0,0,0,1),(5,3,1,0,'ADMINISTRATORS','','',7,'',0,'',0,0,0,0,'AA0000',0,0,0,0,1),(6,3,0,0,'BOTS','','',7,'',0,'',0,0,0,0,'9E8DA7',0,0,0,5,0),(7,3,0,0,'NEWLY_REGISTERED','','',7,'',0,'',0,0,0,0,'',0,0,0,5,0);

--
-- Table structure for table `ey2n4tv0a6_icons`
--

CREATE TABLE `ey2n4tv0a6_icons` (
  `icons_id` mediumint(8) unsigned NOT NULL AUTO_INCREMENT,
  `icons_url` varchar(255) COLLATE utf8_bin NOT NULL DEFAULT '',
  `icons_width` tinyint(4) NOT NULL DEFAULT '0',
  `icons_height` tinyint(4) NOT NULL DEFAULT '0',
  `icons_order` mediumint(8) unsigned NOT NULL DEFAULT '0',
  `display_on_posting` tinyint(1) unsigned NOT NULL DEFAULT '1',
  PRIMARY KEY (`icons_id`),
  KEY `display_on_posting` (`display_on_posting`)
) ENGINE=InnoDB AUTO_INCREMENT=11 DEFAULT CHARSET=utf8 COLLATE=utf8_bin;

--
-- Dumping data for table `ey2n4tv0a6_icons`
--

INSERT INTO `ey2n4tv0a6_icons` VALUES (1,'misc/fire.gif',16,16,1,1),(2,'smile/redface.gif',16,16,9,1),(3,'smile/mrgreen.gif',16,16,10,1),(4,'misc/heart.gif',16,16,4,1),(5,'misc/star.gif',16,16,2,1),(6,'misc/radioactive.gif',16,16,3,1),(7,'misc/thinking.gif',16,16,5,1),(8,'smile/info.gif',16,16,8,1),(9,'smile/question.gif',16,16,6,1),(10,'smile/alert.gif',16,16,7,1);

--
-- Table structure for table `ey2n4tv0a6_lang`
--

CREATE TABLE `ey2n4tv0a6_lang` (
  `lang_id` tinyint(4) NOT NULL AUTO_INCREMENT,
  `lang_iso` varchar(30) COLLATE utf8_bin NOT NULL DEFAULT '',
  `lang_dir` varchar(30) COLLATE utf8_bin NOT NULL DEFAULT '',
  `lang_english_name` varchar(100) COLLATE utf8_bin NOT NULL DEFAULT '',
  `lang_local_name` varchar(255) COLLATE utf8_bin NOT NULL DEFAULT '',
  `lang_author` varchar(255) COLLATE utf8_bin NOT NULL DEFAULT '',
  PRIMARY KEY (`lang_id`),
  KEY `lang_iso` (`lang_iso`)
) ENGINE=InnoDB AUTO_INCREMENT=9 DEFAULT CHARSET=utf8 COLLATE=utf8_bin;

--
-- Dumping data for table `ey2n4tv0a6_lang`
--

INSERT INTO `ey2n4tv0a6_lang` VALUES (1,'en','en','British English','British English','phpBB Group'),(2,'en_us','en_us','American English','American English','Ma�l Soucaze, sevenalive'),(3,'de','de','German (Casual Honorifics)','Deutsch (Du)','phpBB.de'),(4,'es_mx','es_mx','Mexican Spanish','Español Mexicano','nextgen &amp; Cisco007'),(5,'es_x_tu','es_x_tu','Spanish (Casual Honorifics)','Español (Tú)','HuanManwe'),(6,'fr','fr','French','Français','phpBB.fr'),(7,'it','it','Italian','Italiano','phpBB.it, phpBBItalia.net'),(8,'pl','pl','Polish','Polski','phpBB3.PL Group');

--
-- Table structure for table `ey2n4tv0a6_log`
--

CREATE TABLE `ey2n4tv0a6_log` (
  `log_id` mediumint(8) unsigned NOT NULL AUTO_INCREMENT,
  `log_type` tinyint(4) NOT NULL DEFAULT '0',
  `user_id` mediumint(8) unsigned NOT NULL DEFAULT '0',
  `forum_id` mediumint(8) unsigned NOT NULL DEFAULT '0',
  `topic_id` mediumint(8) unsigned NOT NULL DEFAULT '0',
  `reportee_id` mediumint(8) unsigned NOT NULL DEFAULT '0',
  `log_ip` varchar(40) COLLATE utf8_bin NOT NULL DEFAULT '',
  `log_time` int(11) unsigned NOT NULL DEFAULT '0',
  `log_operation` text COLLATE utf8_bin NOT NULL,
  `log_data` mediumtext COLLATE utf8_bin NOT NULL,
  PRIMARY KEY (`log_id`),
  KEY `log_type` (`log_type`),
  KEY `forum_id` (`forum_id`),
  KEY `topic_id` (`topic_id`),
  KEY `reportee_id` (`reportee_id`),
  KEY `user_id` (`user_id`)
) ENGINE=InnoDB AUTO_INCREMENT=302 DEFAULT CHARSET=utf8 COLLATE=utf8_bin;

--
-- Dumping data for table `ey2n4tv0a6_log`
--

INSERT INTO `ey2n4tv0a6_log` VALUES (283,0,2,0,0,0,'216.155.116.112',1385075065,'LOG_CLEAR_ADMIN',''),(284,0,2,0,0,0,'216.155.116.112',1385075111,'LOG_INACTIVE_DELETE','a:1:{i:0;s:38:\"seevaivaden, Hexqueeva, carpinteyrojeu\";}'),(285,0,2,0,0,0,'216.155.116.112',1385075206,'LOG_CLEAR_MOD',''),(286,0,2,0,0,0,'216.155.116.112',1385079181,'LOG_UNBAN_EMAIL','a:1:{i:0;s:386:\"*@shoeonlineblog.com, *@hotmail.com, *@gmail.com, *@gotmail.com, *@ymail.com, *@cmail.com, *@cmail.net, *@e-mail.com, *@sina.com, *@e-mail.org, *@cheaptomshoesoutlet.com, *@cmail.org, *@yourbusinesstips.biz, *@ymail.org, *@yahoo.co.uk, *@e-mail.net, *@gotmail.net, *@mail.ru, *@ymail.net, *@yandex.ru, *@gotmail.org, @mailwithyou.com, *@csuzetas.com, *@csuzetas.org, studioimage@126.com\";}'),(287,1,2,0,0,0,'216.155.116.112',1385079181,'LOG_UNBAN_EMAIL','a:1:{i:0;s:386:\"*@shoeonlineblog.com, *@hotmail.com, *@gmail.com, *@gotmail.com, *@ymail.com, *@cmail.com, *@cmail.net, *@e-mail.com, *@sina.com, *@e-mail.org, *@cheaptomshoesoutlet.com, *@cmail.org, *@yourbusinesstips.biz, *@ymail.org, *@yahoo.co.uk, *@e-mail.net, *@gotmail.net, *@mail.ru, *@ymail.net, *@yandex.ru, *@gotmail.org, @mailwithyou.com, *@csuzetas.com, *@csuzetas.org, studioimage@126.com\";}'),(288,0,2,0,0,0,'216.155.116.112',1385079214,'LOG_ADMIN_AUTH_SUCCESS',''),(289,0,2,0,0,0,'216.155.116.112',1385079381,'LOG_CONFIG_SECURITY',''),(290,0,2,0,0,0,'216.155.116.112',1385389155,'LOG_ADMIN_AUTH_SUCCESS',''),(291,2,1,0,0,0,'192.187.99.107',1385399406,'LOG_ERROR_EMAIL','a:1:{i:0;s:74:\"<strong>EMAIL/PHP/mail()</strong><br /><em>/ucp.php</em><br /><br /><br />\";}'),(292,0,2,0,0,0,'216.155.116.112',1385423198,'LOG_INACTIVE_DELETE','a:1:{i:0;s:312:\"carpinteyrorun, lenaminchenko, pleasutle, riteflalley, Fieseeclare, owt8hwbe2v5, OlgaElono, ujkalliy, tiantimrv, swatasill, asdfgt28t, michaeldzy, Abigaillki, carpinteyrouwv, Deborahmpk, zuiailanzihx, gb3hsv34, MewfleepCal, Texreasechame, Holealendahak, imparceSmeamy, mlyollmmke, andomnax, gosgomhk, ytv3xsge2r1\";}'),(293,0,2,0,0,0,'216.155.116.112',1385423216,'LOG_INACTIVE_DELETE','a:1:{i:0;s:713:\"Greascusa, ik4zwc, boodustiofs, rtgcrvyl, yI6zM0iC8j, Piorolvivania, SoffnaisaZH, borbethenue, mx5sut, carpinteyrofbg, hf1ixx, beatgofv, theornenave, carpinteyroque, cp7btd, FeatteImave, odopyLepNoise, Alugansk, ghiiftrd, neuronss, hjbSixyxzuez, Liasiunsels, Triewayirrini, Candanceufm, golmordsz, zlopnyaua, Fleefeoriep, twerysonrepsy, Aafowaeec, Saulkyuploale, lu0bdx, Deborahvwc, svv5klih4u7, biulaindutv, Eleanorefqu, rsbeqglh, tifvxhtk, knwnukfp, Jaissigmapype, nc6hpy, gh2yef, Anastasiauoa, pletcherrqv, LeopoldKudasof, ojectbsb, pletcherbxe, qs8eze82, zuiaiwanxivz, puk8oojl4v7, Aagotaken, qu2ijb67, nreuwdalwg4, excenseexexia, Cighdridgeker, lotteNadarema, ephemeree, facroeherrise, arramefly, dallwolfeds\";}'),(294,0,2,0,0,0,'216.155.116.112',1385423225,'LOG_INACTIVE_DELETE','a:1:{i:0;s:277:\"yj1gyi, fzrhgmcm, lxohebse, zhenghpv, Abigailygy, elecyBloora, andomniq, gosgolty, Korscoiq, Korscvvv, hssstyhj, Breendaszg, Infevawaw, jwnqdqmp, sweammosy, SmogueSow, grouthGog, mspbdheo, avaplyaccott, dreesxsopz, lqs5rqwy7f2, pletcherqwx, Appalffes, LordIpsum, carpinteyrokqi\";}'),(295,0,2,0,0,0,'74.208.134.21',1385423789,'LOG_ADMIN_AUTH_SUCCESS',''),(296,0,2,0,0,0,'216.155.116.112',1385424680,'LOG_CONFIG_VISUAL',''),(297,0,2,0,0,0,'216.155.116.112',1385424738,'LOG_BAN_IP','a:2:{i:0;s:29:\"IP banned via user management\";i:1;s:12:\"221.9.252.36\";}'),(298,1,2,0,0,0,'216.155.116.112',1385424738,'LOG_BAN_IP','a:2:{i:0;s:29:\"IP banned via user management\";i:1;s:12:\"221.9.252.36\";}'),(299,0,2,0,0,0,'216.155.116.112',1385424757,'LOG_USER_DELETED','a:1:{i:0;s:14:\"carpinteyroypr\";}'),(300,0,2,0,0,0,'216.155.116.112',1385425101,'LOG_DB_BACKUP',''),(301,0,2,0,0,0,'216.155.116.112',1385425149,'LOG_DB_BACKUP','');

--
-- Table structure for table `ey2n4tv0a6_login_attempts`
--

CREATE TABLE `ey2n4tv0a6_login_attempts` (
  `attempt_ip` varchar(40) COLLATE utf8_bin NOT NULL DEFAULT '',
  `attempt_browser` varchar(150) COLLATE utf8_bin NOT NULL DEFAULT '',
  `attempt_forwarded_for` varchar(255) COLLATE utf8_bin NOT NULL DEFAULT '',
  `attempt_time` int(11) unsigned NOT NULL DEFAULT '0',
  `user_id` mediumint(8) unsigned NOT NULL DEFAULT '0',
  `username` varchar(255) COLLATE utf8_bin NOT NULL DEFAULT '0',
  `username_clean` varchar(255) COLLATE utf8_bin NOT NULL DEFAULT '0',
  KEY `att_ip` (`attempt_ip`,`attempt_time`),
  KEY `att_for` (`attempt_forwarded_for`,`attempt_time`),
  KEY `att_time` (`attempt_time`),
  KEY `user_id` (`user_id`)
) ENGINE=InnoDB DEFAULT CHARSET=utf8 COLLATE=utf8_bin;

--
-- Dumping data for table `ey2n4tv0a6_login_attempts`
--

INSERT INTO `ey2n4tv0a6_login_attempts` VALUES ('222.87.129.29','Opera/9.80 (Windows NT 6.1; Win64; x64; Edition Yx) Presto/2.12.388 Version/12.11','',1385402259,0,'etsvyyjo','etsvyyjo'),('192.119.151.93','Mozilla/5.0 (Windows NT 6.1; WOW64; rv:17.0) Gecko/17.0 Firefox/17.0','',1385402281,0,'jackxNar','jackxnar'),('122.96.59.107','Mozilla/5.0 (Windows NT 6.2; WOW64) AppleWebKit/537.11 (KHTML, like Gecko) Chrome/23.0.1271.95 Safari/537.11','',1385402322,0,'etsvyyjo','etsvyyjo'),('142.54.184.142','Mozilla/5.0 (Windows NT 5.1) AppleWebKit/537.11 (KHTML, like Gecko) Chrome/23.0.1271.91 Safari/537.11','',1385402372,0,'jackxNar','jackxnar'),('27.159.200.5','Mozilla/5.0 (Windows NT 5.2; WOW64; rv:16.0) Gecko/20100101 Firefox/16.0','',1385402400,0,'carpinteyrorew','carpinteyrorew'),('219.150.204.30','Mozilla/5.0 (Windows NT 6.1) AppleWebKit/537.4 (KHTML, like Gecko) Chrome/22.0.1229.79 Safari/537.4 u01-09','',1385402825,0,'carpinteyromua','carpinteyromua'),('27.159.200.5','Mozilla/5.0 (Windows NT 6.1; rv:11.0) Gecko/20100101 Firefox/11.0','',1385402848,0,'Nickercpc','nickercpc'),('27.159.200.5','Mozilla/5.0 (Macintosh; Intel Mac OS X 10_7_5) AppleWebKit/536.26.17 (KHTML, like Gecko) Version/6.0.2 Safari/536.26.17','',1385403207,0,'carpinteyroahe','carpinteyroahe'),('27.159.200.5','Mozilla/5.0 (Windows NT 5.2; rv:16.0) Gecko/20100101 Firefox/16.0','',1385403707,0,'carpinteyrotfd','carpinteyrotfd'),('27.159.200.5','Mozilla/5.0 (X11; Ubuntu; Linux x86_64; rv:16.0) Gecko/20100101 Firefox/16.0','',1385403791,0,'carpinteyroodc','carpinteyroodc'),('27.159.200.5','Mozilla/5.0 (Windows NT 6.1) AppleWebKit/534.57.2 (KHTML, like Gecko) Version/5.1.7 Safari/534.57.2','',1385403792,0,'Nickercbv','nickercbv'),('27.159.200.5','Mozilla/4.0 (compatible; MSIE 7.0; Windows NT 5.1; Trident/4.0)','',1385403803,0,'Nickeropf','nickeropf'),('27.159.200.5','Mozilla/5.0 (Windows NT 6.0) AppleWebKit/537.1 (KHTML, like Gecko) Chrome/21.0.1180.89 Safari/537.1','',1385403817,0,'carpinteyrobsw','carpinteyrobsw'),('27.159.200.5','Mozilla/5.0 (Windows NT 5.2; rv:16.0) Gecko/20100101 Firefox/16.0','',1385403908,0,'Nickertkm','nickertkm'),('27.159.200.5','Mozilla/5.0 (Windows NT 6.1; rv:10.0.2) Gecko/20100101 Firefox/10.0.2','',1385403911,0,'Nickerojy','nickerojy'),('27.159.200.5','Mozilla/5.0 (Windows NT 5.1) AppleWebKit/535.2 (KHTML, like Gecko) Chrome/15.0.874.121 Safari/535.2','',1385403917,0,'Nickerpje','nickerpje'),('27.159.200.5','Mozilla/4.0 (compatible; MSIE 8.0; Windows NT 5.1; Trident/4.0; .NET CLR 1.1.4322; .NET CLR 2.0.50727; .NET CLR 3.0.4506.2152; .NET CLR 3.5.30729)','',1385404080,0,'carpinteyroboa','carpinteyroboa'),('27.159.200.5','Mozilla/5.0 (Windows NT 6.1; rv:13.0) Gecko/20100101 Firefox/13.0.1','',1385404100,0,'Nickerqxl','nickerqxl'),('27.159.200.5','Mozilla/5.0 (Windows NT 5.1; rv:13.0) Gecko/20100101 Firefox/13.0','',1385404101,0,'carpinteyrofpt','carpinteyrofpt'),('76.164.223.67','Opera/9.80 (Windows NT 6.2; WOW64; MRA 8.0 (build 5784)) Presto/2.12.388 Version/12.11','',1385404507,0,'plusiplinneli','plusiplinneli'),('27.159.200.5','Opera/9.80 (Windows NT 5.1; Edition Ukraine Local) Presto/2.12.388 Version/12.10','',1385404611,0,'Nickerkxt','nickerkxt'),('195.190.13.142','Opera/9.80 (Windows NT 6.1; U; Edition Next; ru) Presto/2.11.310 Version/12.50','',1385404643,0,'Georgiacmm','georgiacmm'),('27.159.200.5','Mozilla/5.0 (Windows NT 5.1; rv:11.0) Gecko/20100101 Firefox/11.0','',1385404657,0,'carpinteyroffo','carpinteyroffo'),('27.159.200.5','Mozilla/4.0 (compatible; MSIE 7.0; Windows NT 5.1; Trident/4.0)','',1385404658,0,'Nickerggb','nickerggb'),('27.159.200.5','Opera/9.80 (Windows NT 5.1; Edition Yx) Presto/2.12.388 Version/12.10','',1385404737,0,'carpinteyrouca','carpinteyrouca'),('27.159.200.5','Opera/9.80 (Windows NT 6.1; MRA 6.0 (build 5976)) Presto/2.12.388 Version/12.10','',1385404834,0,'Nickerymp','nickerymp'),('27.159.200.5','Mozilla/5.0 (Windows NT 6.1) AppleWebKit/535.19 (KHTML, like Gecko) Chrome/18.0.1025.1634 Safari/535.19 YE','',1385404855,0,'Nickerwsg','nickerwsg'),('27.159.200.5','Opera/9.80 (Windows NT 5.1) Presto/2.12.388 Version/12.11','',1385404856,0,'Nickerbkf','nickerbkf'),('27.159.200.5','Opera/9.80 (Windows NT 5.1) Presto/2.12.388 Version/12.11','',1385404950,0,'carpinteyrolqg','carpinteyrolqg'),('27.159.200.5','Opera/9.80 (Windows NT 5.1; U; ru) Presto/2.10.289 Version/12.00','',1385404952,0,'Nickertdd','nickertdd'),('27.159.200.5','Opera/9.80 (Windows NT 6.1; Win64; x64; Edition Yx) Presto/2.12.388 Version/12.10','',1385404955,0,'Nickeryzi','nickeryzi'),('27.159.200.5','Mozilla/5.0 (Windows NT 6.1; WOW64; rv:15.0) Gecko/20100101 Firefox/15.0.1','',1385405015,0,'Nickertvz','nickertvz'),('27.159.200.5','Opera/9.80 (Windows NT 6.1; U; YB/3.5.1; ru) Presto/2.6.30 Version/10.63','',1385405039,0,'carpinteyrocim','carpinteyrocim'),('27.159.200.5','Mozilla/5.0 (Windows NT 6.1) AppleWebKit/537.11 (KHTML, like Gecko) Chrome/23.0.1271.64 Safari/537.11','',1385405125,0,'Nickeryvj','nickeryvj'),('27.159.200.5','Opera/9.80 (Windows NT 6.2; WOW64; MRA 8.0 (build 5784)) Presto/2.12.388 Version/12.11','',1385405243,0,'Nickernkv','nickernkv'),('27.159.200.5','Mozilla/5.0 (Windows NT 6.1; WOW64; rv:12.0) Gecko/20100101 Firefox/12.0','',1385405387,0,'Nickercei','nickercei'),('27.159.200.5','Mozilla/5.0 (Windows NT 6.1; rv:9.0.1) Gecko/20100101 Firefox/9.0.1','',1385405410,0,'Nickercel','nickercel'),('27.159.200.5','Mozilla/5.0 (Windows NT 6.1) AppleWebKit/536.5 (KHTML, like Gecko) YaBrowser/1.1.1084.5409 Chrome/19.1.1084.5409 Safari/536.5','',1385405566,0,'Nickerohn','nickerohn'),('192.187.99.107','Mozilla/5.0 (Windows NT 6.1; WOW64) AppleWebKit/535.19 (KHTML, like Gecko) Chrome/18.0.1025.1634 Safari/535.19 YI','',1385405613,0,'gqdgttyy','gqdgttyy'),('27.159.200.5','Mozilla/5.0 (Windows NT 6.0; rv:16.0) Gecko/20100101 Firefox/16.0','',1385405649,0,'carpinteyrouau','carpinteyrouau'),('27.159.200.5','Mozilla/5.0 (Windows; U; Windows NT 5.1; en-US) AppleWebKit/534.16 (KHTML, like Gecko) Chrome/10.0.648.204 Safari/534.16','',1385405651,0,'Nickercsy','nickercsy'),('27.159.200.5','Mozilla/5.0 (Windows NT 6.1; WOW64) AppleWebKit/535.19 (KHTML, like Gecko) Chrome/18.0.1025.1634 Safari/535.19 YE','',1385405658,0,'Nickerfoh','nickerfoh'),('27.159.200.5','Mozilla/5.0 (Windows NT 6.1) AppleWebKit/537.11 (KHTML, like Gecko) Chrome/23.0.1271.95 Safari/537.11','',1385405745,0,'Nickervye','nickervye'),('27.159.200.5','Mozilla/5.0 (Macintosh; Intel Mac OS X 10_7_5) AppleWebKit/536.26.17 (KHTML, like Gecko) Version/6.0.2 Safari/536.26.17','',1385405844,0,'carpinteyrotdl','carpinteyrotdl'),('76.164.223.68','Mozilla/5.0 (Windows NT 5.1; rv:15.0) Gecko/20100101 Firefox/15.0.1','',1385406101,0,'Weiveatuisams','weiveatuisams'),('115.25.216.6','Mozilla/4.0 (compatible; MSIE 8.0; Windows NT 5.1; Trident/4.0; GTB7.4; MRA 6.0 (build 6005); User-agent: Mozilla/4.0 (compatible; MSIE 6.0; Windows','',1385406307,0,'carpinteyroeah','carpinteyroeah'),('27.159.200.5','Opera/9.80 (Windows NT 5.1; U; ru) Presto/2.10.289 Version/12.00','',1385406447,0,'carpinteyroolz','carpinteyroolz'),('27.159.200.5','Mozilla/5.0 (Windows NT 6.1; WOW64; rv:18.0) Gecko/20100101 Firefox/18.0','',1385406670,0,'Nickervck','nickervck'),('27.159.200.5','Mozilla/5.0 (Windows; U; Windows NT 6.1; ru; rv:1.9.2.28) Gecko/20120306 Firefox/3.6.28 sputnik 2.5.2.8','',1385406675,0,'Nickersdq','nickersdq'),('175.22.3.28','Opera/9.80 (Windows NT 5.1; U; ru) Presto/2.10.289 Version/12.02','',1385406860,0,'beatuaax','beatuaax'),('27.159.200.5','Mozilla/4.0 (compatible; MSIE 8.0; Windows NT 5.1; Trident/4.0; .NET CLR 2.0.50727; .NET CLR 3.0.4506.2152; .NET CLR 3.5.30729)','',1385406952,0,'carpinteyronsm','carpinteyronsm'),('27.159.200.5','Mozilla/5.0 (Windows NT 5.1; rv:7.0) Gecko/20100101 Firefox/7.0','',1385406976,0,'carpinteyroczx','carpinteyroczx'),('27.159.200.5','Opera/9.80 (Windows NT 6.1; WOW64; U; ru) Presto/2.10.289 Version/12.02','',1385407123,0,'carpinteyrojji','carpinteyrojji'),('27.159.200.5','Mozilla/5.0 (Windows NT 6.1; WOW64) AppleWebKit/537.4 (KHTML, like Gecko) Chrome/22.0.1229.92 Safari/537.4','',1385407203,0,'Nickerloo','nickerloo'),('27.159.200.5','Mozilla/5.0 (Windows; U; Windows NT 6.1; en-US; rv:1.9.2.22) Gecko/20110902 Firefox/3.6.22','',1385407218,0,'Nickerjii','nickerjii'),('27.159.200.5','Opera/9.80 (Windows NT 6.1; WOW64; MRA 8.0 (build 5880)) Presto/2.12.388 Version/12.11','',1385407219,0,'Nickerhak','nickerhak'),('27.159.200.5','Mozilla/4.0 (compatible; MSIE 8.0; Windows NT 5.1; Trident/4.0; .NET CLR 1.1.4322; .NET CLR 2.0.50727; .NET CLR 3.0.4506.2152; .NET CLR 3.5.30729)','',1385407328,0,'Nickerdvk','nickerdvk'),('27.159.200.5','Opera/9.80 (Windows NT 5.1; U; YB/3.5.1; ru) Presto/2.10.229 Version/11.64','',1385407333,0,'Nickeryut','nickeryut'),('27.159.200.5','Mozilla/5.0 (Windows NT 6.1; WOW64) AppleWebKit/537.4 (KHTML, like Gecko) Chrome/22.0.1229.94 Safari/537.4','',1385407354,0,'carpinteyropig','carpinteyropig'),('27.159.200.5','Opera/9.80 (Windows NT 6.1; Win64; x64) Presto/2.12.388 Version/12.10','',1385407407,0,'carpinteyrokex','carpinteyrokex'),('27.159.200.5','Mozilla/5.0 (Windows NT 6.1; WOW64; rv:9.0.1) Gecko/20100101 Firefox/9.0.1','',1385407569,0,'Nickerfts','nickerfts'),('27.159.200.5','Opera/9.80 (Windows NT 6.1; WOW64; Edition Yx) Presto/2.12.388 Version/12.10','',1385407629,0,'Nickerbne','nickerbne'),('27.159.200.5','Opera/9.80 (Windows NT 5.1; U; ru) Presto/2.10.289 Version/12.02','',1385407634,0,'carpinteyrodwc','carpinteyrodwc'),('27.159.200.5','Mozilla/5.0 (Windows NT 5.1) AppleWebKit/537.4 (KHTML, like Gecko) Chrome/22.0.1229.79 Safari/537.4','',1385407671,0,'carpinteyromgm','carpinteyromgm'),('27.159.200.5','Mozilla/5.0 (Windows NT 6.1; WOW64) AppleWebKit/535.19 (KHTML, like Gecko) Chrome/18.0.1025.1634 Safari/535.19 YE','',1385407674,0,'Nickerriu','nickerriu'),('27.159.200.5','Mozilla/5.0 (Windows NT 6.1; WOW64; rv:15.0) Gecko/20100101 Firefox/15.0.1','',1385407677,0,'Nickerxpl','nickerxpl'),('27.159.200.5','Mozilla/5.0 (Windows NT 5.1; rv:11.0) Gecko/20100101 Firefox/11.0','',1385407690,0,'carpinteyrognn','carpinteyrognn'),('27.159.200.5','Opera/9.80 (Windows NT 5.1; Edition Ukraine Local) Presto/2.12.388 Version/12.10','',1385407727,0,'carpinteyroavy','carpinteyroavy'),('27.159.200.5','Mozilla/5.0 (Windows NT 5.1) AppleWebKit/535.19 (KHTML, like Gecko) Chrome/18.0.1025.1634 Safari/535.19 YE','',1385408205,0,'carpinteyrosom','carpinteyrosom'),('27.159.200.5','Opera/9.80 (Windows NT 6.1; U; Edition Next; ru) Presto/2.11.310 Version/12.50','',1385408207,0,'carpinteyrocru','carpinteyrocru'),('27.159.200.5','Mozilla/5.0 (Windows NT 5.1; rv:15.0) Gecko/20100101 Firefox/15.0','',1385408267,0,'carpinteyrokus','carpinteyrokus'),('27.159.200.5','Mozilla/5.0 (Windows NT 6.1; WOW64; rv:17.0) Gecko/17.0 Firefox/17.0','',1385408373,0,'carpinteyroegq','carpinteyroegq'),('27.159.200.5','Opera/9.80 (Windows NT 6.0) Presto/2.12.388 Version/12.10','',1385408412,0,'carpinteyrolfb','carpinteyrolfb'),('27.159.200.5','Mozilla/5.0 (Windows NT 6.1) AppleWebKit/536.5 (KHTML, like Gecko) YaBrowser/1.1.1084.5409 Chrome/19.1.1084.5409 Safari/536.5','',1385408449,0,'Nickeryvm','nickeryvm'),('27.159.200.5','Mozilla/5.0 (Windows NT 6.1) AppleWebKit/535.11 (KHTML, like Gecko) Chrome/17.0.963.12 Safari/535.11','',1385408450,0,'Nickerpwu','nickerpwu'),('27.159.200.5','Mozilla/5.0 (Windows NT 6.1; WOW64; rv:12.0) Gecko/20100101 Firefox/12.0','',1385408452,0,'carpinteyroetm','carpinteyroetm'),('27.159.200.5','Mozilla/5.0 (Windows NT 6.1; rv:9.0.1) Gecko/20100101 Firefox/9.0.1','',1385408498,0,'carpinteyroigm','carpinteyroigm'),('27.159.200.5','Mozilla/5.0 (Windows NT 6.1; rv:17.0) Gecko/17.0 Firefox/17.0','',1385408657,0,'Nickerrgh','nickerrgh'),('192.187.99.107','Mozilla/5.0 (Windows NT 6.0; WOW64) AppleWebKit/537.11 (KHTML, like Gecko) Chrome/23.0.1271.64 Safari/537.11','',1385408706,0,'gcfhxhvf','gcfhxhvf'),('192.187.99.107','Opera/9.80 (Windows NT 6.1; WOW64; MRA 8.0 (build 5880)) Presto/2.12.388 Version/12.11','',1385408726,0,'kaknctyk','kaknctyk'),('27.159.200.5','Mozilla/5.0 (Windows NT 5.1) AppleWebKit/537.4 (KHTML, like Gecko) Chrome/22.0.1229.79 Safari/537.4','',1385408730,0,'carpinteyrorbg','carpinteyrorbg'),('192.187.99.107','Mozilla/5.0 (compatible; MSIE 9.0; Windows NT 6.1; WOW64; Trident/5.0)','',1385408775,0,'kflzwzrl','kflzwzrl'),('27.159.200.5','Mozilla/5.0 (Windows NT 5.1) AppleWebKit/537.11 (KHTML, like Gecko) Chrome/23.0.1271.64 Safari/537.11','',1385408806,0,'carpinteyrolar','carpinteyrolar'),('27.159.200.5','Mozilla/5.0 (Windows NT 6.2) AppleWebKit/537.11 (KHTML, like Gecko) Chrome/23.0.1271.95 Safari/537.11','',1385408807,0,'Nickerxqn','nickerxqn'),('27.159.200.5','Opera/9.80 (Windows NT 6.1; WOW64; MRA 8.0 (build 5880)) Presto/2.12.388 Version/12.11','',1385408832,0,'Nickeranb','nickeranb'),('192.187.99.107','Mozilla/5.0 (Macintosh; Intel Mac OS X 10_6_8) AppleWebKit/537.11 (KHTML, like Gecko) Chrome/23.0.1271.64 Safari/537.11','',1385408946,0,'czgplcry','czgplcry'),('27.159.200.5','Mozilla/5.0 (Windows NT 6.0; rv:16.0) Gecko/20100101 Firefox/16.0','',1385409086,0,'carpinteyropzd','carpinteyropzd'),('27.159.200.5','Mozilla/5.0 (Windows NT 6.1; WOW64) AppleWebKit/537.4 (KHTML, like Gecko) Chrome/22.0.1229.79 Safari/537.4','',1385409149,0,'Nickersqh','nickersqh'),('27.159.200.5','Mozilla/5.0 (Windows NT 5.1; rv:11.0) Gecko/20100101 Firefox/11.0','',1385409156,0,'Nickerehf','nickerehf'),('27.159.200.5','Mozilla/5.0 (Windows NT 6.1; rv:13.0) Gecko/20100101 Firefox/13.0.1','',1385409160,0,'Nickertjn','nickertjn'),('27.159.200.5','Mozilla/5.0 (compatible; MSIE 9.0; Windows NT 6.1; Trident/5.0)','',1385409183,0,'carpinteyrobem','carpinteyrobem'),('27.159.200.5','Mozilla/5.0 (Windows NT 5.2; rv:17.0) Gecko/20100101 Firefox/17.0','',1385409183,0,'carpinteyrowph','carpinteyrowph'),('27.159.200.5','Mozilla/5.0 (Windows NT 5.1) AppleWebKit/536.11 (KHTML, like Gecko) Chrome/20.0.1132.57 Safari/536.11','',1385409184,0,'carpinteyrocpp','carpinteyrocpp'),('61.147.82.87','Opera/9.80 (Windows NT 6.1; WOW64; U; ru) Presto/2.10.289 Version/12.00','',1385411662,0,'beatahxr','beatahxr'),('27.159.200.5','Opera/9.80 (Windows NT 6.1; U; Edition Yx; ru) Presto/2.10.289 Version/12.02','',1385411932,0,'carpinteyrotwq','carpinteyrotwq'),('27.159.200.5','Mozilla/5.0 (Windows NT 6.1; WOW64; rv:17.0) Gecko/17.0 Firefox/17.0','',1385411932,0,'Nickerulx','nickerulx'),('27.159.200.5','Opera/9.80 (Windows NT 6.1; Win64; x64) Presto/2.12.388 Version/12.10','',1385411936,0,'Nickereho','nickereho'),('27.159.200.5','Mozilla/5.0 (Windows NT 5.1; rv:7.0.1) Gecko/20100101 Firefox/7.0.1','',1385412010,0,'carpinteyrocda','carpinteyrocda'),('27.159.200.5','Mozilla/5.0 (Windows NT 6.0) AppleWebKit/537.11 (KHTML, like Gecko) Chrome/23.0.1271.95 Safari/537.11','',1385412030,0,'Nickeraek','nickeraek'),('27.159.200.5','Mozilla/5.0 (Windows NT 6.2; WOW64) AppleWebKit/537.11 (KHTML, like Gecko) Chrome/23.0.1271.95 Safari/537.11','',1385412112,0,'Nickerrom','nickerrom'),('27.159.200.5','Opera/9.80 (Windows NT 6.1; WOW64) Presto/2.12.388 Version/12.10','',1385412114,0,'Nickerfvu','nickerfvu'),('58.252.186.148','Mozilla/5.0 (Windows NT 6.1; WOW64; rv:18.0) Gecko/20100101 Firefox/18.0','',1385412116,0,'beatbeji','beatbeji'),('27.159.200.5','Mozilla/5.0 (Windows NT 5.1; rv:14.0) Gecko/20100101 Firefox/14.0.1','',1385412262,0,'Nickerytv','nickerytv'),('27.159.200.5','Opera/9.80 (Windows NT 6.1; U; Edition Yx; ru) Presto/2.10.289 Version/12.02','',1385412307,0,'carpinteyrofxh','carpinteyrofxh'),('222.178.10.242','Mozilla/5.0 (Windows NT 5.1) AppleWebKit/536.5 (KHTML, like Gecko) YaBrowser/1.1.1084.5409 Chrome/19.1.1084.5409 Safari/536.5','',1385412468,0,'beatiezs','beatiezs'),('27.159.200.5','Mozilla/5.0 (Windows NT 6.1; WOW64; rv:12.0) Gecko/20100101 Firefox/12.0','',1385412648,0,'carpinteyrosgt','carpinteyrosgt'),('218.78.215.203','Mozilla/5.0 (Windows NT 5.1; rv:17.0) Gecko/17.0 Firefox/17.0','',1385412688,0,'carpinteyrolbe','carpinteyrolbe'),('27.159.200.5','Mozilla/5.0 (Windows NT 6.1; WOW64; rv:18.0) Gecko/20100101 Firefox/18.0','',1385412805,0,'carpinteyrocby','carpinteyrocby'),('27.159.200.5','Mozilla/5.0 (Windows NT 6.1; WOW64; rv:18.0) Gecko/20100101 Firefox/18.0','',1385412808,0,'Nickerbdv','nickerbdv'),('27.159.200.5','Opera/9.80 (Windows NT 6.2; WOW64) Presto/2.12.388 Version/12.11','',1385412811,0,'Nickersvp','nickersvp'),('27.159.200.5','Mozilla/5.0 (Windows; U; Windows NT 6.1; en-US; rv:1.9.2.22) Gecko/20110902 Firefox/3.6.22','',1385412830,0,'Nickerymo','nickerymo'),('27.159.200.5','Mozilla/5.0 (Windows NT 5.1; rv:12.0) Gecko/20100101 Firefox/12.0','',1385412985,0,'carpinteyrohle','carpinteyrohle'),('27.159.200.5','Mozilla/5.0 (Windows NT 6.1; rv:15.0) Gecko/20100101 Firefox/15.0.1','',1385413101,0,'Nickertfm','nickertfm'),('27.159.200.5','Opera/9.80 (Windows NT 5.1) Presto/2.12.388 Version/12.10','',1385413138,0,'Nickerbbd','nickerbbd'),('27.159.200.5','Opera/9.80 (Windows NT 6.1; Win64; x64; Edition Yx) Presto/2.12.388 Version/12.10','',1385413150,0,'Nickerqin','nickerqin'),('27.159.200.5','Opera/9.80 (Windows NT 5.1; U; Edition Yx; ru) Presto/2.10.289 Version/12.02','',1385413341,0,'Nickerbqo','nickerbqo'),('27.159.200.5','Mozilla/5.0 (Windows NT 5.1) AppleWebKit/537.11 (KHTML, like Gecko) Chrome/23.0.1271.95 Safari/537.11','',1385413345,0,'Nickerrnh','nickerrnh'),('27.159.200.5','Opera/9.80 (Windows NT 5.1; Edition Yx) Presto/2.12.388 Version/12.11','',1385413734,0,'carpinteyrokip','carpinteyrokip'),('27.159.200.5','Mozilla/5.0 (Macintosh; Intel Mac OS X 10_8_2) AppleWebKit/537.11 (KHTML, like Gecko) Chrome/23.0.1271.95 Safari/537.11','',1385413734,0,'carpinteyrovbv','carpinteyrovbv'),('27.159.200.5','Mozilla/5.0 (Windows NT 6.1) AppleWebKit/534.57.2 (KHTML, like Gecko) Version/5.1.7 Safari/534.57.2','',1385413739,0,'Nickerjyk','nickerjyk'),('27.159.200.5','Mozilla/5.0 (Windows NT 5.1) AppleWebKit/535.19 (KHTML, like Gecko) Chrome/18.0.1025.1634 Safari/535.19 YE','',1385413847,0,'Nickeriog','nickeriog'),('27.159.200.5','Mozilla/5.0 (Windows; U; Windows NT 6.1; ru; rv:1.9.2.28) Gecko/20120306 Firefox/3.6.28 sputnik 2.5.2.8','',1385413847,0,'Nickerooi','nickerooi'),('27.159.200.5','Mozilla/5.0 (Windows NT 5.2; rv:17.0) Gecko/20100101 Firefox/17.0','',1385413876,0,'carpinteyroiif','carpinteyroiif'),('27.159.200.5','Opera/9.80 (Windows NT 5.1; Edition Yx) Presto/2.12.388 Version/12.10','',1385414082,0,'carpinteyroebv','carpinteyroebv'),('27.159.200.5','Mozilla/5.0 (Windows NT 5.2; rv:17.0) Gecko/20100101 Firefox/17.0','',1385414082,0,'carpinteyroakb','carpinteyroakb'),('27.159.200.5','Mozilla/4.0 (compatible; MSIE 8.0; Windows NT 5.1; Trident/4.0; MRA 6.0 (build 5993); MRA 8.0 (build 5784); InfoPath.2)','',1385414083,0,'carpinteyrousg','carpinteyrousg'),('27.159.200.5','Mozilla/5.0 (Windows NT 5.1) AppleWebKit/536.5 (KHTML, like Gecko) Chrome/19.0.1084.46 Safari/536.5 Nichrome/self/19','',1385414595,0,'carpinteyrodpp','carpinteyrodpp'),('27.159.200.5','Opera/9.80 (Windows NT 6.1; U; ru) Presto/2.10.229 Version/11.64','',1385414783,0,'Nickerryb','nickerryb'),('27.159.200.5','Opera/9.80 (Windows NT 5.1; U; Edition Yx; ru) Presto/2.10.289 Version/12.02','',1385414785,0,'Nickertqx','nickertqx'),('27.159.200.5','Mozilla/5.0 (compatible; MSIE 9.0; Windows NT 6.1; Trident/5.0)','',1385414786,0,'Nickernot','nickernot'),('27.159.200.5','Opera/9.80 (Windows NT 6.1; WOW64; U; ru) Presto/2.10.289 Version/12.02','',1385414786,0,'carpinteyrotku','carpinteyrotku'),('27.159.200.5','Mozilla/5.0 (Windows NT 5.1; rv:15.0) Gecko/20100101 Firefox/15.0','',1385414824,0,'carpinteyrojvm','carpinteyrojvm'),('27.159.200.5','Opera/9.80 (Windows NT 5.1; Edition Yx) Presto/2.12.388 Version/12.10','',1385414832,0,'Nickerucb','nickerucb'),('27.159.200.5','Opera/9.80 (Windows NT 6.2; U; en) Presto/2.10.289 Version/12.02','',1385414837,0,'Nickermhi','nickermhi'),('27.159.200.5','Opera/9.80 (Windows NT 5.1; U; Edition Yx; ru) Presto/2.10.289 Version/12.02','',1385414840,0,'Nickergmf','nickergmf'),('27.159.200.5','Opera/9.80 (Windows NT 5.1; U; MRA 8.0 (build 5784); ru) Presto/2.10.289 Version/12.02','',1385414852,0,'carpinteyrokef','carpinteyrokef'),('27.159.200.5','Opera/9.80 (Windows NT 5.1; Edition Ukraine Local) Presto/2.12.388 Version/12.10','',1385415142,0,'carpinteyrogqk','carpinteyrogqk'),('94.23.6.70','Mozilla/5.0 (Macintosh; Intel Mac OS X 10_8_2) AppleWebKit/537.11 (KHTML, like Gecko) Chrome/23.0.1271.91 Safari/537.11','',1385415327,0,'Coibboninty','coibboninty'),('222.178.10.242','Mozilla/5.0 (Windows NT 5.1; rv:16.0) Gecko/20121026 Firefox/16.0 SeaMonkey/2.13.2','',1385415621,0,'beatbuew','beatbuew'),('118.97.95.182','Mozilla/5.0 (Windows NT 6.2) AppleWebKit/537.11 (KHTML, like Gecko) Chrome/23.0.1271.64 Safari/537.11','',1385415827,0,'ronalrbi','ronalrbi'),('27.159.200.5','Mozilla/5.0 (Windows NT 5.1; rv:16.0) Gecko/20100101 Firefox/16.0','',1385415975,0,'Nickerjjo','nickerjjo'),('27.159.200.5','Mozilla/5.0 (Windows NT 6.1; WOW64; rv:10.0.2) Gecko/20100101 Firefox/10.0.2','',1385416459,0,'carpinteyrodbp','carpinteyrodbp'),('27.159.200.5','Opera/9.80 (Windows NT 5.1; U; ru) Presto/2.10.289 Version/12.02','',1385416465,0,'Nickerzhq','nickerzhq'),('27.159.200.5','Mozilla/5.0 (Windows NT 6.1; rv:11.0) Gecko/20100101 Firefox/11.0','',1385416471,0,'Nickerhvz','nickerhvz'),('120.43.21.190','Opera/9.80 (Windows NT 6.1; U; ru) Presto/2.10.229 Version/11.64','',1385416507,0,'ya2rnc48','ya2rnc48'),('195.190.13.142','Mozilla/5.0 (Windows NT 5.1) AppleWebKit/537.11 (KHTML, like Gecko) Chrome/23.0.1271.95 Safari/537.11','',1385417041,0,'Candanceper','candanceper'),('27.159.200.5','Mozilla/5.0 (Windows NT 5.1) AppleWebKit/535.19 (KHTML, like Gecko) Chrome/18.0.1025.1634 Safari/535.19 YE','',1385417496,0,'carpinteyrohuk','carpinteyrohuk'),('27.159.200.5','Opera/9.80 (Windows NT 6.1; Win64; x64; Edition Yx) Presto/2.12.388 Version/12.11','',1385417498,0,'carpinteyrorzf','carpinteyrorzf'),('110.4.12.170','Mozilla/4.0 (compatible; MSIE 8.0; Windows NT 5.2; Trident/4.0; .NET CLR 1.1.4322)','',1385417958,0,'carpinteyroqkz','carpinteyroqkz'),('219.139.81.132','Opera/9.80 (Windows NT 5.1) Presto/2.12.388 Version/12.11','',1385418103,0,'TriabsDreab','triabsdreab'),('109.87.152.79','Mozilla/5.0 (Windows NT 6.1; WOW64; rv:15.0) Gecko/20100101 Firefox/15.0.1','',1385418654,0,'Afrakart','afrakart'),('220.168.83.251','Mozilla/5.0 (Windows NT 5.1; rv:17.0) Gecko/17.0 Firefox/17.0','',1385418781,0,'etsvyyjo','etsvyyjo'),('122.96.59.104','Opera/9.80 (Windows NT 6.1; Win64; x64) Presto/2.12.388 Version/12.11','',1385418782,0,'etsvyyjo','etsvyyjo'),('116.112.66.102','Mozilla/5.0 (Windows NT 6.1) AppleWebKit/535.1 (KHTML, like Gecko) Chrome/14.0.835.163 Safari/535.1','',1385418788,0,'carpinteyroikp','carpinteyroikp'),('27.159.200.5','Mozilla/5.0 (Windows NT 6.1; WOW64) AppleWebKit/535.19 (KHTML, like Gecko) Chrome/18.0.1025.1634 Safari/535.19 YE','',1385418831,0,'carpinteyrobjq','carpinteyrobjq'),('119.188.46.42','Mozilla/5.0 (Windows NT 5.1; rv:7.0) Gecko/20100101 Firefox/7.0','',1385418865,0,'Lus6mn','lus6mn'),('175.22.3.28','Mozilla/5.0 (Windows NT 5.1) AppleWebKit/537.4 (KHTML, like Gecko) Chrome/22.0.1229.79 Safari/537.4','',1385419345,0,'carpinteyrombm','carpinteyrombm'),('221.176.23.242','Opera/9.80 (Windows NT 5.1; U; MRA 6.0 (build 5970); ru) Presto/2.7.62 Version/11.00','',1385419365,0,'beatvqry','beatvqry'),('27.159.200.5','Mozilla/5.0 (Windows NT 5.1) AppleWebKit/536.5 (KHTML, like Gecko) Chrome/19.0.1084.46 Safari/536.5 Nichrome/self/19','',1385419772,0,'carpinteyrozjg','carpinteyrozjg'),('27.159.200.5','Mozilla/5.0 (Windows; U; Windows NT 6.1; en-US) AppleWebKit/534.10 (KHTML, like Gecko) Chrome/8.0.552.224 Safari/534.10','',1385419853,0,'Nickerqsm','nickerqsm'),('192.187.99.107','Mozilla/5.0 (Windows NT 6.1; WOW64) AppleWebKit/537.11 (KHTML, like Gecko) Chrome/23.0.1.0 Safari/537.11','',1385419886,0,'gbxrnwmj','gbxrnwmj'),('27.159.200.5','Mozilla/5.0 (Windows; U; Windows NT 5.1; en-US) AppleWebKit/534.16 (KHTML, like Gecko) Chrome/10.0.648.204 Safari/534.16','',1385420043,0,'Nickertzn','nickertzn'),('27.159.200.5','Mozilla/5.0 (Windows NT 5.1) AppleWebKit/537.11 (KHTML, like Gecko) Chrome/23.0.1271.91 Safari/537.11','',1385420047,0,'Nickerjic','nickerjic'),('27.159.200.5','Opera/9.80 (Windows NT 6.1; U; ru) Presto/2.10.289 Version/12.02','',1385420223,0,'carpinteyroamr','carpinteyroamr'),('27.159.200.5','Opera/9.80 (Windows NT 6.1; WOW64; MRA 6.0 (build 5998)) Presto/2.12.388 Version/12.10','',1385420223,0,'Nickerlij','nickerlij'),('74.91.26.198','Mozilla/5.0 (Windows NT 5.1) AppleWebKit/536.5 (KHTML, like Gecko) YaBrowser/1.1.1084.5409 Chrome/19.1.1084.5409 Safari/536.5','',1385420590,0,'carteyrofau','carteyrofau'),('27.159.200.5','Opera/9.80 (Windows NT 6.1; WOW64; U; ru) Presto/2.10.289 Version/12.01','',1385420650,0,'carpinteyroszy','carpinteyroszy'),('27.159.200.5','Opera/9.80 (Windows NT 6.1; U; YB/3.5.1; ru) Presto/2.6.30 Version/10.63','',1385420656,0,'carpinteyrochk','carpinteyrochk'),('27.159.200.5','Mozilla/5.0 (Windows NT 5.1; rv:5.0.1) Gecko/20100101 Firefox/5.0.1','',1385420663,0,'Nickertyj','nickertyj'),('27.159.200.5','Mozilla/5.0 (compatible; MSIE 9.0; Windows NT 6.1; WOW64; Trident/5.0)','',1385421064,0,'Nickerkfj','nickerkfj'),('27.159.200.5','Mozilla/5.0 (Windows NT 5.1; rv:15.0) Gecko/20100101 Firefox/15.0','',1385421070,0,'carpinteyrowqv','carpinteyrowqv'),('27.159.200.5','Opera/9.80 (Windows NT 6.0) Presto/2.12.388 Version/12.10','',1385421074,0,'Nickerqft','nickerqft'),('27.159.200.5','Mozilla/4.0 (compatible; MSIE 8.0; Windows NT 5.2; Trident/4.0; .NET CLR 1.1.4322)','',1385421195,0,'carpinteyrocyo','carpinteyrocyo'),('27.159.200.5','Opera/9.80 (Windows NT 5.1; U; ru) Presto/2.10.289 Version/12.00','',1385421196,0,'Nickertlg','nickertlg'),('27.159.200.5','Opera/9.80 (Windows NT 6.1) Presto/2.12.388 Version/12.10','',1385421196,0,'Nickerjnw','nickerjnw'),('36.250.177.58','Mozilla/5.0 (Windows NT 6.2; rv:16.0) Gecko/20100101 Firefox/16.0','',1385421397,0,'rlpojcn67','rlpojcn67'),('27.159.200.5','Mozilla/5.0 (Windows NT 5.2; rv:17.0) Gecko/17.0 Firefox/17.0','',1385421441,0,'carpinteyroaed','carpinteyroaed'),('27.159.200.5','Mozilla/5.0 (Windows NT 6.1; WOW64) AppleWebKit/537.4 (KHTML, like Gecko) Chrome/22.0.1229.96 Safari/537.4','',1385421581,0,'carpinteyrompq','carpinteyrompq'),('27.159.200.5','Mozilla/5.0 (compatible; MSIE 9.0; Windows NT 6.1; Trident/5.0)','',1385421582,0,'carpinteyrohff','carpinteyrohff'),('27.159.200.5','Mozilla/5.0 (Windows; U; Windows NT 6.1; en-US; rv:1.9.2.22) Gecko/20110902 Firefox/3.6.22','',1385421710,0,'carpinteyrolcm','carpinteyrolcm'),('27.159.200.5','Opera/9.80 (Windows NT 6.2; WOW64) Presto/2.12.388 Version/12.11','',1385421763,0,'carpinteyrohre','carpinteyrohre'),('27.159.200.5','Mozilla/5.0 (Windows NT 6.1; WOW64) AppleWebKit/537.11 (KHTML, like Gecko) Chrome/23.0.1271.95 Safari/537.11','',1385421802,0,'carpinteyrodsw','carpinteyrodsw'),('27.159.200.5','Mozilla/5.0 (Macintosh; Intel Mac OS X 10_6_8) AppleWebKit/534.57.2 (KHTML, like Gecko) Version/5.1.7 Safari/534.57.2','',1385421805,0,'Nickercpc','nickercpc'),('27.159.200.5','Opera/9.80 (Windows NT 6.1; Edition Yx) Presto/2.12.388 Version/12.11','',1385421805,0,'Nickerfnz','nickerfnz'),('27.159.200.5','Mozilla/5.0 (Windows NT 6.1; rv:10.0.2) Gecko/20100101 Firefox/10.0.2','',1385421817,0,'carpinteyrozoa','carpinteyrozoa'),('115.53.229.84','Mozilla/5.0 (compatible; MSIE 9.0; Windows NT 6.1; Trident/5.0)','',1385421874,0,'beatypon','beatypon'),('27.159.200.5','Mozilla/4.0 (compatible; MSIE 8.0; Windows NT 5.1; Trident/4.0)','',1385421981,0,'carpinteyronsp','carpinteyronsp'),('27.159.200.5','Opera/9.80 (Windows NT 6.1; U; ru) Presto/2.10.229 Version/11.64','',1385422095,0,'carpinteyrodig','carpinteyrodig'),('27.159.200.5','Opera/9.80 (Windows NT 6.1; WOW64) Presto/2.12.388 Version/12.11','',1385422228,0,'Nickerktv','nickerktv'),('27.159.200.5','Opera/9.80 (Windows NT 6.1; Win64; x64) Presto/2.12.388 Version/12.10','',1385422248,0,'Nickernjh','nickernjh'),('27.159.200.5','Opera/9.80 (Windows NT 6.1; Win64; x64; Edition Yx) Presto/2.12.388 Version/12.11','',1385422383,0,'Nickervkr','nickervkr'),('27.159.200.5','Mozilla/5.0 (Windows NT 5.1) AppleWebKit/537.4 (KHTML, like Gecko) Chrome/22.0.1229.94 Safari/537.4','',1385423095,0,'carpinteyroceh','carpinteyroceh'),('195.190.13.142','Mozilla/5.0 (Windows NT 5.1) AppleWebKit/535.19 (KHTML, like Gecko) Chrome/18.0.1025.1634 Safari/535.19 YE','',1385423186,0,'Elizabethhib','elizabethhib'),('27.159.200.5','Mozilla/5.0 (Windows NT 5.2; rv:12.0) Gecko/20100101 Firefox/12.0','',1385423246,0,'carpinteyroizd','carpinteyroizd'),('27.159.200.5','Mozilla/5.0 (Windows NT 5.1) AppleWebKit/537.4 (KHTML, like Gecko) Chrome/22.0.1229.79 Safari/537.4','',1385423246,0,'Nickerdlq','nickerdlq'),('27.159.200.5','Mozilla/5.0 (Windows NT 6.2; WOW64) AppleWebKit/537.11 (KHTML, like Gecko) Chrome/23.0.1271.91 Safari/537.11','',1385423249,0,'carpinteyroxrg','carpinteyroxrg'),('27.159.200.5','Mozilla/5.0 (Windows NT 6.1) AppleWebKit/534.57.2 (KHTML, like Gecko) Version/5.1.7 Safari/534.57.2','',1385423650,0,'Nickerymh','nickerymh'),('27.159.200.5','Mozilla/5.0 (Windows; U; Windows NT 6.1; en-US) AppleWebKit/533.4 (KHTML, like Gecko) Iron/5.0.381.0 Chrome/5.0.381 Safari/533.4','',1385423651,0,'carpinteyrovzg','carpinteyrovzg'),('27.159.200.5','Mozilla/5.0 (Windows NT 5.1; rv:7.0.1) Gecko/20100101 Firefox/7.0.1','',1385423652,0,'carpinteyrorlj','carpinteyrorlj'),('27.159.200.5','Opera/9.80 (Windows NT 6.1; U; Edition Next; ru) Presto/2.11.310 Version/12.50','',1385423654,0,'Nickersxp','nickersxp'),('27.159.200.5','Mozilla/5.0 (Windows NT 5.1; rv:13.0) Gecko/20100101 Firefox/13.0','',1385423671,0,'Nickerruw','nickerruw'),('27.159.200.5','Mozilla/5.0 (Windows NT 6.1; rv:16.0) Gecko/20100101 Firefox/16.0','',1385423671,0,'Nickerfhu','nickerfhu'),('27.159.200.5','Mozilla/5.0 (Windows NT 6.0; WOW64) AppleWebKit/537.11 (KHTML, like Gecko) Chrome/23.0.1271.64 Safari/537.11','',1385423673,0,'Nickeriqd','nickeriqd'),('27.159.200.5','Mozilla/5.0 (Windows NT 5.2; rv:17.0) Gecko/17.0 Firefox/17.0','',1385423685,0,'carpinteyrowtw','carpinteyrowtw'),('192.187.99.107','Opera/9.80 (Windows NT 6.1; WOW64; MRA 8.0 (build 5880)) Presto/2.12.388 Version/12.11','',1385423687,0,'xadwmgwy','xadwmgwy'),('192.187.99.107','Mozilla/5.0 (Windows NT 6.2; WOW64) AppleWebKit/537.11 (KHTML, like Gecko) Chrome/23.0.1271.64 Safari/537.11','',1385423713,0,'zviedirg','zviedirg'),('192.187.99.107','Mozilla/5.0 (Windows NT 6.2; rv:16.0) Gecko/20100101 Firefox/16.0','',1385423731,0,'bcwfldki','bcwfldki'),('219.150.204.30','Mozilla/4.0 (compatible; MSIE 8.0; Windows NT 5.1; Trident/4.0; .NET CLR 2.0.50727; .NET CLR 3.0.4506.2152; .NET CLR 3.5.30729)','',1385423830,0,'carpinteyroluf','carpinteyroluf'),('192.187.99.107','Mozilla/5.0 (Windows NT 6.1; WOW64) AppleWebKit/535.12 (KHTML, like Gecko) Maxthon/3.0 Chrome/18.0.966.0 Safari/535.12','',1385423873,0,'cksfflgz','cksfflgz'),('117.41.171.179','Mozilla/5.0 (Windows NT 6.1; WOW64; rv:18.0) Gecko/20100101 Firefox/18.0','',1385423996,0,'JesEphets','jesephets'),('27.159.200.5','Mozilla/5.0 (Windows NT 6.1; rv:15.0) Gecko/20100101 Firefox/15.0.1','',1385424095,0,'carpinteyroopx','carpinteyroopx'),('27.159.200.5','Opera/9.80 (Windows NT 6.1; U; Edition Yx; ru) Presto/2.10.289 Version/12.02','',1385424096,0,'carpinteyrosby','carpinteyrosby'),('27.159.200.5','Mozilla/5.0 (Windows NT 6.1; WOW64) AppleWebKit/537.11 (KHTML, like Gecko) Chrome/23.0.1271.95 Safari/537.11','',1385424097,0,'Nickersrx','nickersrx'),('27.159.200.5','Mozilla/5.0 (Windows NT 6.1) AppleWebKit/537.4 (KHTML, like Gecko) Chrome/22.0.1229.79 Safari/537.4 u01-09','',1385424104,0,'Nickerkzp','nickerkzp'),('124.158.1.217','Mozilla/5.0 (Windows NT 6.2) AppleWebKit/537.11 (KHTML, like Gecko) Chrome/23.0.1271.95 Safari/537.11','',1385424120,0,'imiveBrumeGem','imivebrumegem'),('27.159.200.5','Mozilla/5.0 (Windows NT 6.0; rv:17.0) Gecko/20100101 Firefox/17.0','',1385424208,0,'Nickernma','nickernma');

--
-- Table structure for table `ey2n4tv0a6_moderator_cache`
--

CREATE TABLE `ey2n4tv0a6_moderator_cache` (
  `forum_id` mediumint(8) unsigned NOT NULL DEFAULT '0',
  `user_id` mediumint(8) unsigned NOT NULL DEFAULT '0',
  `username` varchar(255) COLLATE utf8_bin NOT NULL DEFAULT '',
  `group_id` mediumint(8) unsigned NOT NULL DEFAULT '0',
  `group_name` varchar(255) COLLATE utf8_bin NOT NULL DEFAULT '',
  `display_on_index` tinyint(1) unsigned NOT NULL DEFAULT '1',
  KEY `disp_idx` (`display_on_index`),
  KEY `forum_id` (`forum_id`)
) ENGINE=InnoDB DEFAULT CHARSET=utf8 COLLATE=utf8_bin;

--
-- Dumping data for table `ey2n4tv0a6_moderator_cache`
--


--
-- Table structure for table `ey2n4tv0a6_modules`
--

CREATE TABLE `ey2n4tv0a6_modules` (
  `module_id` mediumint(8) unsigned NOT NULL AUTO_INCREMENT,
  `module_enabled` tinyint(1) unsigned NOT NULL DEFAULT '1',
  `module_display` tinyint(1) unsigned NOT NULL DEFAULT '1',
  `module_basename` varchar(255) COLLATE utf8_bin NOT NULL DEFAULT '',
  `module_class` varchar(10) COLLATE utf8_bin NOT NULL DEFAULT '',
  `parent_id` mediumint(8) unsigned NOT NULL DEFAULT '0',
  `left_id` mediumint(8) unsigned NOT NULL DEFAULT '0',
  `right_id` mediumint(8) unsigned NOT NULL DEFAULT '0',
  `module_langname` varchar(255) COLLATE utf8_bin NOT NULL DEFAULT '',
  `module_mode` varchar(255) COLLATE utf8_bin NOT NULL DEFAULT '',
  `module_auth` varchar(255) COLLATE utf8_bin NOT NULL DEFAULT '',
  PRIMARY KEY (`module_id`),
  KEY `left_right_id` (`left_id`,`right_id`),
  KEY `module_enabled` (`module_enabled`),
  KEY `class_left_id` (`module_class`,`left_id`)
) ENGINE=InnoDB AUTO_INCREMENT=199 DEFAULT CHARSET=utf8 COLLATE=utf8_bin;

--
-- Dumping data for table `ey2n4tv0a6_modules`
--

INSERT INTO `ey2n4tv0a6_modules` VALUES (1,1,1,'','acp',0,1,64,'ACP_CAT_GENERAL','',''),(2,1,1,'','acp',1,4,17,'ACP_QUICK_ACCESS','',''),(3,1,1,'','acp',1,18,41,'ACP_BOARD_CONFIGURATION','',''),(4,1,1,'','acp',1,42,49,'ACP_CLIENT_COMMUNICATION','',''),(5,1,1,'','acp',1,50,63,'ACP_SERVER_CONFIGURATION','',''),(6,1,1,'','acp',0,65,84,'ACP_CAT_FORUMS','',''),(7,1,1,'','acp',6,66,71,'ACP_MANAGE_FORUMS','',''),(8,1,1,'','acp',6,72,83,'ACP_FORUM_BASED_PERMISSIONS','',''),(9,1,1,'','acp',0,85,110,'ACP_CAT_POSTING','',''),(10,1,1,'','acp',9,86,99,'ACP_MESSAGES','',''),(11,1,1,'','acp',9,100,109,'ACP_ATTACHMENTS','',''),(12,1,1,'','acp',0,111,166,'ACP_CAT_USERGROUP','',''),(13,1,1,'','acp',12,112,145,'ACP_CAT_USERS','',''),(14,1,1,'','acp',12,146,153,'ACP_GROUPS','',''),(15,1,1,'','acp',12,154,165,'ACP_USER_SECURITY','',''),(16,1,1,'','acp',0,167,216,'ACP_CAT_PERMISSIONS','',''),(17,1,1,'','acp',16,170,179,'ACP_GLOBAL_PERMISSIONS','',''),(18,1,1,'','acp',16,180,191,'ACP_FORUM_BASED_PERMISSIONS','',''),(19,1,1,'','acp',16,192,201,'ACP_PERMISSION_ROLES','',''),(20,1,1,'','acp',16,202,215,'ACP_PERMISSION_MASKS','',''),(21,1,1,'','acp',0,217,230,'ACP_CAT_STYLES','',''),(22,1,1,'','acp',21,218,221,'ACP_STYLE_MANAGEMENT','',''),(23,1,1,'','acp',21,222,229,'ACP_STYLE_COMPONENTS','',''),(24,1,1,'','acp',0,231,250,'ACP_CAT_MAINTENANCE','',''),(25,1,1,'','acp',24,232,241,'ACP_FORUM_LOGS','',''),(26,1,1,'','acp',24,242,249,'ACP_CAT_DATABASE','',''),(27,1,1,'','acp',0,251,276,'ACP_CAT_SYSTEM','',''),(28,1,1,'','acp',27,252,255,'ACP_AUTOMATION','',''),(29,1,1,'','acp',27,256,267,'ACP_GENERAL_TASKS','',''),(30,1,1,'','acp',27,268,275,'ACP_MODULE_MANAGEMENT','',''),(31,1,1,'','acp',0,277,278,'ACP_CAT_DOT_MODS','',''),(32,1,1,'attachments','acp',3,19,20,'ACP_ATTACHMENT_SETTINGS','attach','acl_a_attach'),(33,1,1,'attachments','acp',11,101,102,'ACP_ATTACHMENT_SETTINGS','attach','acl_a_attach'),(34,1,1,'attachments','acp',11,103,104,'ACP_MANAGE_EXTENSIONS','extensions','acl_a_attach'),(35,1,1,'attachments','acp',11,105,106,'ACP_EXTENSION_GROUPS','ext_groups','acl_a_attach'),(36,1,1,'attachments','acp',11,107,108,'ACP_ORPHAN_ATTACHMENTS','orphan','acl_a_attach'),(37,1,1,'ban','acp',15,155,156,'ACP_BAN_EMAILS','email','acl_a_ban'),(38,1,1,'ban','acp',15,157,158,'ACP_BAN_IPS','ip','acl_a_ban'),(39,1,1,'ban','acp',15,159,160,'ACP_BAN_USERNAMES','user','acl_a_ban'),(40,1,1,'bbcodes','acp',10,87,88,'ACP_BBCODES','bbcodes','acl_a_bbcode'),(41,1,1,'board','acp',3,21,22,'ACP_BOARD_SETTINGS','settings','acl_a_board'),(42,1,1,'board','acp',3,23,24,'ACP_BOARD_FEATURES','features','acl_a_board'),(43,1,1,'board','acp',3,25,26,'ACP_AVATAR_SETTINGS','avatar','acl_a_board'),(44,1,1,'board','acp',3,27,28,'ACP_MESSAGE_SETTINGS','message','acl_a_board'),(45,1,1,'board','acp',10,89,90,'ACP_MESSAGE_SETTINGS','message','acl_a_board'),(46,1,1,'board','acp',3,29,30,'ACP_POST_SETTINGS','post','acl_a_board'),(47,1,1,'board','acp',10,91,92,'ACP_POST_SETTINGS','post','acl_a_board'),(48,1,1,'board','acp',3,31,32,'ACP_SIGNATURE_SETTINGS','signature','acl_a_board'),(49,1,1,'board','acp',3,33,34,'ACP_FEED_SETTINGS','feed','acl_a_board'),(50,1,1,'board','acp',3,35,36,'ACP_REGISTER_SETTINGS','registration','acl_a_board'),(51,1,1,'board','acp',4,43,44,'ACP_AUTH_SETTINGS','auth','acl_a_server'),(52,1,1,'board','acp',4,45,46,'ACP_EMAIL_SETTINGS','email','acl_a_server'),(53,1,1,'board','acp',5,51,52,'ACP_COOKIE_SETTINGS','cookie','acl_a_server'),(54,1,1,'board','acp',5,53,54,'ACP_SERVER_SETTINGS','server','acl_a_server'),(55,1,1,'board','acp',5,55,56,'ACP_SECURITY_SETTINGS','security','acl_a_server'),(56,1,1,'board','acp',5,57,58,'ACP_LOAD_SETTINGS','load','acl_a_server'),(57,1,1,'bots','acp',29,257,258,'ACP_BOTS','bots','acl_a_bots'),(58,1,1,'captcha','acp',3,37,38,'ACP_VC_SETTINGS','visual','acl_a_board'),(59,1,0,'captcha','acp',3,39,40,'ACP_VC_CAPTCHA_DISPLAY','img','acl_a_board'),(60,1,1,'database','acp',26,243,244,'ACP_BACKUP','backup','acl_a_backup'),(61,1,1,'database','acp',26,245,246,'ACP_RESTORE','restore','acl_a_backup'),(62,1,1,'disallow','acp',15,161,162,'ACP_DISALLOW_USERNAMES','usernames','acl_a_names'),(63,1,1,'email','acp',29,259,260,'ACP_MASS_EMAIL','email','acl_a_email && cfg_email_enable'),(64,1,1,'forums','acp',7,67,68,'ACP_MANAGE_FORUMS','manage','acl_a_forum'),(65,1,1,'groups','acp',14,147,148,'ACP_GROUPS_MANAGE','manage','acl_a_group'),(66,1,1,'icons','acp',10,93,94,'ACP_ICONS','icons','acl_a_icons'),(67,1,1,'icons','acp',10,95,96,'ACP_SMILIES','smilies','acl_a_icons'),(68,1,1,'inactive','acp',13,115,116,'ACP_INACTIVE_USERS','list','acl_a_user'),(69,1,1,'jabber','acp',4,47,48,'ACP_JABBER_SETTINGS','settings','acl_a_jabber'),(70,1,1,'language','acp',29,261,262,'ACP_LANGUAGE_PACKS','lang_packs','acl_a_language'),(71,1,1,'logs','acp',25,233,234,'ACP_ADMIN_LOGS','admin','acl_a_viewlogs'),(72,1,1,'logs','acp',25,235,236,'ACP_MOD_LOGS','mod','acl_a_viewlogs'),(73,1,1,'logs','acp',25,237,238,'ACP_USERS_LOGS','users','acl_a_viewlogs'),(74,1,1,'logs','acp',25,239,240,'ACP_CRITICAL_LOGS','critical','acl_a_viewlogs'),(75,1,1,'main','acp',1,2,3,'ACP_INDEX','main',''),(76,1,1,'modules','acp',30,269,270,'ACP','acp','acl_a_modules'),(77,1,1,'modules','acp',30,271,272,'UCP','ucp','acl_a_modules'),(78,1,1,'modules','acp',30,273,274,'MCP','mcp','acl_a_modules'),(79,1,1,'permission_roles','acp',19,193,194,'ACP_ADMIN_ROLES','admin_roles','acl_a_roles && acl_a_aauth'),(80,1,1,'permission_roles','acp',19,195,196,'ACP_USER_ROLES','user_roles','acl_a_roles && acl_a_uauth'),(81,1,1,'permission_roles','acp',19,197,198,'ACP_MOD_ROLES','mod_roles','acl_a_roles && acl_a_mauth'),(82,1,1,'permission_roles','acp',19,199,200,'ACP_FORUM_ROLES','forum_roles','acl_a_roles && acl_a_fauth'),(83,1,1,'permissions','acp',16,168,169,'ACP_PERMISSIONS','intro','acl_a_authusers || acl_a_authgroups || acl_a_viewauth'),(84,1,0,'permissions','acp',20,203,204,'ACP_PERMISSION_TRACE','trace','acl_a_viewauth'),(85,1,1,'permissions','acp',18,181,182,'ACP_FORUM_PERMISSIONS','setting_forum_local','acl_a_fauth && (acl_a_authusers || acl_a_authgroups)'),(86,1,1,'permissions','acp',18,183,184,'ACP_FORUM_PERMISSIONS_COPY','setting_forum_copy','acl_a_fauth && acl_a_authusers && acl_a_authgroups && acl_a_mauth'),(87,1,1,'permissions','acp',18,185,186,'ACP_FORUM_MODERATORS','setting_mod_local','acl_a_mauth && (acl_a_authusers || acl_a_authgroups)'),(88,1,1,'permissions','acp',17,171,172,'ACP_USERS_PERMISSIONS','setting_user_global','acl_a_authusers && (acl_a_aauth || acl_a_mauth || acl_a_uauth)'),(89,1,1,'permissions','acp',13,117,118,'ACP_USERS_PERMISSIONS','setting_user_global','acl_a_authusers && (acl_a_aauth || acl_a_mauth || acl_a_uauth)'),(90,1,1,'permissions','acp',18,187,188,'ACP_USERS_FORUM_PERMISSIONS','setting_user_local','acl_a_authusers && (acl_a_mauth || acl_a_fauth)'),(91,1,1,'permissions','acp',13,119,120,'ACP_USERS_FORUM_PERMISSIONS','setting_user_local','acl_a_authusers && (acl_a_mauth || acl_a_fauth)'),(92,1,1,'permissions','acp',17,173,174,'ACP_GROUPS_PERMISSIONS','setting_group_global','acl_a_authgroups && (acl_a_aauth || acl_a_mauth || acl_a_uauth)'),(93,1,1,'permissions','acp',14,149,150,'ACP_GROUPS_PERMISSIONS','setting_group_global','acl_a_authgroups && (acl_a_aauth || acl_a_mauth || acl_a_uauth)'),(94,1,1,'permissions','acp',18,189,190,'ACP_GROUPS_FORUM_PERMISSIONS','setting_group_local','acl_a_authgroups && (acl_a_mauth || acl_a_fauth)'),(95,1,1,'permissions','acp',14,151,152,'ACP_GROUPS_FORUM_PERMISSIONS','setting_group_local','acl_a_authgroups && (acl_a_mauth || acl_a_fauth)'),(96,1,1,'permissions','acp',17,175,176,'ACP_ADMINISTRATORS','setting_admin_global','acl_a_aauth && (acl_a_authusers || acl_a_authgroups)'),(97,1,1,'permissions','acp',17,177,178,'ACP_GLOBAL_MODERATORS','setting_mod_global','acl_a_mauth && (acl_a_authusers || acl_a_authgroups)'),(98,1,1,'permissions','acp',20,205,206,'ACP_VIEW_ADMIN_PERMISSIONS','view_admin_global','acl_a_viewauth'),(99,1,1,'permissions','acp',20,207,208,'ACP_VIEW_USER_PERMISSIONS','view_user_global','acl_a_viewauth'),(100,1,1,'permissions','acp',20,209,210,'ACP_VIEW_GLOBAL_MOD_PERMISSIONS','view_mod_global','acl_a_viewauth'),(101,1,1,'permissions','acp',20,211,212,'ACP_VIEW_FORUM_MOD_PERMISSIONS','view_mod_local','acl_a_viewauth'),(102,1,1,'permissions','acp',20,213,214,'ACP_VIEW_FORUM_PERMISSIONS','view_forum_local','acl_a_viewauth'),(103,1,1,'php_info','acp',29,263,264,'ACP_PHP_INFO','info','acl_a_phpinfo'),(104,1,1,'profile','acp',13,121,122,'ACP_CUSTOM_PROFILE_FIELDS','profile','acl_a_profile'),(105,1,1,'prune','acp',7,69,70,'ACP_PRUNE_FORUMS','forums','acl_a_prune'),(106,1,1,'prune','acp',15,163,164,'ACP_PRUNE_USERS','users','acl_a_userdel'),(107,1,1,'ranks','acp',13,123,124,'ACP_MANAGE_RANKS','ranks','acl_a_ranks'),(108,1,1,'reasons','acp',29,265,266,'ACP_MANAGE_REASONS','main','acl_a_reasons'),(109,1,1,'search','acp',5,59,60,'ACP_SEARCH_SETTINGS','settings','acl_a_search'),(110,1,1,'search','acp',26,247,248,'ACP_SEARCH_INDEX','index','acl_a_search'),(111,1,1,'send_statistics','acp',5,61,62,'ACP_SEND_STATISTICS','send_statistics','acl_a_server'),(112,1,1,'styles','acp',22,219,220,'ACP_STYLES','style','acl_a_styles'),(113,1,1,'styles','acp',23,223,224,'ACP_TEMPLATES','template','acl_a_styles'),(114,1,1,'styles','acp',23,225,226,'ACP_THEMES','theme','acl_a_styles'),(115,1,1,'styles','acp',23,227,228,'ACP_IMAGESETS','imageset','acl_a_styles'),(116,1,1,'update','acp',28,253,254,'ACP_VERSION_CHECK','version_check','acl_a_board'),(117,1,1,'users','acp',13,113,114,'ACP_MANAGE_USERS','overview','acl_a_user'),(118,1,0,'users','acp',13,125,126,'ACP_USER_FEEDBACK','feedback','acl_a_user'),(119,1,0,'users','acp',13,127,128,'ACP_USER_WARNINGS','warnings','acl_a_user'),(120,1,0,'users','acp',13,129,130,'ACP_USER_PROFILE','profile','acl_a_user'),(121,1,0,'users','acp',13,131,132,'ACP_USER_PREFS','prefs','acl_a_user'),(122,1,0,'users','acp',13,133,134,'ACP_USER_AVATAR','avatar','acl_a_user'),(123,1,0,'users','acp',13,135,136,'ACP_USER_RANK','rank','acl_a_user'),(124,1,0,'users','acp',13,137,138,'ACP_USER_SIG','sig','acl_a_user'),(125,1,0,'users','acp',13,139,140,'ACP_USER_GROUPS','groups','acl_a_user && acl_a_group'),(126,1,0,'users','acp',13,141,142,'ACP_USER_PERM','perm','acl_a_user && acl_a_viewauth'),(127,1,0,'users','acp',13,143,144,'ACP_USER_ATTACH','attach','acl_a_user'),(128,1,1,'words','acp',10,97,98,'ACP_WORDS','words','acl_a_words'),(129,1,1,'users','acp',2,5,6,'ACP_MANAGE_USERS','overview','acl_a_user'),(130,1,1,'groups','acp',2,7,8,'ACP_GROUPS_MANAGE','manage','acl_a_group'),(131,1,1,'forums','acp',2,9,10,'ACP_MANAGE_FORUMS','manage','acl_a_forum'),(132,1,1,'logs','acp',2,11,12,'ACP_MOD_LOGS','mod','acl_a_viewlogs'),(133,1,1,'bots','acp',2,13,14,'ACP_BOTS','bots','acl_a_bots'),(134,1,1,'php_info','acp',2,15,16,'ACP_PHP_INFO','info','acl_a_phpinfo'),(135,1,1,'permissions','acp',8,73,74,'ACP_FORUM_PERMISSIONS','setting_forum_local','acl_a_fauth && (acl_a_authusers || acl_a_authgroups)'),(136,1,1,'permissions','acp',8,75,76,'ACP_FORUM_PERMISSIONS_COPY','setting_forum_copy','acl_a_fauth && acl_a_authusers && acl_a_authgroups && acl_a_mauth'),(137,1,1,'permissions','acp',8,77,78,'ACP_FORUM_MODERATORS','setting_mod_local','acl_a_mauth && (acl_a_authusers || acl_a_authgroups)'),(138,1,1,'permissions','acp',8,79,80,'ACP_USERS_FORUM_PERMISSIONS','setting_user_local','acl_a_authusers && (acl_a_mauth || acl_a_fauth)'),(139,1,1,'permissions','acp',8,81,82,'ACP_GROUPS_FORUM_PERMISSIONS','setting_group_local','acl_a_authgroups && (acl_a_mauth || acl_a_fauth)'),(140,1,1,'','mcp',0,1,10,'MCP_MAIN','',''),(141,1,1,'','mcp',0,11,18,'MCP_QUEUE','',''),(142,1,1,'','mcp',0,19,32,'MCP_REPORTS','',''),(143,1,1,'','mcp',0,33,38,'MCP_NOTES','',''),(144,1,1,'','mcp',0,39,48,'MCP_WARN','',''),(145,1,1,'','mcp',0,49,56,'MCP_LOGS','',''),(146,1,1,'','mcp',0,57,64,'MCP_BAN','',''),(147,1,1,'ban','mcp',146,58,59,'MCP_BAN_USERNAMES','user','acl_m_ban'),(148,1,1,'ban','mcp',146,60,61,'MCP_BAN_IPS','ip','acl_m_ban'),(149,1,1,'ban','mcp',146,62,63,'MCP_BAN_EMAILS','email','acl_m_ban'),(150,1,1,'logs','mcp',145,50,51,'MCP_LOGS_FRONT','front','acl_m_ || aclf_m_'),(151,1,1,'logs','mcp',145,52,53,'MCP_LOGS_FORUM_VIEW','forum_logs','acl_m_,$id'),(152,1,1,'logs','mcp',145,54,55,'MCP_LOGS_TOPIC_VIEW','topic_logs','acl_m_,$id'),(153,1,1,'main','mcp',140,2,3,'MCP_MAIN_FRONT','front',''),(154,1,1,'main','mcp',140,4,5,'MCP_MAIN_FORUM_VIEW','forum_view','acl_m_,$id'),(155,1,1,'main','mcp',140,6,7,'MCP_MAIN_TOPIC_VIEW','topic_view','acl_m_,$id'),(156,1,1,'main','mcp',140,8,9,'MCP_MAIN_POST_DETAILS','post_details','acl_m_,$id || (!$id && aclf_m_)'),(157,1,1,'notes','mcp',143,34,35,'MCP_NOTES_FRONT','front',''),(158,1,1,'notes','mcp',143,36,37,'MCP_NOTES_USER','user_notes',''),(159,1,1,'pm_reports','mcp',142,20,21,'MCP_PM_REPORTS_OPEN','pm_reports','aclf_m_report'),(160,1,1,'pm_reports','mcp',142,22,23,'MCP_PM_REPORTS_CLOSED','pm_reports_closed','aclf_m_report'),(161,1,1,'pm_reports','mcp',142,24,25,'MCP_PM_REPORT_DETAILS','pm_report_details','aclf_m_report'),(162,1,1,'queue','mcp',141,12,13,'MCP_QUEUE_UNAPPROVED_TOPICS','unapproved_topics','aclf_m_approve'),(163,1,1,'queue','mcp',141,14,15,'MCP_QUEUE_UNAPPROVED_POSTS','unapproved_posts','aclf_m_approve'),(164,1,1,'queue','mcp',141,16,17,'MCP_QUEUE_APPROVE_DETAILS','approve_details','acl_m_approve,$id || (!$id && aclf_m_approve)'),(165,1,1,'reports','mcp',142,26,27,'MCP_REPORTS_OPEN','reports','aclf_m_report'),(166,1,1,'reports','mcp',142,28,29,'MCP_REPORTS_CLOSED','reports_closed','aclf_m_report'),(167,1,1,'reports','mcp',142,30,31,'MCP_REPORT_DETAILS','report_details','acl_m_report,$id || (!$id && aclf_m_report)'),(168,1,1,'warn','mcp',144,40,41,'MCP_WARN_FRONT','front','aclf_m_warn'),(169,1,1,'warn','mcp',144,42,43,'MCP_WARN_LIST','list','aclf_m_warn'),(170,1,1,'warn','mcp',144,44,45,'MCP_WARN_USER','warn_user','aclf_m_warn'),(171,1,1,'warn','mcp',144,46,47,'MCP_WARN_POST','warn_post','acl_m_warn && acl_f_read,$id'),(172,1,1,'','ucp',0,1,12,'UCP_MAIN','',''),(173,1,1,'','ucp',0,13,22,'UCP_PROFILE','',''),(174,1,1,'','ucp',0,23,30,'UCP_PREFS','',''),(175,1,1,'','ucp',0,31,42,'UCP_PM','',''),(176,1,1,'','ucp',0,43,48,'UCP_USERGROUPS','',''),(177,1,1,'','ucp',0,49,54,'UCP_ZEBRA','',''),(178,1,1,'attachments','ucp',172,10,11,'UCP_MAIN_ATTACHMENTS','attachments','acl_u_attach'),(179,1,1,'groups','ucp',176,44,45,'UCP_USERGROUPS_MEMBER','membership',''),(180,1,1,'groups','ucp',176,46,47,'UCP_USERGROUPS_MANAGE','manage',''),(181,1,1,'main','ucp',172,2,3,'UCP_MAIN_FRONT','front',''),(182,1,1,'main','ucp',172,4,5,'UCP_MAIN_SUBSCRIBED','subscribed',''),(183,1,1,'main','ucp',172,6,7,'UCP_MAIN_BOOKMARKS','bookmarks','cfg_allow_bookmarks'),(184,1,1,'main','ucp',172,8,9,'UCP_MAIN_DRAFTS','drafts',''),(185,1,0,'pm','ucp',175,32,33,'UCP_PM_VIEW','view','cfg_allow_privmsg'),(186,1,1,'pm','ucp',175,34,35,'UCP_PM_COMPOSE','compose','cfg_allow_privmsg'),(187,1,1,'pm','ucp',175,36,37,'UCP_PM_DRAFTS','drafts','cfg_allow_privmsg'),(188,1,1,'pm','ucp',175,38,39,'UCP_PM_OPTIONS','options','cfg_allow_privmsg'),(189,1,0,'pm','ucp',175,40,41,'UCP_PM_POPUP_TITLE','popup','cfg_allow_privmsg'),(190,1,1,'prefs','ucp',174,24,25,'UCP_PREFS_PERSONAL','personal',''),(191,1,1,'prefs','ucp',174,26,27,'UCP_PREFS_POST','post',''),(192,1,1,'prefs','ucp',174,28,29,'UCP_PREFS_VIEW','view',''),(193,1,1,'profile','ucp',173,14,15,'UCP_PROFILE_PROFILE_INFO','profile_info',''),(194,1,1,'profile','ucp',173,16,17,'UCP_PROFILE_SIGNATURE','signature',''),(195,1,1,'profile','ucp',173,18,19,'UCP_PROFILE_AVATAR','avatar','cfg_allow_avatar && (cfg_allow_avatar_local || cfg_allow_avatar_remote || cfg_allow_avatar_upload || cfg_allow_avatar_remote_upload)'),(196,1,1,'profile','ucp',173,20,21,'UCP_PROFILE_REG_DETAILS','reg_details',''),(197,1,1,'zebra','ucp',177,50,51,'UCP_ZEBRA_FRIENDS','friends',''),(198,1,1,'zebra','ucp',177,52,53,'UCP_ZEBRA_FOES','foes','');

--
-- Table structure for table `ey2n4tv0a6_poll_options`
--

CREATE TABLE `ey2n4tv0a6_poll_options` (
  `poll_option_id` tinyint(4) NOT NULL DEFAULT '0',
  `topic_id` mediumint(8) unsigned NOT NULL DEFAULT '0',
  `poll_option_text` text COLLATE utf8_bin NOT NULL,
  `poll_option_total` mediumint(8) unsigned NOT NULL DEFAULT '0',
  KEY `poll_opt_id` (`poll_option_id`),
  KEY `topic_id` (`topic_id`)
) ENGINE=InnoDB DEFAULT CHARSET=utf8 COLLATE=utf8_bin;

--
-- Dumping data for table `ey2n4tv0a6_poll_options`
--


--
-- Table structure for table `ey2n4tv0a6_poll_votes`
--

CREATE TABLE `ey2n4tv0a6_poll_votes` (
  `topic_id` mediumint(8) unsigned NOT NULL DEFAULT '0',
  `poll_option_id` tinyint(4) NOT NULL DEFAULT '0',
  `vote_user_id` mediumint(8) unsigned NOT NULL DEFAULT '0',
  `vote_user_ip` varchar(40) COLLATE utf8_bin NOT NULL DEFAULT '',
  KEY `topic_id` (`topic_id`),
  KEY `vote_user_id` (`vote_user_id`),
  KEY `vote_user_ip` (`vote_user_ip`)
) ENGINE=InnoDB DEFAULT CHARSET=utf8 COLLATE=utf8_bin;

--
-- Dumping data for table `ey2n4tv0a6_poll_votes`
--


--
-- Table structure for table `ey2n4tv0a6_posts`
--

CREATE TABLE `ey2n4tv0a6_posts` (
  `post_id` mediumint(8) unsigned NOT NULL AUTO_INCREMENT,
  `topic_id` mediumint(8) unsigned NOT NULL DEFAULT '0',
  `forum_id` mediumint(8) unsigned NOT NULL DEFAULT '0',
  `poster_id` mediumint(8) unsigned NOT NULL DEFAULT '0',
  `icon_id` mediumint(8) unsigned NOT NULL DEFAULT '0',
  `poster_ip` varchar(40) COLLATE utf8_bin NOT NULL DEFAULT '',
  `post_time` int(11) unsigned NOT NULL DEFAULT '0',
  `post_approved` tinyint(1) unsigned NOT NULL DEFAULT '1',
  `post_reported` tinyint(1) unsigned NOT NULL DEFAULT '0',
  `enable_bbcode` tinyint(1) unsigned NOT NULL DEFAULT '1',
  `enable_smilies` tinyint(1) unsigned NOT NULL DEFAULT '1',
  `enable_magic_url` tinyint(1) unsigned NOT NULL DEFAULT '1',
  `enable_sig` tinyint(1) unsigned NOT NULL DEFAULT '1',
  `post_username` varchar(255) COLLATE utf8_bin NOT NULL DEFAULT '',
  `post_subject` varchar(255) CHARACTER SET utf8 COLLATE utf8_unicode_ci NOT NULL DEFAULT '',
  `post_text` mediumtext COLLATE utf8_bin NOT NULL,
  `post_checksum` varchar(32) COLLATE utf8_bin NOT NULL DEFAULT '',
  `post_attachment` tinyint(1) unsigned NOT NULL DEFAULT '0',
  `bbcode_bitfield` varchar(255) COLLATE utf8_bin NOT NULL DEFAULT '',
  `bbcode_uid` varchar(8) COLLATE utf8_bin NOT NULL DEFAULT '',
  `post_postcount` tinyint(1) unsigned NOT NULL DEFAULT '1',
  `post_edit_time` int(11) unsigned NOT NULL DEFAULT '0',
  `post_edit_reason` varchar(255) COLLATE utf8_bin NOT NULL DEFAULT '',
  `post_edit_user` mediumint(8) unsigned NOT NULL DEFAULT '0',
  `post_edit_count` smallint(4) unsigned NOT NULL DEFAULT '0',
  `post_edit_locked` tinyint(1) unsigned NOT NULL DEFAULT '0',
  PRIMARY KEY (`post_id`),
  KEY `forum_id` (`forum_id`),
  KEY `topic_id` (`topic_id`),
  KEY `poster_ip` (`poster_ip`),
  KEY `poster_id` (`poster_id`),
  KEY `post_approved` (`post_approved`),
  KEY `post_username` (`post_username`),
  KEY `tid_post_time` (`topic_id`,`post_time`)
) ENGINE=InnoDB AUTO_INCREMENT=4 DEFAULT CHARSET=utf8 COLLATE=utf8_bin;

--
-- Dumping data for table `ey2n4tv0a6_posts`
--

INSERT INTO `ey2n4tv0a6_posts` VALUES (1,1,2,2,0,'127.0.0.1',1347605429,1,0,1,1,1,1,'','Fuck You, you ching-chong mother fucker!','You\'re not getting access to this board any more.\nI took it back and fuck you.','c01af8b67b204cf674d7678733ca2d52',0,'','2m3jnl3v',1,0,'',0,0,0),(2,1,2,2,0,'70.164.72.175',1381951593,1,0,1,1,1,1,'','Re: Fuck You, you ching-chong mother fucker!','Fuck you again...','fc8107f6ab3b2e38727caaca7fffb3f4',1,'','2ikic8xp',1,0,'',0,0,0),(3,1,2,2,0,'216.155.116.112',1384202977,1,0,1,1,1,1,'','Re: Fuck You, you ching-chong mother fucker!','ONLY USA MEMBERS ALLOWED!!!\n\nALL OTHERS WILL BE IP BANNED!!!\n\nThanks,\nThe Management','e6a45821601f73d862dbc477d7c65748',0,'','2tjszlem',1,0,'',0,0,0);

--
-- Table structure for table `ey2n4tv0a6_privmsgs`
--

CREATE TABLE `ey2n4tv0a6_privmsgs` (
  `msg_id` mediumint(8) unsigned NOT NULL AUTO_INCREMENT,
  `root_level` mediumint(8) unsigned NOT NULL DEFAULT '0',
  `author_id` mediumint(8) unsigned NOT NULL DEFAULT '0',
  `icon_id` mediumint(8) unsigned NOT NULL DEFAULT '0',
  `author_ip` varchar(40) COLLATE utf8_bin NOT NULL DEFAULT '',
  `message_time` int(11) unsigned NOT NULL DEFAULT '0',
  `enable_bbcode` tinyint(1) unsigned NOT NULL DEFAULT '1',
  `enable_smilies` tinyint(1) unsigned NOT NULL DEFAULT '1',
  `enable_magic_url` tinyint(1) unsigned NOT NULL DEFAULT '1',
  `enable_sig` tinyint(1) unsigned NOT NULL DEFAULT '1',
  `message_subject` varchar(255) COLLATE utf8_bin NOT NULL DEFAULT '',
  `message_text` mediumtext COLLATE utf8_bin NOT NULL,
  `message_edit_reason` varchar(255) COLLATE utf8_bin NOT NULL DEFAULT '',
  `message_edit_user` mediumint(8) unsigned NOT NULL DEFAULT '0',
  `message_attachment` tinyint(1) unsigned NOT NULL DEFAULT '0',
  `bbcode_bitfield` varchar(255) COLLATE utf8_bin NOT NULL DEFAULT '',
  `bbcode_uid` varchar(8) COLLATE utf8_bin NOT NULL DEFAULT '',
  `message_edit_time` int(11) unsigned NOT NULL DEFAULT '0',
  `message_edit_count` smallint(4) unsigned NOT NULL DEFAULT '0',
  `to_address` text COLLATE utf8_bin NOT NULL,
  `bcc_address` text COLLATE utf8_bin NOT NULL,
  `message_reported` tinyint(1) unsigned NOT NULL DEFAULT '0',
  PRIMARY KEY (`msg_id`),
  KEY `author_ip` (`author_ip`),
  KEY `message_time` (`message_time`),
  KEY `author_id` (`author_id`),
  KEY `root_level` (`root_level`)
) ENGINE=InnoDB DEFAULT CHARSET=utf8 COLLATE=utf8_bin;

--
-- Dumping data for table `ey2n4tv0a6_privmsgs`
--


--
-- Table structure for table `ey2n4tv0a6_privmsgs_folder`
--

CREATE TABLE `ey2n4tv0a6_privmsgs_folder` (
  `folder_id` mediumint(8) unsigned NOT NULL AUTO_INCREMENT,
  `user_id` mediumint(8) unsigned NOT NULL DEFAULT '0',
  `folder_name` varchar(255) COLLATE utf8_bin NOT NULL DEFAULT '',
  `pm_count` mediumint(8) unsigned NOT NULL DEFAULT '0',
  PRIMARY KEY (`folder_id`),
  KEY `user_id` (`user_id`)
) ENGINE=InnoDB DEFAULT CHARSET=utf8 COLLATE=utf8_bin;

--
-- Dumping data for table `ey2n4tv0a6_privmsgs_folder`
--


--
-- Table structure for table `ey2n4tv0a6_privmsgs_rules`
--

CREATE TABLE `ey2n4tv0a6_privmsgs_rules` (
  `rule_id` mediumint(8) unsigned NOT NULL AUTO_INCREMENT,
  `user_id` mediumint(8) unsigned NOT NULL DEFAULT '0',
  `rule_check` mediumint(8) unsigned NOT NULL DEFAULT '0',
  `rule_connection` mediumint(8) unsigned NOT NULL DEFAULT '0',
  `rule_string` varchar(255) COLLATE utf8_bin NOT NULL DEFAULT '',
  `rule_user_id` mediumint(8) unsigned NOT NULL DEFAULT '0',
  `rule_group_id` mediumint(8) unsigned NOT NULL DEFAULT '0',
  `rule_action` mediumint(8) unsigned NOT NULL DEFAULT '0',
  `rule_folder_id` int(11) NOT NULL DEFAULT '0',
  PRIMARY KEY (`rule_id`),
  KEY `user_id` (`user_id`)
) ENGINE=InnoDB DEFAULT CHARSET=utf8 COLLATE=utf8_bin;

--
-- Dumping data for table `ey2n4tv0a6_privmsgs_rules`
--


--
-- Table structure for table `ey2n4tv0a6_privmsgs_to`
--

CREATE TABLE `ey2n4tv0a6_privmsgs_to` (
  `msg_id` mediumint(8) unsigned NOT NULL DEFAULT '0',
  `user_id` mediumint(8) unsigned NOT NULL DEFAULT '0',
  `author_id` mediumint(8) unsigned NOT NULL DEFAULT '0',
  `pm_deleted` tinyint(1) unsigned NOT NULL DEFAULT '0',
  `pm_new` tinyint(1) unsigned NOT NULL DEFAULT '1',
  `pm_unread` tinyint(1) unsigned NOT NULL DEFAULT '1',
  `pm_replied` tinyint(1) unsigned NOT NULL DEFAULT '0',
  `pm_marked` tinyint(1) unsigned NOT NULL DEFAULT '0',
  `pm_forwarded` tinyint(1) unsigned NOT NULL DEFAULT '0',
  `folder_id` int(11) NOT NULL DEFAULT '0',
  KEY `msg_id` (`msg_id`),
  KEY `author_id` (`author_id`),
  KEY `usr_flder_id` (`user_id`,`folder_id`)
) ENGINE=InnoDB DEFAULT CHARSET=utf8 COLLATE=utf8_bin;

--
-- Dumping data for table `ey2n4tv0a6_privmsgs_to`
--


--
-- Table structure for table `ey2n4tv0a6_profile_fields`
--

CREATE TABLE `ey2n4tv0a6_profile_fields` (
  `field_id` mediumint(8) unsigned NOT NULL AUTO_INCREMENT,
  `field_name` varchar(255) COLLATE utf8_bin NOT NULL DEFAULT '',
  `field_type` tinyint(4) NOT NULL DEFAULT '0',
  `field_ident` varchar(20) COLLATE utf8_bin NOT NULL DEFAULT '',
  `field_length` varchar(20) COLLATE utf8_bin NOT NULL DEFAULT '',
  `field_minlen` varchar(255) COLLATE utf8_bin NOT NULL DEFAULT '',
  `field_maxlen` varchar(255) COLLATE utf8_bin NOT NULL DEFAULT '',
  `field_novalue` varchar(255) COLLATE utf8_bin NOT NULL DEFAULT '',
  `field_default_value` varchar(255) COLLATE utf8_bin NOT NULL DEFAULT '',
  `field_validation` varchar(20) COLLATE utf8_bin NOT NULL DEFAULT '',
  `field_required` tinyint(1) unsigned NOT NULL DEFAULT '0',
  `field_show_novalue` tinyint(1) unsigned NOT NULL DEFAULT '0',
  `field_show_on_reg` tinyint(1) unsigned NOT NULL DEFAULT '0',
  `field_show_on_vt` tinyint(1) unsigned NOT NULL DEFAULT '0',
  `field_show_profile` tinyint(1) unsigned NOT NULL DEFAULT '0',
  `field_hide` tinyint(1) unsigned NOT NULL DEFAULT '0',
  `field_no_view` tinyint(1) unsigned NOT NULL DEFAULT '0',
  `field_active` tinyint(1) unsigned NOT NULL DEFAULT '0',
  `field_order` mediumint(8) unsigned NOT NULL DEFAULT '0',
  PRIMARY KEY (`field_id`),
  KEY `fld_type` (`field_type`),
  KEY `fld_ordr` (`field_order`)
) ENGINE=InnoDB DEFAULT CHARSET=utf8 COLLATE=utf8_bin;

--
-- Dumping data for table `ey2n4tv0a6_profile_fields`
--


--
-- Table structure for table `ey2n4tv0a6_profile_fields_data`
--

CREATE TABLE `ey2n4tv0a6_profile_fields_data` (
  `user_id` mediumint(8) unsigned NOT NULL DEFAULT '0',
  PRIMARY KEY (`user_id`)
) ENGINE=InnoDB DEFAULT CHARSET=utf8 COLLATE=utf8_bin;

--
-- Dumping data for table `ey2n4tv0a6_profile_fields_data`
--


--
-- Table structure for table `ey2n4tv0a6_profile_fields_lang`
--

CREATE TABLE `ey2n4tv0a6_profile_fields_lang` (
  `field_id` mediumint(8) unsigned NOT NULL DEFAULT '0',
  `lang_id` mediumint(8) unsigned NOT NULL DEFAULT '0',
  `option_id` mediumint(8) unsigned NOT NULL DEFAULT '0',
  `field_type` tinyint(4) NOT NULL DEFAULT '0',
  `lang_value` varchar(255) COLLATE utf8_bin NOT NULL DEFAULT '',
  PRIMARY KEY (`field_id`,`lang_id`,`option_id`)
) ENGINE=InnoDB DEFAULT CHARSET=utf8 COLLATE=utf8_bin;

--
-- Dumping data for table `ey2n4tv0a6_profile_fields_lang`
--


--
-- Table structure for table `ey2n4tv0a6_profile_lang`
--

CREATE TABLE `ey2n4tv0a6_profile_lang` (
  `field_id` mediumint(8) unsigned NOT NULL DEFAULT '0',
  `lang_id` mediumint(8) unsigned NOT NULL DEFAULT '0',
  `lang_name` varchar(255) COLLATE utf8_bin NOT NULL DEFAULT '',
  `lang_explain` text COLLATE utf8_bin NOT NULL,
  `lang_default_value` varchar(255) COLLATE utf8_bin NOT NULL DEFAULT '',
  PRIMARY KEY (`field_id`,`lang_id`)
) ENGINE=InnoDB DEFAULT CHARSET=utf8 COLLATE=utf8_bin;

--
-- Dumping data for table `ey2n4tv0a6_profile_lang`
--


--
-- Table structure for table `ey2n4tv0a6_ranks`
--

CREATE TABLE `ey2n4tv0a6_ranks` (
  `rank_id` mediumint(8) unsigned NOT NULL AUTO_INCREMENT,
  `rank_title` varchar(255) COLLATE utf8_bin NOT NULL DEFAULT '',
  `rank_min` mediumint(8) unsigned NOT NULL DEFAULT '0',
  `rank_special` tinyint(1) unsigned NOT NULL DEFAULT '0',
  `rank_image` varchar(255) COLLATE utf8_bin NOT NULL DEFAULT '',
  PRIMARY KEY (`rank_id`)
) ENGINE=InnoDB AUTO_INCREMENT=2 DEFAULT CHARSET=utf8 COLLATE=utf8_bin;

--
-- Dumping data for table `ey2n4tv0a6_ranks`
--

INSERT INTO `ey2n4tv0a6_ranks` VALUES (1,'Site Admin',0,1,'');

--
-- Table structure for table `ey2n4tv0a6_reports`
--

CREATE TABLE `ey2n4tv0a6_reports` (
  `report_id` mediumint(8) unsigned NOT NULL AUTO_INCREMENT,
  `reason_id` smallint(4) unsigned NOT NULL DEFAULT '0',
  `post_id` mediumint(8) unsigned NOT NULL DEFAULT '0',
  `pm_id` mediumint(8) unsigned NOT NULL DEFAULT '0',
  `user_id` mediumint(8) unsigned NOT NULL DEFAULT '0',
  `user_notify` tinyint(1) unsigned NOT NULL DEFAULT '0',
  `report_closed` tinyint(1) unsigned NOT NULL DEFAULT '0',
  `report_time` int(11) unsigned NOT NULL DEFAULT '0',
  `report_text` mediumtext COLLATE utf8_bin NOT NULL,
  PRIMARY KEY (`report_id`),
  KEY `post_id` (`post_id`),
  KEY `pm_id` (`pm_id`)
) ENGINE=InnoDB DEFAULT CHARSET=utf8 COLLATE=utf8_bin;

--
-- Dumping data for table `ey2n4tv0a6_reports`
--


--
-- Table structure for table `ey2n4tv0a6_reports_reasons`
--

CREATE TABLE `ey2n4tv0a6_reports_reasons` (
  `reason_id` smallint(4) unsigned NOT NULL AUTO_INCREMENT,
  `reason_title` varchar(255) COLLATE utf8_bin NOT NULL DEFAULT '',
  `reason_description` mediumtext COLLATE utf8_bin NOT NULL,
  `reason_order` smallint(4) unsigned NOT NULL DEFAULT '0',
  PRIMARY KEY (`reason_id`)
) ENGINE=InnoDB AUTO_INCREMENT=5 DEFAULT CHARSET=utf8 COLLATE=utf8_bin;

--
-- Dumping data for table `ey2n4tv0a6_reports_reasons`
--

INSERT INTO `ey2n4tv0a6_reports_reasons` VALUES (1,'warez','The post contains links to illegal or pirated software.',1),(2,'spam','The reported post has the only purpose to advertise for a website or another product.',2),(3,'off_topic','The reported post is off topic.',3),(4,'other','The reported post does not fit into any other category, please use the further information field.',4);

--
-- Table structure for table `ey2n4tv0a6_search_results`
--

CREATE TABLE `ey2n4tv0a6_search_results` (
  `search_key` varchar(32) COLLATE utf8_bin NOT NULL DEFAULT '',
  `search_time` int(11) unsigned NOT NULL DEFAULT '0',
  `search_keywords` mediumtext COLLATE utf8_bin NOT NULL,
  `search_authors` mediumtext COLLATE utf8_bin NOT NULL,
  PRIMARY KEY (`search_key`)
) ENGINE=InnoDB DEFAULT CHARSET=utf8 COLLATE=utf8_bin;

--
-- Dumping data for table `ey2n4tv0a6_search_results`
--


--
-- Table structure for table `ey2n4tv0a6_search_wordlist`
--

CREATE TABLE `ey2n4tv0a6_search_wordlist` (
  `word_id` mediumint(8) unsigned NOT NULL AUTO_INCREMENT,
  `word_text` varchar(255) COLLATE utf8_bin NOT NULL DEFAULT '',
  `word_common` tinyint(1) unsigned NOT NULL DEFAULT '0',
  `word_count` mediumint(8) unsigned NOT NULL DEFAULT '0',
  PRIMARY KEY (`word_id`),
  UNIQUE KEY `wrd_txt` (`word_text`),
  KEY `wrd_cnt` (`word_count`)
) ENGINE=InnoDB AUTO_INCREMENT=80 DEFAULT CHARSET=utf8 COLLATE=utf8_bin;

--
-- Dumping data for table `ey2n4tv0a6_search_wordlist`
--

INSERT INTO `ey2n4tv0a6_search_wordlist` VALUES (1,'this',0,1),(2,'example',0,0),(3,'post',0,0),(4,'your',0,0),(5,'phpbb3',0,0),(6,'installation',0,0),(7,'everything',0,0),(8,'seems',0,0),(9,'working',0,0),(10,'you',0,5),(11,'may',0,0),(12,'delete',0,0),(13,'like',0,0),(14,'and',0,1),(15,'continue',0,0),(16,'set',0,0),(17,'board',0,1),(18,'during',0,0),(19,'the',0,1),(20,'process',0,0),(21,'first',0,0),(22,'category',0,0),(23,'forum',0,0),(24,'are',0,0),(25,'assigned',0,0),(26,'appropriate',0,0),(27,'permissions',0,0),(28,'for',0,0),(29,'predefined',0,0),(30,'usergroups',0,0),(31,'administrators',0,0),(32,'bots',0,0),(33,'global',0,0),(34,'moderators',0,0),(35,'guests',0,0),(36,'registered',0,0),(37,'users',0,0),(38,'coppa',0,0),(39,'also',0,0),(40,'choose',0,0),(41,'not',0,1),(42,'forget',0,0),(43,'assign',0,0),(44,'all',0,1),(45,'these',0,0),(46,'new',0,0),(47,'categories',0,0),(48,'forums',0,0),(49,'create',0,0),(50,'recommended',0,0),(51,'rename',0,0),(52,'copy',0,0),(53,'from',0,0),(54,'while',0,0),(55,'creating',0,0),(56,'have',0,0),(57,'fun',0,0),(58,'welcome',0,0),(59,'getting',0,1),(60,'access',0,1),(61,'any',0,1),(62,'more',0,1),(63,'took',0,1),(64,'back',0,1),(65,'fuck',0,5),(66,'ching',0,3),(67,'chong',0,3),(68,'mother',0,3),(69,'fucker',0,3),(70,'again',0,1),(71,'only',0,1),(72,'usa',0,1),(73,'allowed',0,1),(74,'others',0,1),(75,'will',0,1),(76,'banned',0,1),(77,'thanks',0,1),(78,'management',0,1),(79,'members',0,1);

--
-- Table structure for table `ey2n4tv0a6_search_wordmatch`
--

CREATE TABLE `ey2n4tv0a6_search_wordmatch` (
  `post_id` mediumint(8) unsigned NOT NULL DEFAULT '0',
  `word_id` mediumint(8) unsigned NOT NULL DEFAULT '0',
  `title_match` tinyint(1) unsigned NOT NULL DEFAULT '0',
  UNIQUE KEY `unq_mtch` (`word_id`,`post_id`,`title_match`),
  KEY `word_id` (`word_id`),
  KEY `post_id` (`post_id`)
) ENGINE=InnoDB DEFAULT CHARSET=utf8 COLLATE=utf8_bin;

--
-- Dumping data for table `ey2n4tv0a6_search_wordmatch`
--

INSERT INTO `ey2n4tv0a6_search_wordmatch` VALUES (1,1,0),(1,10,0),(1,10,1),(2,10,0),(2,10,1),(3,10,1),(1,14,0),(1,17,0),(3,19,0),(1,41,0),(3,44,0),(1,59,0),(1,60,0),(1,61,0),(1,62,0),(1,63,0),(1,64,0),(1,65,0),(1,65,1),(2,65,0),(2,65,1),(3,65,1),(1,66,1),(2,66,1),(3,66,1),(1,67,1),(2,67,1),(3,67,1),(1,68,1),(2,68,1),(3,68,1),(1,69,1),(2,69,1),(3,69,1),(2,70,0),(3,71,0),(3,72,0),(3,73,0),(3,74,0),(3,75,0),(3,76,0),(3,77,0),(3,78,0),(3,79,0);

--
-- Table structure for table `ey2n4tv0a6_sessions`
--

CREATE TABLE `ey2n4tv0a6_sessions` (
  `session_id` char(32) COLLATE utf8_bin NOT NULL DEFAULT '',
  `session_user_id` mediumint(8) unsigned NOT NULL DEFAULT '0',
  `session_forum_id` mediumint(8) unsigned NOT NULL DEFAULT '0',
  `session_last_visit` int(11) unsigned NOT NULL DEFAULT '0',
  `session_start` int(11) unsigned NOT NULL DEFAULT '0',
  `session_time` int(11) unsigned NOT NULL DEFAULT '0',
  `session_ip` varchar(40) COLLATE utf8_bin NOT NULL DEFAULT '',
  `session_browser` varchar(150) COLLATE utf8_bin NOT NULL DEFAULT '',
  `session_forwarded_for` varchar(255) COLLATE utf8_bin NOT NULL DEFAULT '',
  `session_page` varchar(255) COLLATE utf8_bin NOT NULL DEFAULT '',
  `session_viewonline` tinyint(1) unsigned NOT NULL DEFAULT '1',
  `session_autologin` tinyint(1) unsigned NOT NULL DEFAULT '0',
  `session_admin` tinyint(1) unsigned NOT NULL DEFAULT '0',
  PRIMARY KEY (`session_id`),
  KEY `session_time` (`session_time`),
  KEY `session_user_id` (`session_user_id`),
  KEY `session_fid` (`session_forum_id`)
) ENGINE=InnoDB DEFAULT CHARSET=utf8 COLLATE=utf8_bin;

--
-- Dumping data for table `ey2n4tv0a6_sessions`
--

INSERT INTO `ey2n4tv0a6_sessions` VALUES ('07854fc2ac146074c8c3a9c5ba1b7e83',1,2,1385425169,1385425169,1385425169,'222.186.20.10','Mozilla/5.0 (Windows NT 6.1; rv:10.0.2) Gecko/20100101 Firefox/10.0.2','','viewtopic.php?f=2&t=837',1,0,0),('0831f4cf1bbed31bdf70ba2a040a6e0e',1,2,1385421073,1385421073,1385421073,'5.10.83.81','Mozilla/5.0 (compatible; AhrefsBot/5.0; +http://ahrefs.com/robot/)','','viewtopic.php?f=2&t=718',1,0,0),('0ad467c69b41b68c82e7c88dd162651d',1,2,1385424581,1385424581,1385424581,'5.10.83.46','Mozilla/5.0 (compatible; AhrefsBot/5.0; +http://ahrefs.com/robot/)','','viewtopic.php?f=2&t=1064',1,0,0),('0d1b2f60051fd9bc17e978fd7c047304',1,0,1385421594,1385421594,1385421594,'190.206.211.226','Mozilla/5.0 (Windows NT 6.1; rv:13.0) Gecko/20100101 Firefox/13.0.1','','index.php',1,0,0),('0d97f0947584e5cfc8d0e2bd7021c5ff',1,0,1385423134,1385423134,1385423185,'195.190.13.142','Mozilla/5.0 (Windows NT 5.1) AppleWebKit/535.19 (KHTML, like Gecko) Chrome/18.0.1025.1634 Safari/535.19 YE','','ucp.php?mode=login',1,0,0),('0f53fbd6ed82a7696b5430d7434eb533',1,0,1385421490,1385421490,1385421866,'115.53.229.84','Mozilla/5.0 (compatible; MSIE 9.0; Windows NT 6.1; Trident/5.0)','','ucp.php?mode=login',1,0,0),('1103225e51842149d3f1df4bafa846dc',1,4,1385424186,1385424186,1385424188,'58.252.186.148','Opera/9.80 (Windows NT 6.1; Edition Yx) Presto/2.12.388 Version/12.10','','viewtopic.php?f=4&t=1/ucp.php?mode=register',1,0,0),('1278fce544441d42097c50b812095f36',1,4,1385423897,1385423897,1385423983,'61.55.141.10','Mozilla/5.0 (Windows NT 6.1) AppleWebKit/537.4 (KHTML, like Gecko) Chrome/22.0.1229.94 Safari/537.4','','viewtopic.php?t=2953&f=4',1,0,0),('138804cb444c93d94d0091a8aca54b18',1,0,1385420554,1385420554,1385420589,'74.91.26.198','Mozilla/5.0 (Windows NT 5.1) AppleWebKit/536.5 (KHTML, like Gecko) YaBrowser/1.1.1084.5409 Chrome/19.1.1084.5409 Safari/536.5','','ucp.php?mode=login',1,0,0),('141e7ad668d0e682b2ddeff6a68dfe62',1,2,1385425221,1385425221,1385425221,'221.130.17.45','Mozilla/5.0 (Windows NT 6.1; rv:10.0.2) Gecko/20100101 Firefox/10.0.2','','viewtopic.php?f=2&t=837',1,0,0),('1564db3f8274dce3cd9f773206aa88b6',1,2,1385425182,1385425182,1385425182,'5.10.83.62','Mozilla/5.0 (compatible; AhrefsBot/5.0; +http://ahrefs.com/robot/)','','viewtopic.php?t=2615&f=2',1,0,0),('170b308a36bfab4bac0e2aceecb1e659',1,0,1385424285,1385424285,1385424285,'186.93.135.146','Mozilla/5.0 (Windows NT 5.1) AppleWebKit/535.2 (KHTML, like Gecko) Chrome/15.0.874.121 Safari/535.2','','index.php',1,0,0),('1750a0df7953a901d56dae1a3297f53a',1,0,1385421417,1385421417,1385421622,'222.242.106.143','Opera/9.80 (Windows NT 6.1) Presto/2.12.388 Version/12.11','','ucp.php?mode=login',1,0,0),('1856bd53533764634755582d5a788f33',1,4,1385423890,1385423890,1385423890,'115.209.161.253','Opera/9.80 (Windows NT 6.1; U; Edition Next; ru) Presto/2.11.310 Version/12.50','','viewtopic.php?f=4&t=2941',1,0,0),('19389dd5e1303218a752790f1cd6d771',1,4,1385422029,1385422029,1385422029,'5.10.83.54','Mozilla/5.0 (compatible; AhrefsBot/5.0; +http://ahrefs.com/robot/)','','viewtopic.php?f=4&t=254&start=150',1,0,0),('19a853b7ad3a1e7a39b280de24f28aa8',1,0,1385423418,1385423418,1385423418,'190.37.127.104','Opera/9.80 (Windows NT 6.1; U; ru) Presto/2.7.39 Version/11.00','','index.php',1,0,0),('1b0c2caba9c92051f2922e76b1713c0d',1,4,1385425528,1385425528,1385425528,'5.10.83.48','Mozilla/5.0 (compatible; AhrefsBot/5.0; +http://ahrefs.com/robot/)','','viewtopic.php?f=4&t=2738',1,0,0),('1dabffd12cbad34a6b7032807df060b2',1,0,1385421393,1385421393,1385421397,'36.250.177.58','Mozilla/5.0 (Windows NT 6.2; rv:16.0) Gecko/20100101 Firefox/16.0','','ucp.php?mode=login',1,0,0),('1dc20b6243ff48f5f46d2e17edef658e',1,2,1385425196,1385425196,1385425196,'203.125.204.242','Mozilla/5.0 (Windows NT 6.1; rv:10.0.2) Gecko/20100101 Firefox/10.0.2','','viewtopic.php?f=2&t=837',1,0,0),('1dfc7669039863e1c81996360ba96389',1,0,1385425165,1385425165,1385425165,'5.10.83.65','Mozilla/5.0 (compatible; AhrefsBot/5.0; +http://ahrefs.com/robot/)','','viewtopic.php?p=1311',1,0,0),('20d9fa86b709dcb0741607642cf11b22',1,4,1385424311,1385424311,1385424311,'5.10.83.94','Mozilla/5.0 (compatible; AhrefsBot/5.0; +http://ahrefs.com/robot/)','','posting.php?mode=reply&f=4&t=2986',1,0,0),('2293fc5656dafc16ca2e618ccf82aad5',1,4,1385424412,1385424412,1385424412,'5.10.83.96','Mozilla/5.0 (compatible; AhrefsBot/5.0; +http://ahrefs.com/robot/)','','viewtopic.php?f=4&t=2898',1,0,0),('234a2398df6eeea45f64e6659f76b14f',1,0,1385423769,1385423769,1385423829,'219.150.204.30','Mozilla/4.0 (compatible; MSIE 8.0; Windows NT 5.1; Trident/4.0; .NET CLR 2.0.50727; .NET CLR 3.0.4506.2152; .NET CLR 3.5.30729)','','ucp.php?mode=login',1,0,0),('236e488a6f7f5624846d4146e184ba54',1,0,1385424071,1385424071,1385424071,'190.37.233.127','Mozilla/5.0 (Windows NT 5.1; rv:13.0) Gecko/20100101 Firefox/13.0','','ucp.php?mode=register',1,0,0),('251b1e3aa99ecdc73836656272387a9e',1,0,1385423693,1385423693,1385423713,'192.187.99.107','Mozilla/5.0 (Windows NT 6.2; WOW64) AppleWebKit/537.11 (KHTML, like Gecko) Chrome/23.0.1271.64 Safari/537.11','','ucp.php?mode=login',1,0,0),('25c010c9dc73f637bba3a0783dbffd17',1,2,1385424637,1385424637,1385424637,'5.10.83.88','Mozilla/5.0 (compatible; AhrefsBot/5.0; +http://ahrefs.com/robot/)','','viewtopic.php?f=2&t=1027',1,0,0),('26c1a0d1ba920fb5352e6d5167fcff91',1,4,1385420366,1385420366,1385420366,'202.46.63.100','Mozilla/5.0 (Windows; U; Windows NT 5.1; zh-CN; rv:1.9.1.2) Firefox/3.5.2','','viewtopic.php?f=4&t=3299&view=previous',1,0,0),('2b873381d035017f0bed4aaa5dbf6f2a',1,4,1385424666,1385424666,1385424666,'5.10.83.25','Mozilla/5.0 (compatible; AhrefsBot/5.0; +http://ahrefs.com/robot/)','','viewtopic.php?f=4&t=1049',1,0,0),('2cf6b94d08da4ed02d05b3a20e52763e',1,4,1385422793,1385422793,1385422793,'5.10.83.62','Mozilla/5.0 (compatible; AhrefsBot/5.0; +http://ahrefs.com/robot/)','','viewtopic.php?f=4&t=1528',1,0,0),('2fde6dc8cb262fe2aa994adb566acb4c',1,0,1385424391,1385424391,1385424391,'112.140.184.245','Mozilla/5.0 (Windows NT 5.1) AppleWebKit/535.2 (KHTML, like Gecko) Chrome/15.0.874.121 Safari/535.2','','index.php',1,0,0),('308c8a1185cc26ceb4db8a219420d104',1,0,1385420546,1385420546,1385420546,'190.203.47.38','Mozilla/5.0 (Macintosh; Intel Mac OS X 10_8_2) AppleWebKit/537.11 (KHTML, like Gecko) Chrome/23.0.1271.91 Safari/537.11','','ucp.php?mode=register',1,0,0),('3222917c0bcc89ff93ff8462d58f7905',1,2,1385423851,1385423851,1385423851,'5.10.83.83','Mozilla/5.0 (compatible; AhrefsBot/5.0; +http://ahrefs.com/robot/)','','viewtopic.php?f=2&t=2115&p=2644',1,0,0),('33547ba48f9e12afb4df2ae2d55bef5f',1,4,1385423380,1385423380,1385423380,'5.10.83.45','Mozilla/5.0 (compatible; AhrefsBot/5.0; +http://ahrefs.com/robot/)','','viewtopic.php?f=4&t=1827&view=next',1,0,0),('33fe3411352e27ea04c657b81ccaca79',2,0,1385079386,1385425153,1385425320,'74.208.134.21','Mozilla/5.0 (Windows NT 6.1; WOW64; rv:15.0) Gecko/20100101 Firefox/15.0.1','','ucp.php?i=groups&mode=manage',1,0,0),('34a3fb8f728a4bbcfd879d70e12ff3b0',1,4,1385421678,1385421678,1385421678,'5.10.83.94','Mozilla/5.0 (compatible; AhrefsBot/5.0; +http://ahrefs.com/robot/)','','viewtopic.php?f=4&t=2903',1,0,0),('34ddfbea7f69e5f1ac748e39c47c2e05',1,4,1385420620,1385420620,1385420620,'5.10.83.83','Mozilla/5.0 (compatible; AhrefsBot/5.0; +http://ahrefs.com/robot/)','','viewtopic.php?f=4&t=1720',1,0,0),('35b27af288a11501dcd03863bf0488fd',1,0,1385424732,1385424732,1385424732,'5.10.83.68','Mozilla/5.0 (compatible; AhrefsBot/5.0; +http://ahrefs.com/robot/)','','search.php?st=0&sk=t&sd=d&sr=topics&search_id=unanswered&start=950',1,0,0),('395894d20ed1df9b965f170c5cc2fce3',1,0,1385423848,1385423848,1385424125,'124.158.1.217','Mozilla/5.0 (Windows NT 6.2) AppleWebKit/537.11 (KHTML, like Gecko) Chrome/23.0.1271.95 Safari/537.11','','index.php',1,0,0),('397c0b9ec1d01fc5e1b1a2495025a038',1,4,1385425923,1385425923,1385425923,'5.10.83.64','Mozilla/5.0 (compatible; AhrefsBot/5.0; +http://ahrefs.com/robot/)','','viewtopic.php?f=4&t=2169',1,0,0),('39a7ecb49c0f2c914ae4605c0853f414',1,2,1385422387,1385422387,1385422387,'5.10.83.64','Mozilla/5.0 (compatible; AhrefsBot/5.0; +http://ahrefs.com/robot/)','','viewtopic.php?f=2&t=2744&p=3813',1,0,0),('3c9329608f6d6900fe753413929e42ab',2,2,1385079386,1385389155,1385426077,'216.155.116.112','Mozilla/4.0 (compatible; MSIE 7.0; Windows NT 6.1; WOW64; Trident/5.0; SLCC2; .NET CLR 2.0.50727; .NET CLR 3.5.30729; .NET CLR 3.0.30729; Media Cente','','adm/index.php?i=forums&icat=7&mode=manage&parent_id=0&f=2&action=edit',1,1,1),('3d12f285b2742ddd632c556d8dd817b6',1,0,1385420590,1385420590,1385420590,'190.36.97.44','Opera/9.80 (Windows NT 5.1) Presto/2.12.388 Version/12.10','','index.php',1,0,0),('3ebb398398394f918a1bed1f9c053899',1,4,1385422964,1385422964,1385422964,'5.10.83.29','Mozilla/5.0 (compatible; AhrefsBot/5.0; +http://ahrefs.com/robot/)','','viewtopic.php?f=4&t=1895',1,0,0),('426116082822277b4f8e6a2fdf0a0aaa',1,4,1385424530,1385424530,1385424530,'5.10.83.29','Mozilla/5.0 (compatible; AhrefsBot/5.0; +http://ahrefs.com/robot/)','','viewtopic.php?f=4&t=1674&p=1930',1,0,0),('43bcbb12be5f0ecd519e3ba7ea433cb0',1,4,1385420602,1385420602,1385420602,'5.10.83.25','Mozilla/5.0 (compatible; AhrefsBot/5.0; +http://ahrefs.com/robot/)','','viewtopic.php?f=4&t=1519',1,0,0),('443cbbdc5d2e0a34b3ce0f2976f2e6ed',1,0,1385421410,1385421410,1385421410,'123.161.25.12','Mozilla/5.0 (Windows NT 5.1) AppleWebKit/537.11 (KHTML, like Gecko) Chrome/23.0.1271.91 Safari/537.11','','index.php',1,0,0),('45cd65b602e98b7c4f26795a17b39df4',1,2,1385424421,1385424421,1385424421,'5.10.83.78','Mozilla/5.0 (compatible; AhrefsBot/5.0; +http://ahrefs.com/robot/)','','viewtopic.php?f=2&t=1684',1,0,0),('466fc725f6db01a813f022cf0dd7c675',1,4,1385424467,1385424467,1385424467,'5.10.83.52','Mozilla/5.0 (compatible; AhrefsBot/5.0; +http://ahrefs.com/robot/)','','posting.php?mode=reply&f=4&t=588',1,0,0),('4689c5113364a7c6654b201a7fabcbde',1,2,1385420771,1385420771,1385420771,'5.10.83.62','Mozilla/5.0 (compatible; AhrefsBot/5.0; +http://ahrefs.com/robot/)','','viewtopic.php?t=1566&f=2',1,0,0),('4693a811babdf8960bdab27f176ca21e',1,4,1385422938,1385422938,1385422938,'5.10.83.78','Mozilla/5.0 (compatible; AhrefsBot/5.0; +http://ahrefs.com/robot/)','','viewtopic.php?t=1711&f=4',1,0,0),('493d13fbd9666a91920b9ecdfa1397af',1,4,1385423917,1385423917,1385423917,'59.62.8.70','Opera/9.80 (Windows NT 6.1; U; Edition Next; ru) Presto/2.11.310 Version/12.50','','viewtopic.php?f=4&t=2/ucp.php?mode=register',1,0,0),('4b51fc885e83b6905906e110498985ff',1,0,1385420784,1385420784,1385420784,'61.147.123.12','Mozilla/4.0 (compatible; MSIE 6.0; Windows NT 5.1; SV1; TencentTraveler ; Mozilla/4.0 (compatible; MSIE 6.0; Windows NT 5.1; SV1) ; .NET CLR 2.0.5072','','search.php?search_id=active_topics',1,0,0),('4bab1e86420efc374726c6ab2595bb88',1,4,1385426100,1385426100,1385426100,'61.55.141.10','Mozilla/4.0 (compatible; MSIE 8.0; Windows NT 5.1; Trident/4.0)','','viewtopic.php?f=4&t=2774',1,0,0),('4c04e806232d51ae5930065bbab41772',1,2,1385425682,1385425682,1385425682,'5.10.83.25','Mozilla/5.0 (compatible; AhrefsBot/5.0; +http://ahrefs.com/robot/)','','viewtopic.php?t=2966&f=2',1,0,0),('4ea48fb27ac7b62b11fa137598859ccd',1,0,1385422311,1385422311,1385422311,'5.10.83.94','Mozilla/5.0 (compatible; AhrefsBot/5.0; +http://ahrefs.com/robot/)','','viewtopic.php?p=1235',1,0,0),('508b93057e72f5dcfccc26788a8a1d43',1,4,1385423863,1385423863,1385423863,'5.10.83.48','Mozilla/5.0 (compatible; AhrefsBot/5.0; +http://ahrefs.com/robot/)','','viewtopic.php?f=4&t=1437',1,0,0),('51439ec9dcfd90a6e82469d8030c999a',1,4,1385424481,1385424481,1385424481,'5.10.83.42','Mozilla/5.0 (compatible; AhrefsBot/5.0; +http://ahrefs.com/robot/)','','viewtopic.php?f=4&t=313',1,0,0),('52f65ea11068920a29926ff7bac9efed',1,2,1385422450,1385422450,1385422450,'5.10.83.96','Mozilla/5.0 (compatible; AhrefsBot/5.0; +http://ahrefs.com/robot/)','','viewtopic.php?t=2944&f=2',1,0,0),('536e70de2a91cf400359d5ea46003b90',1,0,1385424218,1385424218,1385424218,'190.37.218.16','Mozilla/5.0 (Windows NT 5.1) AppleWebKit/535.2 (KHTML, like Gecko) Chrome/15.0.874.121 Safari/535.2','','index.php',1,0,0),('56198ca683c9e0efa51a5c7d1a1a7ef4',1,4,1385420776,1385420776,1385420776,'23.238.171.162','Opera/9.80 (Windows NT 6.1; U; Edition Next; ru) Presto/2.11.310 Version/12.50','','viewtopic.php?f=4&t=1211',1,0,0),('562640913e1ffd4fa499a69d8166068c',1,0,1385421858,1385421858,1385421858,'186.88.137.4','Mozilla/5.0 (Windows NT 5.1) AppleWebKit/537.4 (KHTML, like Gecko) Chrome/22.0.1229.79 Safari/537.4','','index.php',1,0,0),('562cbcbd191b826d29a494f4153024ba',1,2,1385421573,1385421573,1385421573,'5.10.83.81','Mozilla/5.0 (compatible; AhrefsBot/5.0; +http://ahrefs.com/robot/)','','viewtopic.php?f=2&t=1123',1,0,0),('589fefecb250cf42f51d46bbb2b780bd',1,0,1385422586,1385422586,1385422586,'119.184.119.210','Mozilla/5.0 (Windows NT 6.2) AppleWebKit/537.11 (KHTML, like Gecko) Chrome/23.0.1271.95 Safari/537.11','','index.php',1,0,0),('596fbc8865f2b9fe58747c0f58435886',1,2,1385425323,1385425323,1385425323,'5.10.83.46','Mozilla/5.0 (compatible; AhrefsBot/5.0; +http://ahrefs.com/robot/)','','viewtopic.php?f=2&t=2199',1,0,0),('59a71f3e05acb6269a860ae7faf51641',1,4,1385422783,1385422783,1385422783,'5.10.83.92','Mozilla/5.0 (compatible; AhrefsBot/5.0; +http://ahrefs.com/robot/)','','viewtopic.php?f=4&t=1314',1,0,0),('5a703bbb011b5281d27c2c94c8f0575e',1,0,1385421545,1385421545,1385421545,'5.10.83.83','Mozilla/5.0 (compatible; AhrefsBot/5.0; +http://ahrefs.com/robot/)','','viewtopic.php?p=568',1,0,0),('5c2ed948d55321cacb3fddf47b079dbb',1,0,1385421954,1385421954,1385421954,'5.10.83.94','Mozilla/5.0 (compatible; AhrefsBot/5.0; +http://ahrefs.com/robot/)','','viewtopic.php?p=1843',1,0,0),('5ea359fe4010d4ad0e7a51e7e098fa45',1,2,1385420879,1385420879,1385420879,'5.10.83.40','Mozilla/5.0 (compatible; AhrefsBot/5.0; +http://ahrefs.com/robot/)','','viewtopic.php?f=2&t=738',1,0,0),('5eb52559dd220fd133ed8bd4c529c4e6',1,4,1385420162,1385420162,1385420162,'5.10.83.25','Mozilla/5.0 (compatible; AhrefsBot/5.0; +http://ahrefs.com/robot/)','','viewtopic.php?f=4&t=1579',1,0,0),('6289a18f879b34281b9a1191bbe20c0b',1,2,1385425416,1385425416,1385425416,'5.10.83.25','Mozilla/5.0 (compatible; AhrefsBot/5.0; +http://ahrefs.com/robot/)','','viewtopic.php?t=1780&f=2',1,0,0),('6587b39334bb0a612d530f2580f3bef4',1,0,1385425826,1385425826,1385425827,'195.190.13.142','Mozilla/5.0 (Windows NT 6.1; rv:14.0) Gecko/20100101 Firefox/14.0.1','','ucp.php?mode=register',1,0,0),('6654fa217c1de8538863ed1882cfdf49',1,2,1385425451,1385425451,1385425451,'5.10.83.40','Mozilla/5.0 (compatible; AhrefsBot/5.0; +http://ahrefs.com/robot/)','','viewtopic.php?f=2&t=2679',1,0,0),('68aac027a9de1cbbb58b15cb3152e169',1,4,1385421798,1385421798,1385421798,'5.10.83.43','Mozilla/5.0 (compatible; AhrefsBot/5.0; +http://ahrefs.com/robot/)','','viewtopic.php?t=2511&f=4',1,0,0),('6c9587c19ce7bfbf34b30773fba98cd3',1,4,1385420781,1385420781,1385420781,'5.10.83.83','Mozilla/5.0 (compatible; AhrefsBot/5.0; +http://ahrefs.com/robot/)','','viewtopic.php?f=4&t=2724&p=3793',1,0,0),('7067ba3c58282823ab891c8fccb5b044',1,2,1385424271,1385424271,1385424271,'5.10.83.46','Mozilla/5.0 (compatible; AhrefsBot/5.0; +http://ahrefs.com/robot/)','','viewtopic.php?f=2&t=1379',1,0,0),('7102e38a8676066a4fe2a0f519f04f63',1,4,1385420882,1385420882,1385420882,'5.10.83.78','Mozilla/5.0 (compatible; AhrefsBot/5.0; +http://ahrefs.com/robot/)','','viewtopic.php?t=2594&f=4',1,0,0),('71a85d19dfac6129df69f45be1685983',1,4,1385425350,1385425350,1385425350,'5.10.83.78','Mozilla/5.0 (compatible; AhrefsBot/5.0; +http://ahrefs.com/robot/)','','viewtopic.php?f=4&t=1284',1,0,0),('72bcec29d3ef188c88d4a25bcfd770ee',2,0,1385079386,1385423789,1385425933,'74.208.134.21','Mozilla/5.0 (Windows NT 6.1; WOW64; rv:15.0) Gecko/20100101 Firefox/15.0.1','','adm/index.php?i=12',1,0,1),('756d404937fc1b1421e1f0bc3c97c0f0',1,4,1385425555,1385425555,1385425555,'5.10.83.103','Mozilla/5.0 (compatible; AhrefsBot/5.0; +http://ahrefs.com/robot/)','','posting.php?mode=reply&f=4&t=3312',1,0,0),('75842a76ab79454b29e5b2be408df9cc',1,4,1385422727,1385422727,1385422727,'5.10.83.96','Mozilla/5.0 (compatible; AhrefsBot/5.0; +http://ahrefs.com/robot/)','','viewtopic.php?t=1754&f=4',1,0,0),('798aed5735fb587de29ba9e6a21b7ce8',1,0,1385420605,1385420605,1385420717,'119.147.24.226','Mozilla/5.0 (Windows NT 6.1) AppleWebKit/536.5 (KHTML, like Gecko) YaBrowser/1.1.1084.5409 Chrome/19.1.1084.5409 Safari/536.5','','index.php',1,0,0),('7c571812069394ee6d8c9eadf0acbdfd',1,0,1385421544,1385421544,1385421544,'190.206.211.226','Mozilla/5.0 (Windows NT 6.1; rv:13.0) Gecko/20100101 Firefox/13.0.1','','index.php',1,0,0),('7dbd40eb42a9d3a1e5bb2f0287638cdb',1,4,1385422408,1385422408,1385422408,'5.10.83.40','Mozilla/5.0 (compatible; AhrefsBot/5.0; +http://ahrefs.com/robot/)','','viewtopic.php?f=4&t=1860',1,0,0),('804a9817e92d0ee249b74ac1dbd7016b',1,4,1385423212,1385423212,1385423212,'208.115.113.85','Mozilla/5.0 (compatible; Ezooms/1.0; ezooms.bot@gmail.com)','','viewtopic.php?f=4&t=254',1,0,0),('80d95b847c6c8be27a9f0348eda65a22',1,2,1385421614,1385421614,1385421614,'5.10.83.81','Mozilla/5.0 (compatible; AhrefsBot/5.0; +http://ahrefs.com/robot/)','','viewtopic.php?t=3273&f=2',1,0,0),('81d73c3b3f1e5c2bfcba1e2b3e8c1455',1,2,1385425339,1385425339,1385425339,'5.10.83.40','Mozilla/5.0 (compatible; AhrefsBot/5.0; +http://ahrefs.com/robot/)','','viewtopic.php?t=2205&f=2',1,0,0),('83219de94ab248e8deeb365f46b7e92c',1,2,1385425457,1385425457,1385425457,'5.10.83.83','Mozilla/5.0 (compatible; AhrefsBot/5.0; +http://ahrefs.com/robot/)','','viewtopic.php?f=2&t=1517',1,0,0),('86e07bda96b886cd3f8d8e300154655c',1,0,1385422394,1385422394,1385422394,'190.203.240.7','Mozilla/5.0 (Windows NT 6.1; WOW64; rv:9.0.1) Gecko/20100101 Firefox/9.0.1','','ucp.php?mode=register',1,0,0),('8c792a80b7e42b857632232e4eeb2a8c',1,0,1385424159,1385424159,1385424159,'5.10.83.94','Mozilla/5.0 (compatible; AhrefsBot/5.0; +http://ahrefs.com/robot/)','','viewtopic.php?p=3',1,0,0),('9187a8c1c237eb6299ada1f20b0405a4',1,0,1385422567,1385422567,1385422584,'188.168.82.131','Mozilla/5.0 (Windows NT 6.2) AppleWebKit/537.11 (KHTML, like Gecko) Chrome/23.0.1271.95 Safari/537.11','','ucp.php?mode=login',1,0,0),('9268e1f879ccc66d3f4053f2abe29ce7',1,4,1385422689,1385422689,1385422689,'5.10.83.92','Mozilla/5.0 (compatible; AhrefsBot/5.0; +http://ahrefs.com/robot/)','','viewtopic.php?f=4&t=755',1,0,0),('97a42e6602d4dc38553e1b33b1520696',1,0,1385425144,1385425144,1385425146,'66.249.73.171','Mozilla/5.0 (compatible; Googlebot/2.1; +http://www.google.com/bot.html)','','viewtopic.php?t=1839',1,0,0),('9929e0f036ca2367012128e4a22c723f',1,4,1385425436,1385425436,1385425436,'5.10.83.96','Mozilla/5.0 (compatible; AhrefsBot/5.0; +http://ahrefs.com/robot/)','','viewtopic.php?f=4&t=2766',1,0,0),('9c49d26f89120719e979062c7bb15362',1,4,1385422975,1385422975,1385422975,'5.10.83.94','Mozilla/5.0 (compatible; AhrefsBot/5.0; +http://ahrefs.com/robot/)','','viewtopic.php?f=4&t=756',1,0,0),('9ced24507a316d4a5f6fbfcab521da1a',1,2,1385420855,1385420855,1385420855,'5.10.83.81','Mozilla/5.0 (compatible; AhrefsBot/5.0; +http://ahrefs.com/robot/)','','viewtopic.php?f=2&t=2678',1,0,0),('9d02aa1c8e5c6b4542c6eddb04ec3873',1,2,1385424730,1385424730,1385424730,'5.10.83.88','Mozilla/5.0 (compatible; AhrefsBot/5.0; +http://ahrefs.com/robot/)','','viewtopic.php?f=2&t=2175',1,0,0),('9dda075d67b8379dabd96ac94c6b183d',1,0,1385423659,1385423659,1385423687,'192.187.99.107','Opera/9.80 (Windows NT 6.1; WOW64; MRA 8.0 (build 5880)) Presto/2.12.388 Version/12.11','','ucp.php?mode=login',1,0,0),('9f95670dfb204ae03b6d9f46878f8652',1,0,1385420523,1385420523,1385420523,'190.204.81.240','Opera/9.80 (Windows NT 5.1) Presto/2.12.388 Version/12.10','','index.php',1,0,0),('a428f45f4b70ffc924cbe0b42e017227',1,4,1385421837,1385421837,1385421837,'5.10.83.92','Mozilla/5.0 (compatible; AhrefsBot/5.0; +http://ahrefs.com/robot/)','','viewtopic.php?f=4&t=859',1,0,0),('a46556f4c2e1e53f92d2c6810ac752a9',1,2,1385420609,1385420609,1385420609,'5.10.83.48','Mozilla/5.0 (compatible; AhrefsBot/5.0; +http://ahrefs.com/robot/)','','viewtopic.php?f=2&t=1987',1,0,0),('a522078f716e4eee32fb3f2e8fa4fa96',1,0,1385421610,1385421610,1385421635,'183.224.1.55','Mozilla/5.0 (Windows NT 6.1; rv:13.0) Gecko/20100101 Firefox/13.0.1','','ucp.php?mode=login',1,0,0),('a6e51f553e542d56fac2044431c412dd',1,2,1385423389,1385423389,1385423389,'5.10.83.68','Mozilla/5.0 (compatible; AhrefsBot/5.0; +http://ahrefs.com/robot/)','','viewtopic.php?f=2&t=1148&view=next',1,0,0),('a87df0af2e64d36c83287a719c544017',1,4,1385424603,1385424603,1385424603,'202.46.49.138','Mozilla/5.0 (Windows; U; Windows NT 5.1; zh-CN; rv:1.9.1.2) Firefox/3.5.2','','viewtopic.php?f=4&t=2671',1,0,0),('a8a2cfeda8a414b05fd36123923d6086',1,0,1385421838,1385421838,1385421838,'5.10.83.103','Mozilla/5.0 (compatible; AhrefsBot/5.0; +http://ahrefs.com/robot/)','','memberlist.php?mode=viewprofile&u=115',1,0,0),('aa344e5fbd97cc9bceaef3f92cf064de',1,2,1385422487,1385422487,1385422487,'5.10.83.94','Mozilla/5.0 (compatible; AhrefsBot/5.0; +http://ahrefs.com/robot/)','','viewtopic.php?t=1663&f=2',1,0,0),('aa3c353feea113a5ef15c32da1860c5e',1,2,1385422358,1385422358,1385422358,'5.10.83.25','Mozilla/5.0 (compatible; AhrefsBot/5.0; +http://ahrefs.com/robot/)','','viewtopic.php?f=2&t=1008',1,0,0),('acd8b697f6727c23470b794d0963ce0e',1,0,1385424512,1385424512,1385424540,'202.96.155.251','Opera/9.80 (Windows NT 6.1; Win64; x64) Presto/2.12.388 Version/12.11','','ucp.php?mode=login',1,0,0),('afbaa635b2d17095b99e828bbff8ceda',1,4,1385422934,1385422934,1385422934,'5.10.83.25','Mozilla/5.0 (compatible; AhrefsBot/5.0; +http://ahrefs.com/robot/)','','viewtopic.php?f=4&t=2472',1,0,0),('b0cbb735f95f3b5a0075160712cb1623',1,4,1385422039,1385422039,1385422039,'5.10.83.40','Mozilla/5.0 (compatible; AhrefsBot/5.0; +http://ahrefs.com/robot/)','','viewtopic.php?t=322&f=4',1,0,0),('b0eceb3950453f9be6e09912164f0d71',1,4,1385420658,1385420658,1385420658,'5.10.83.81','Mozilla/5.0 (compatible; AhrefsBot/5.0; +http://ahrefs.com/robot/)','','viewtopic.php?f=4&t=2746',1,0,0),('b21484659e0b226a29fcacd884213e90',1,0,1385424324,1385424324,1385424324,'186.93.135.146','Mozilla/5.0 (Windows NT 5.1) AppleWebKit/535.2 (KHTML, like Gecko) Chrome/15.0.874.121 Safari/535.2','','index.php',1,0,0),('b25bc264732ff02029327733ded62791',1,2,1385425303,1385425303,1385425303,'5.10.83.43','Mozilla/5.0 (compatible; AhrefsBot/5.0; +http://ahrefs.com/robot/)','','viewtopic.php?t=2048&f=2',1,0,0),('b3c75927b2093874851c31522024912a',1,4,1385423905,1385423905,1385424049,'222.18.127.40','Mozilla/5.0 (Windows NT 6.0) AppleWebKit/537.11 (KHTML, like Gecko) Chrome/23.0.1271.91 Safari/537.11','','viewtopic.php?t=3018&f=4',1,0,0),('b50a51f94917c05476a13a6ddc694319',1,4,1385423915,1385423915,1385424060,'115.53.229.84','Opera/9.80 (Windows NT 6.1; WOW64; MRA 8.0 (build 5880)) Presto/2.12.388 Version/12.11','','viewtopic.php?t=2941&f=4',1,0,0),('b52517a9af36644fad862f84869eaf51',1,2,1385421669,1385421669,1385421669,'5.10.83.40','Mozilla/5.0 (compatible; AhrefsBot/5.0; +http://ahrefs.com/robot/)','','viewtopic.php?f=2&t=2156',1,0,0),('b7f88fecfc01e13cf7592d997a091e64',1,2,1385423749,1385423749,1385423749,'5.10.83.46','Mozilla/5.0 (compatible; AhrefsBot/5.0; +http://ahrefs.com/robot/)','','viewtopic.php?t=2252&f=2',1,0,0),('b87ac6795c4a4a3d419a9c83db6ddb35',1,0,1385424358,1385424358,1385424358,'190.37.218.16','Mozilla/5.0 (Windows NT 5.1) AppleWebKit/535.2 (KHTML, like Gecko) Chrome/15.0.874.121 Safari/535.2','','index.php',1,0,0),('b9f788cca87a1a184031bc8a7268d17f',1,4,1385426117,1385426117,1385426117,'5.10.83.45','Mozilla/5.0 (compatible; AhrefsBot/5.0; +http://ahrefs.com/robot/)','','viewtopic.php?f=4&t=320&start=200&view=print',1,0,0),('ba387ca31c456369f0537fb0ddef5875',1,0,1385423804,1385423804,1385423871,'192.187.99.107','Mozilla/5.0 (Windows NT 6.1; WOW64) AppleWebKit/535.12 (KHTML, like Gecko) Maxthon/3.0 Chrome/18.0.966.0 Safari/535.12','','ucp.php?mode=login',1,0,0),('bb651afbaed67d27013f669e7d61abbc',1,0,1385420717,1385420717,1385420717,'5.10.83.94','Mozilla/5.0 (compatible; AhrefsBot/5.0; +http://ahrefs.com/robot/)','','viewtopic.php?p=1478',1,0,0),('bdbbab1a87d1c80038f2fdc25de6e3a9',1,4,1385425295,1385425295,1385425295,'5.10.83.56','Mozilla/5.0 (compatible; AhrefsBot/5.0; +http://ahrefs.com/robot/)','','viewtopic.php?f=4&t=1404&view=print',1,0,0),('bfa1df5618e6cc2a132d3ca59ec964a4',1,4,1385425249,1385425249,1385425249,'5.10.83.62','Mozilla/5.0 (compatible; AhrefsBot/5.0; +http://ahrefs.com/robot/)','','viewtopic.php?f=4&t=2541',1,0,0),('c27fe547052c1e5fc5463634fd82f3b6',1,0,1385423967,1385423967,1385423995,'117.41.171.179','Mozilla/5.0 (Windows NT 6.1; WOW64; rv:18.0) Gecko/20100101 Firefox/18.0','','ucp.php?mode=login',1,0,0),('c42dc65a5e04d15c1ce6c171ef8f48f2',1,0,1385423706,1385423706,1385423731,'192.187.99.107','Mozilla/5.0 (Windows NT 6.2; rv:16.0) Gecko/20100101 Firefox/16.0','','ucp.php?mode=login',1,0,0),('c99322283984c54ed32c50595aac8e1c',1,2,1385426127,1385426127,1385426127,'5.10.83.45','Mozilla/5.0 (compatible; AhrefsBot/5.0; +http://ahrefs.com/robot/)','','viewtopic.php?f=2&t=2233&view=next',1,0,0),('ca4036f4ed1ce843a425566e70eb3a0a',1,2,1385423207,1385423207,1385423207,'208.115.113.85','Mozilla/5.0 (compatible; Ezooms/1.0; ezooms.bot@gmail.com)','','viewtopic.php?f=2&t=697',1,0,0),('cde440e4b63469f234ddd95406a8212a',1,4,1385424368,1385424368,1385424368,'5.10.83.62','Mozilla/5.0 (compatible; AhrefsBot/5.0; +http://ahrefs.com/robot/)','','viewtopic.php?t=2541&f=4',1,0,0),('ceced4312c420b2a3f9445ec74e71d9b',1,0,1385423215,1385423215,1385423215,'208.115.113.85','Mozilla/5.0 (compatible; Ezooms/1.0; ezooms.bot@gmail.com)','','viewtopic.php?p=4743',1,0,0),('cf93f36995e21f9477ab9b4e372c5f87',1,0,1385424306,1385424306,1385424306,'186.93.135.146','Mozilla/5.0 (Windows NT 5.1) AppleWebKit/535.2 (KHTML, like Gecko) Chrome/15.0.874.121 Safari/535.2','','index.php',1,0,0),('cff553f2aefd4fb95255ebd52cbcb04f',1,2,1385421545,1385421545,1385421545,'5.10.83.81','Mozilla/5.0 (compatible; AhrefsBot/5.0; +http://ahrefs.com/robot/)','','viewtopic.php?t=2466&f=2',1,0,0),('d2811833ced1a3e82667a49000652de6',1,2,1385425621,1385425621,1385425621,'5.10.83.25','Mozilla/5.0 (compatible; AhrefsBot/5.0; +http://ahrefs.com/robot/)','','viewtopic.php?t=2037&f=2',1,0,0),('d514040cceb3431b2596c81425db7e8f',1,4,1385425173,1385425173,1385425173,'5.10.83.78','Mozilla/5.0 (compatible; AhrefsBot/5.0; +http://ahrefs.com/robot/)','','viewtopic.php?f=4&t=1372',1,0,0),('d5f15e38a5db98ae9826dd8b0c115c57',1,2,1385425465,1385425465,1385425465,'5.10.83.25','Mozilla/5.0 (compatible; AhrefsBot/5.0; +http://ahrefs.com/robot/)','','viewtopic.php?t=2066&f=2',1,0,0),('d7be1e2b1818e08db91dc0a1a30a68b8',1,2,1385421600,1385421600,1385421600,'5.10.83.78','Mozilla/5.0 (compatible; AhrefsBot/5.0; +http://ahrefs.com/robot/)','','viewtopic.php?f=2&t=2438',1,0,0),('d97c786dbc1093d99c0e99154f1ef2fa',1,0,1385421484,1385421484,1385421563,'186.92.222.138','Mozilla/5.0 (Windows NT 5.1) AppleWebKit/537.11 (KHTML, like Gecko) Chrome/23.0.1271.91 Safari/537.11','','index.php',1,0,0),('df9db98d96f656236be18ed5508321a7',1,0,1385424340,1385424340,1385424340,'190.37.218.16','Mozilla/5.0 (Windows NT 5.1) AppleWebKit/535.2 (KHTML, like Gecko) Chrome/15.0.874.121 Safari/535.2','','index.php',1,0,0),('e0d75a29e97a7885ea7cfe635a086fed',1,4,1385424246,1385424246,1385424246,'5.10.83.62','Mozilla/5.0 (compatible; AhrefsBot/5.0; +http://ahrefs.com/robot/)','','viewtopic.php?f=4&t=1819',1,0,0),('e9b6185a228b57e96b0a82a835f7d43f',1,4,1385425989,1385425989,1385425989,'202.46.49.93','Mozilla/5.0 (Windows; U; Windows NT 5.1; zh-CN; rv:1.9.1.2) Firefox/3.5.2','','viewtopic.php?f=4&t=283',1,0,0),('f1e072a6d690d1fd3f5904b827b8c918',1,0,1385420494,1385420494,1385420636,'211.160.74.242','Opera/9.80 (Windows NT 6.1; MRA 6.0 (build 5970)) Presto/2.12.388 Version/12.10','','ucp.php?mode=login',1,0,0),('f1fa5d8f4d083cdeaac6f5b7733d71c0',1,0,1385421761,1385421761,1385421761,'61.147.123.12','Mozilla/4.0 (compatible; MSIE 6.0; Windows NT 5.1; SV1; TencentTraveler ; Mozilla/4.0 (compatible; MSIE 6.0; Windows NT 5.1; SV1) ; .NET CLR 2.0.5072','','search.php?search_id=unanswered',1,0,0),('f2e91ecaa8caa190181b9e3ad9748f2b',1,0,1385421539,1385421539,1385421539,'5.10.83.83','Mozilla/5.0 (compatible; AhrefsBot/5.0; +http://ahrefs.com/robot/)','','viewtopic.php?p=2400',1,0,0),('f47decef6ad4c7f95b237aaf40450e92',1,2,1385421637,1385421637,1385421637,'5.10.83.25','Mozilla/5.0 (compatible; AhrefsBot/5.0; +http://ahrefs.com/robot/)','','viewtopic.php?t=1653&f=2',1,0,0),('f9de1a91f88cdc7cf169778ca3547b65',1,0,1385422447,1385422447,1385422523,'124.119.50.254','Opera/9.80 (Windows NT 6.1; WOW64; MRA 8.0 (build 5880)) Presto/2.12.388 Version/12.11','','ucp.php?mode=register',1,0,0),('fc84fb581725d2884951a0e5ed22bae4',1,2,1385423764,1385423764,1385423764,'218.108.232.187','Mozilla/4.0 (compatible; MSIE 8.0; Windows NT 5.1; Trident/4.0; .NET CLR 2.0.50727; .NET CLR 3.0.4506.2152; .NET CLR 3.5.30729)','','viewtopic.php?f=2&t=2199',1,0,0),('fd78a75932e3f94a8c15966adaf9ae69',17,2,1385424157,1385424157,1385424157,'66.249.73.171','Mozilla/5.0 (compatible; Googlebot/2.1; +http://www.google.com/bot.html)','','viewtopic.php?f=2&t=1717&view=previous',1,0,0);

--
-- Table structure for table `ey2n4tv0a6_sessions_keys`
--

CREATE TABLE `ey2n4tv0a6_sessions_keys` (
  `key_id` char(32) COLLATE utf8_bin NOT NULL DEFAULT '',
  `user_id` mediumint(8) unsigned NOT NULL DEFAULT '0',
  `last_ip` varchar(40) COLLATE utf8_bin NOT NULL DEFAULT '',
  `last_login` int(11) unsigned NOT NULL DEFAULT '0',
  PRIMARY KEY (`key_id`,`user_id`),
  KEY `last_login` (`last_login`)
) ENGINE=InnoDB DEFAULT CHARSET=utf8 COLLATE=utf8_bin;

--
-- Dumping data for table `ey2n4tv0a6_sessions_keys`
--

INSERT INTO `ey2n4tv0a6_sessions_keys` VALUES ('b26ef2ff397eea3a60f6da63f90ab9f7',2,'24.250.154.22',1382716765),('cc599d487438b7e233dc580f8fae2b29',2,'216.155.116.112',1385389155);

--
-- Table structure for table `ey2n4tv0a6_sitelist`
--

CREATE TABLE `ey2n4tv0a6_sitelist` (
  `site_id` mediumint(8) unsigned NOT NULL AUTO_INCREMENT,
  `site_ip` varchar(40) COLLATE utf8_bin NOT NULL DEFAULT '',
  `site_hostname` varchar(255) COLLATE utf8_bin NOT NULL DEFAULT '',
  `ip_exclude` tinyint(1) unsigned NOT NULL DEFAULT '0',
  PRIMARY KEY (`site_id`)
) ENGINE=InnoDB DEFAULT CHARSET=utf8 COLLATE=utf8_bin;

--
-- Dumping data for table `ey2n4tv0a6_sitelist`
--


--
-- Table structure for table `ey2n4tv0a6_smilies`
--

CREATE TABLE `ey2n4tv0a6_smilies` (
  `smiley_id` mediumint(8) unsigned NOT NULL AUTO_INCREMENT,
  `code` varchar(50) COLLATE utf8_bin NOT NULL DEFAULT '',
  `emotion` varchar(50) COLLATE utf8_bin NOT NULL DEFAULT '',
  `smiley_url` varchar(50) COLLATE utf8_bin NOT NULL DEFAULT '',
  `smiley_width` smallint(4) unsigned NOT NULL DEFAULT '0',
  `smiley_height` smallint(4) unsigned NOT NULL DEFAULT '0',
  `smiley_order` mediumint(8) unsigned NOT NULL DEFAULT '0',
  `display_on_posting` tinyint(1) unsigned NOT NULL DEFAULT '1',
  PRIMARY KEY (`smiley_id`),
  KEY `display_on_post` (`display_on_posting`)
) ENGINE=InnoDB AUTO_INCREMENT=43 DEFAULT CHARSET=utf8 COLLATE=utf8_bin;

--
-- Dumping data for table `ey2n4tv0a6_smilies`
--

INSERT INTO `ey2n4tv0a6_smilies` VALUES (1,':D','Very Happy','icon_e_biggrin.gif',15,17,1,1),(2,':-D','Very Happy','icon_e_biggrin.gif',15,17,2,1),(3,':grin:','Very Happy','icon_e_biggrin.gif',15,17,3,1),(4,':)','Smile','icon_e_smile.gif',15,17,4,1),(5,':-)','Smile','icon_e_smile.gif',15,17,5,1),(6,':smile:','Smile','icon_e_smile.gif',15,17,6,1),(7,';)','Wink','icon_e_wink.gif',15,17,7,1),(8,';-)','Wink','icon_e_wink.gif',15,17,8,1),(9,':wink:','Wink','icon_e_wink.gif',15,17,9,1),(10,':(','Sad','icon_e_sad.gif',15,17,10,1),(11,':-(','Sad','icon_e_sad.gif',15,17,11,1),(12,':sad:','Sad','icon_e_sad.gif',15,17,12,1),(13,':o','Surprised','icon_e_surprised.gif',15,17,13,1),(14,':-o','Surprised','icon_e_surprised.gif',15,17,14,1),(15,':eek:','Surprised','icon_e_surprised.gif',15,17,15,1),(16,':shock:','Shocked','icon_eek.gif',15,17,16,1),(17,':?','Confused','icon_e_confused.gif',15,17,17,1),(18,':-?','Confused','icon_e_confused.gif',15,17,18,1),(19,':???:','Confused','icon_e_confused.gif',15,17,19,1),(20,'8-)','Cool','icon_cool.gif',15,17,20,1),(21,':cool:','Cool','icon_cool.gif',15,17,21,1),(22,':lol:','Laughing','icon_lol.gif',15,17,22,1),(23,':x','Mad','icon_mad.gif',15,17,23,1),(24,':-x','Mad','icon_mad.gif',15,17,24,1),(25,':mad:','Mad','icon_mad.gif',15,17,25,1),(26,':P','Razz','icon_razz.gif',15,17,26,1),(27,':-P','Razz','icon_razz.gif',15,17,27,1),(28,':razz:','Razz','icon_razz.gif',15,17,28,1),(29,':oops:','Embarrassed','icon_redface.gif',15,17,29,1),(30,':cry:','Crying or Very Sad','icon_cry.gif',15,17,30,1),(31,':evil:','Evil or Very Mad','icon_evil.gif',15,17,31,1),(32,':twisted:','Twisted Evil','icon_twisted.gif',15,17,32,1),(33,':roll:','Rolling Eyes','icon_rolleyes.gif',15,17,33,1),(34,':!:','Exclamation','icon_exclaim.gif',15,17,34,1),(35,':?:','Question','icon_question.gif',15,17,35,1),(36,':idea:','Idea','icon_idea.gif',15,17,36,1),(37,':arrow:','Arrow','icon_arrow.gif',15,17,37,1),(38,':|','Neutral','icon_neutral.gif',15,17,38,1),(39,':-|','Neutral','icon_neutral.gif',15,17,39,1),(40,':mrgreen:','Mr. Green','icon_mrgreen.gif',15,17,40,1),(41,':geek:','Geek','icon_e_geek.gif',17,17,41,1),(42,':ugeek:','Uber Geek','icon_e_ugeek.gif',17,18,42,1);

--
-- Table structure for table `ey2n4tv0a6_styles`
--

CREATE TABLE `ey2n4tv0a6_styles` (
  `style_id` mediumint(8) unsigned NOT NULL AUTO_INCREMENT,
  `style_name` varchar(255) COLLATE utf8_bin NOT NULL DEFAULT '',
  `style_copyright` varchar(255) COLLATE utf8_bin NOT NULL DEFAULT '',
  `style_active` tinyint(1) unsigned NOT NULL DEFAULT '1',
  `template_id` mediumint(8) unsigned NOT NULL DEFAULT '0',
  `theme_id` mediumint(8) unsigned NOT NULL DEFAULT '0',
  `imageset_id` mediumint(8) unsigned NOT NULL DEFAULT '0',
  PRIMARY KEY (`style_id`),
  UNIQUE KEY `style_name` (`style_name`),
  KEY `template_id` (`template_id`),
  KEY `theme_id` (`theme_id`),
  KEY `imageset_id` (`imageset_id`)
) ENGINE=InnoDB AUTO_INCREMENT=2 DEFAULT CHARSET=utf8 COLLATE=utf8_bin;

--
-- Dumping data for table `ey2n4tv0a6_styles`
--

INSERT INTO `ey2n4tv0a6_styles` VALUES (1,'prosilver','&copy; phpBB Group',1,1,1,1);

--
-- Table structure for table `ey2n4tv0a6_styles_imageset`
--

CREATE TABLE `ey2n4tv0a6_styles_imageset` (
  `imageset_id` mediumint(8) unsigned NOT NULL AUTO_INCREMENT,
  `imageset_name` varchar(255) COLLATE utf8_bin NOT NULL DEFAULT '',
  `imageset_copyright` varchar(255) COLLATE utf8_bin NOT NULL DEFAULT '',
  `imageset_path` varchar(100) COLLATE utf8_bin NOT NULL DEFAULT '',
  PRIMARY KEY (`imageset_id`),
  UNIQUE KEY `imgset_nm` (`imageset_name`)
) ENGINE=InnoDB AUTO_INCREMENT=2 DEFAULT CHARSET=utf8 COLLATE=utf8_bin;

--
-- Dumping data for table `ey2n4tv0a6_styles_imageset`
--

INSERT INTO `ey2n4tv0a6_styles_imageset` VALUES (1,'prosilver','&copy; phpBB Group','prosilver');

--
-- Table structure for table `ey2n4tv0a6_styles_imageset_data`
--

CREATE TABLE `ey2n4tv0a6_styles_imageset_data` (
  `image_id` mediumint(8) unsigned NOT NULL AUTO_INCREMENT,
  `image_name` varchar(200) COLLATE utf8_bin NOT NULL DEFAULT '',
  `image_filename` varchar(200) COLLATE utf8_bin NOT NULL DEFAULT '',
  `image_lang` varchar(30) COLLATE utf8_bin NOT NULL DEFAULT '',
  `image_height` smallint(4) unsigned NOT NULL DEFAULT '0',
  `image_width` smallint(4) unsigned NOT NULL DEFAULT '0',
  `imageset_id` mediumint(8) unsigned NOT NULL DEFAULT '0',
  PRIMARY KEY (`image_id`),
  KEY `i_d` (`imageset_id`)
) ENGINE=InnoDB AUTO_INCREMENT=199 DEFAULT CHARSET=utf8 COLLATE=utf8_bin;

--
-- Dumping data for table `ey2n4tv0a6_styles_imageset_data`
--

INSERT INTO `ey2n4tv0a6_styles_imageset_data` VALUES (1,'site_logo','','',52,139,1),(2,'forum_link','forum_link.gif','',27,27,1),(3,'forum_read','forum_read.gif','',27,27,1),(4,'forum_read_locked','forum_read_locked.gif','',27,27,1),(5,'forum_read_subforum','forum_read_subforum.gif','',27,27,1),(6,'forum_unread','forum_unread.gif','',27,27,1),(7,'forum_unread_locked','forum_unread_locked.gif','',27,27,1),(8,'forum_unread_subforum','forum_unread_subforum.gif','',27,27,1),(9,'topic_moved','topic_moved.gif','',27,27,1),(10,'topic_read','topic_read.gif','',27,27,1),(11,'topic_read_mine','topic_read_mine.gif','',27,27,1),(12,'topic_read_hot','topic_read_hot.gif','',27,27,1),(13,'topic_read_hot_mine','topic_read_hot_mine.gif','',27,27,1),(14,'topic_read_locked','topic_read_locked.gif','',27,27,1),(15,'topic_read_locked_mine','topic_read_locked_mine.gif','',27,27,1),(16,'topic_unread','topic_unread.gif','',27,27,1),(17,'topic_unread_mine','topic_unread_mine.gif','',27,27,1),(18,'topic_unread_hot','topic_unread_hot.gif','',27,27,1),(19,'topic_unread_hot_mine','topic_unread_hot_mine.gif','',27,27,1),(20,'topic_unread_locked','topic_unread_locked.gif','',27,27,1),(21,'topic_unread_locked_mine','topic_unread_locked_mine.gif','',27,27,1),(22,'sticky_read','sticky_read.gif','',27,27,1),(23,'sticky_read_mine','sticky_read_mine.gif','',27,27,1),(24,'sticky_read_locked','sticky_read_locked.gif','',27,27,1),(25,'sticky_read_locked_mine','sticky_read_locked_mine.gif','',27,27,1),(26,'sticky_unread','sticky_unread.gif','',27,27,1),(27,'sticky_unread_mine','sticky_unread_mine.gif','',27,27,1),(28,'sticky_unread_locked','sticky_unread_locked.gif','',27,27,1),(29,'sticky_unread_locked_mine','sticky_unread_locked_mine.gif','',27,27,1),(30,'announce_read','announce_read.gif','',27,27,1),(31,'announce_read_mine','announce_read_mine.gif','',27,27,1),(32,'announce_read_locked','announce_read_locked.gif','',27,27,1),(33,'announce_read_locked_mine','announce_read_locked_mine.gif','',27,27,1),(34,'announce_unread','announce_unread.gif','',27,27,1),(35,'announce_unread_mine','announce_unread_mine.gif','',27,27,1),(36,'announce_unread_locked','announce_unread_locked.gif','',27,27,1),(37,'announce_unread_locked_mine','announce_unread_locked_mine.gif','',27,27,1),(38,'global_read','announce_read.gif','',27,27,1),(39,'global_read_mine','announce_read_mine.gif','',27,27,1),(40,'global_read_locked','announce_read_locked.gif','',27,27,1),(41,'global_read_locked_mine','announce_read_locked_mine.gif','',27,27,1),(42,'global_unread','announce_unread.gif','',27,27,1),(43,'global_unread_mine','announce_unread_mine.gif','',27,27,1),(44,'global_unread_locked','announce_unread_locked.gif','',27,27,1),(45,'global_unread_locked_mine','announce_unread_locked_mine.gif','',27,27,1),(46,'pm_read','topic_read.gif','',27,27,1),(47,'pm_unread','topic_unread.gif','',27,27,1),(48,'icon_back_top','icon_back_top.gif','',11,11,1),(49,'icon_contact_aim','icon_contact_aim.gif','',20,20,1),(50,'icon_contact_email','icon_contact_email.gif','',20,20,1),(51,'icon_contact_icq','icon_contact_icq.gif','',20,20,1),(52,'icon_contact_jabber','icon_contact_jabber.gif','',20,20,1),(53,'icon_contact_msnm','icon_contact_msnm.gif','',20,20,1),(54,'icon_contact_www','icon_contact_www.gif','',20,20,1),(55,'icon_contact_yahoo','icon_contact_yahoo.gif','',20,20,1),(56,'icon_post_delete','icon_post_delete.gif','',20,20,1),(57,'icon_post_info','icon_post_info.gif','',20,20,1),(58,'icon_post_report','icon_post_report.gif','',20,20,1),(59,'icon_post_target','icon_post_target.gif','',9,11,1),(60,'icon_post_target_unread','icon_post_target_unread.gif','',9,11,1),(61,'icon_topic_attach','icon_topic_attach.gif','',10,7,1),(62,'icon_topic_latest','icon_topic_latest.gif','',9,11,1),(63,'icon_topic_newest','icon_topic_newest.gif','',9,11,1),(64,'icon_topic_reported','icon_topic_reported.gif','',14,16,1),(65,'icon_topic_unapproved','icon_topic_unapproved.gif','',14,16,1),(66,'icon_user_warn','icon_user_warn.gif','',20,20,1),(67,'subforum_read','subforum_read.gif','',9,11,1),(68,'subforum_unread','subforum_unread.gif','',9,11,1),(69,'icon_contact_pm','icon_contact_pm.gif','en',20,28,1),(70,'icon_post_edit','icon_post_edit.gif','en',20,42,1),(71,'icon_post_quote','icon_post_quote.gif','en',20,54,1),(72,'icon_user_online','icon_user_online.gif','en',58,58,1),(73,'button_pm_forward','button_pm_forward.gif','en',25,96,1),(74,'button_pm_new','button_pm_new.gif','en',25,84,1),(75,'button_pm_reply','button_pm_reply.gif','en',25,96,1),(76,'button_topic_locked','button_topic_locked.gif','en',25,88,1),(77,'button_topic_new','button_topic_new.gif','en',25,96,1),(78,'button_topic_reply','button_topic_reply.gif','en',25,96,1),(79,'icon_contact_pm','icon_contact_pm.gif','en_us',20,28,1),(80,'icon_post_edit','icon_post_edit.gif','en_us',20,42,1),(81,'icon_post_quote','icon_post_quote.gif','en_us',20,54,1),(82,'icon_user_online','icon_user_online.gif','en_us',58,58,1),(83,'button_pm_forward','button_pm_forward.gif','en_us',25,96,1),(84,'button_pm_new','button_pm_new.gif','en_us',25,84,1),(85,'button_pm_reply','button_pm_reply.gif','en_us',25,96,1),(86,'button_topic_locked','button_topic_locked.gif','en_us',25,88,1),(87,'button_topic_new','button_topic_new.gif','en_us',25,96,1),(88,'button_topic_reply','button_topic_reply.gif','en_us',25,96,1),(89,'icon_contact_pm','icon_contact_pm.gif','de',20,28,1),(90,'icon_post_edit','icon_post_edit.gif','de',20,61,1),(91,'icon_post_quote','icon_post_quote.gif','de',20,65,1),(92,'icon_user_online','icon_user_online.gif','de',58,58,1),(93,'button_pm_forward','button_pm_forward.gif','de',25,119,1),(94,'button_pm_new','button_pm_new.gif','de',25,87,1),(95,'button_pm_reply','button_pm_reply.gif','de',25,102,1),(96,'button_topic_locked','button_topic_locked.gif','de',25,102,1),(97,'button_topic_new','button_topic_new.gif','de',25,119,1),(98,'button_topic_reply','button_topic_reply.gif','de',25,102,1),(109,'icon_contact_pm','icon_contact_pm.gif','es_x_tu',20,28,1),(110,'icon_post_edit','icon_post_edit.gif','es_x_tu',20,42,1),(111,'icon_post_quote','icon_post_quote.gif','es_x_tu',20,54,1),(112,'icon_user_online','icon_user_online.gif','es_x_tu',58,58,1),(113,'button_pm_forward','button_pm_forward.gif','es_x_tu',25,96,1),(114,'button_pm_new','button_pm_new.gif','es_x_tu',25,84,1),(115,'button_pm_reply','button_pm_reply.gif','es_x_tu',25,96,1),(116,'button_topic_locked','button_topic_locked.gif','es_x_tu',25,88,1),(117,'button_topic_new','button_topic_new.gif','es_x_tu',25,96,1),(118,'button_topic_reply','button_topic_reply.gif','es_x_tu',25,96,1),(119,'icon_contact_pm','icon_contact_pm.gif','fr',20,28,1),(120,'icon_post_edit','icon_post_edit.gif','fr',20,54,1),(121,'icon_post_quote','icon_post_quote.gif','fr',20,49,1),(122,'icon_user_online','icon_user_online.gif','fr',58,58,1),(123,'button_pm_forward','button_pm_forward.gif','fr',25,116,1),(124,'button_pm_new','button_pm_new.gif','fr',25,113,1),(125,'button_pm_reply','button_pm_reply.gif','fr',25,98,1),(126,'button_topic_locked','button_topic_locked.gif','fr',25,113,1),(127,'button_topic_new','button_topic_new.gif','fr',25,133,1),(128,'button_topic_reply','button_topic_reply.gif','fr',25,98,1),(129,'icon_contact_pm','icon_contact_pm.gif','it',20,28,1),(130,'icon_post_edit','icon_post_edit.gif','it',20,69,1),(131,'icon_post_quote','icon_post_quote.gif','it',20,54,1),(132,'icon_user_online','icon_user_online.gif','it',58,58,1),(133,'button_pm_forward','button_pm_forward.gif','it',25,96,1),(134,'button_pm_new','button_pm_new.gif','it',25,84,1),(135,'button_pm_reply','button_pm_reply.gif','it',25,96,1),(136,'button_topic_locked','button_topic_locked.gif','it',25,96,1),(137,'button_topic_new','button_topic_new.gif','it',25,96,1),(138,'button_topic_reply','button_topic_reply.gif','it',25,96,1),(179,'icon_contact_pm','icon_contact_pm.gif','pl',20,28,1),(180,'icon_post_edit','icon_post_edit.gif','pl',17,56,1),(181,'icon_post_quote','icon_post_quote.gif','pl',17,58,1),(182,'icon_user_online','icon_user_online.gif','pl',58,58,1),(183,'button_pm_forward','button_pm_forward.gif','pl',25,125,1),(184,'button_pm_new','button_pm_new.gif','pl',25,95,1),(185,'button_pm_reply','button_pm_reply.gif','pl',25,104,1),(186,'button_topic_locked','button_topic_locked.gif','pl',25,101,1),(187,'button_topic_new','button_topic_new.gif','pl',25,152,1),(188,'button_topic_reply','button_topic_reply.gif','pl',25,104,1),(189,'icon_contact_pm','icon_contact_pm.gif','es_mx',20,28,1),(190,'icon_post_edit','icon_post_edit.gif','es_mx',20,42,1),(191,'icon_post_quote','icon_post_quote.gif','es_mx',20,54,1),(192,'icon_user_online','icon_user_online.gif','es_mx',58,58,1),(193,'button_pm_forward','button_pm_forward.gif','es_mx',25,96,1),(194,'button_pm_new','button_pm_new.gif','es_mx',25,84,1),(195,'button_pm_reply','button_pm_reply.gif','es_mx',25,96,1),(196,'button_topic_locked','button_topic_locked.gif','es_mx',25,88,1),(197,'button_topic_new','button_topic_new.gif','es_mx',25,96,1),(198,'button_topic_reply','button_topic_reply.gif','es_mx',25,96,1);

--
-- Table structure for table `ey2n4tv0a6_styles_template`
--

CREATE TABLE `ey2n4tv0a6_styles_template` (
  `template_id` mediumint(8) unsigned NOT NULL AUTO_INCREMENT,
  `template_name` varchar(255) COLLATE utf8_bin NOT NULL DEFAULT '',
  `template_copyright` varchar(255) COLLATE utf8_bin NOT NULL DEFAULT '',
  `template_path` varchar(100) COLLATE utf8_bin NOT NULL DEFAULT '',
  `bbcode_bitfield` varchar(255) COLLATE utf8_bin NOT NULL DEFAULT 'kNg=',
  `template_storedb` tinyint(1) unsigned NOT NULL DEFAULT '0',
  `template_inherits_id` int(4) unsigned NOT NULL DEFAULT '0',
  `template_inherit_path` varchar(255) COLLATE utf8_bin NOT NULL DEFAULT '',
  PRIMARY KEY (`template_id`),
  UNIQUE KEY `tmplte_nm` (`template_name`)
) ENGINE=InnoDB AUTO_INCREMENT=2 DEFAULT CHARSET=utf8 COLLATE=utf8_bin;

--
-- Dumping data for table `ey2n4tv0a6_styles_template`
--

INSERT INTO `ey2n4tv0a6_styles_template` VALUES (1,'prosilver','&copy; phpBB Group','prosilver','lNg=',0,0,'');

--
-- Table structure for table `ey2n4tv0a6_styles_template_data`
--

CREATE TABLE `ey2n4tv0a6_styles_template_data` (
  `template_id` mediumint(8) unsigned NOT NULL DEFAULT '0',
  `template_filename` varchar(100) COLLATE utf8_bin NOT NULL DEFAULT '',
  `template_included` text COLLATE utf8_bin NOT NULL,
  `template_mtime` int(11) unsigned NOT NULL DEFAULT '0',
  `template_data` mediumtext COLLATE utf8_bin NOT NULL,
  KEY `tid` (`template_id`),
  KEY `tfn` (`template_filename`)
) ENGINE=InnoDB DEFAULT CHARSET=utf8 COLLATE=utf8_bin;

--
-- Dumping data for table `ey2n4tv0a6_styles_template_data`
--


--
-- Table structure for table `ey2n4tv0a6_styles_theme`
--

CREATE TABLE `ey2n4tv0a6_styles_theme` (
  `theme_id` mediumint(8) unsigned NOT NULL AUTO_INCREMENT,
  `theme_name` varchar(255) COLLATE utf8_bin NOT NULL DEFAULT '',
  `theme_copyright` varchar(255) COLLATE utf8_bin NOT NULL DEFAULT '',
  `theme_path` varchar(100) COLLATE utf8_bin NOT NULL DEFAULT '',
  `theme_storedb` tinyint(1) unsigned NOT NULL DEFAULT '0',
  `theme_mtime` int(11) unsigned NOT NULL DEFAULT '0',
  `theme_data` mediumtext COLLATE utf8_bin NOT NULL,
  PRIMARY KEY (`theme_id`),
  UNIQUE KEY `theme_name` (`theme_name`)
) ENGINE=InnoDB AUTO_INCREMENT=2 DEFAULT CHARSET=utf8 COLLATE=utf8_bin;

--
-- Dumping data for table `ey2n4tv0a6_styles_theme`
--

INSERT INTO `ey2n4tv0a6_styles_theme` VALUES (1,'prosilver','&copy; phpBB Group','prosilver',1,1347606208,'/*  phpBB3 Style Sheet\n    --------------------------------------------------------------\n	Style name:			prosilver (the default phpBB 3.0.x style)\n	Based on style:		\n	Original author:	Tom Beddard ( http://www.subblue.com/ )\n	Modified by:		phpBB Group ( http://www.phpbb.com/ )\n    --------------------------------------------------------------\n*/\n\n/* General Markup Styles\n---------------------------------------- */\n\n* {\n	/* Reset browsers default margin, padding and font sizes */\n	margin: 0;\n	padding: 0;\n}\n\nhtml {\n	font-size: 100%;\n	/* Always show a scrollbar for short pages - stops the jump when the scrollbar appears. non-IE browsers */\n	height: 101%;\n}\n\nbody {\n	/* Text-Sizing with ems: http://www.clagnut.com/blog/348/ */\n	font-family: Verdana, Helvetica, Arial, sans-serif;\n	color: #828282;\n	background-color: #FFFFFF;\n	/*font-size: 62.5%;			 This sets the default font size to be equivalent to 10px */\n	font-size: 10px;\n	margin: 0;\n	padding: 12px 0;\n}\n\nh1 {\n	/* Forum name */\n	font-family: \"Trebuchet MS\", Arial, Helvetica, sans-serif;\n	margin-right: 200px;\n	color: #FFFFFF;\n	margin-top: 15px;\n	font-weight: bold;\n	font-size: 2em;\n}\n\nh2 {\n	/* Forum header titles */\n	font-family: \"Trebuchet MS\", Arial, Helvetica, sans-serif;\n	font-weight: normal;\n	color: #3f3f3f;\n	font-size: 2em;\n	margin: 0.8em 0 0.2em 0;\n}\n\nh2.solo {\n	margin-bottom: 1em;\n}\n\nh3 {\n	/* Sub-headers (also used as post headers, but defined later) */\n	font-family: Arial, Helvetica, sans-serif;\n	font-weight: bold;\n	text-transform: uppercase;\n	border-bottom: 1px solid #CCCCCC;\n	margin-bottom: 3px;\n	padding-bottom: 2px;\n	font-size: 1.05em;\n	color: #989898;\n	margin-top: 20px;\n}\n\nh4 {\n	/* Forum and topic list titles */\n	font-family: \"Trebuchet MS\", Verdana, Helvetica, Arial, Sans-serif;\n	font-size: 1.3em;\n}\n\np {\n	line-height: 1.3em;\n	font-size: 1.1em;\n	margin-bottom: 1.5em;\n}\n\nimg {\n	border-width: 0;\n}\n\nhr {\n	/* Also see tweaks.css */\n	border: 0 none #FFFFFF;\n	border-top: 1px solid #CCCCCC;\n	height: 1px;\n	margin: 5px 0;\n	display: block;\n	clear: both;\n}\n\nhr.dashed {\n	border-top: 1px dashed #CCCCCC;\n	margin: 10px 0;\n}\n\nhr.divider {\n	display: none;\n}\n\np.right {\n	text-align: right;\n}\n\n/* Main blocks\n---------------------------------------- */\n#wrap {\n	padding: 0 20px;\n	min-width: 650px;\n}\n\n#simple-wrap {\n	padding: 6px 10px;\n}\n\n#page-body {\n	margin: 4px 0;\n	clear: both;\n}\n\n#page-footer {\n	clear: both;\n}\n\n#page-footer h3 {\n	margin-top: 20px;\n}\n\n#logo {\n	float: left;\n	width: auto;\n	padding: 10px 13px 0 10px;\n}\n\na#logo:hover {\n	text-decoration: none;\n}\n\n/* Search box\n--------------------------------------------- */\n#search-box {\n	color: #FFFFFF;\n	position: relative;\n	margin-top: 30px;\n	margin-right: 5px;\n	display: block;\n	float: right;\n	text-align: right;\n	white-space: nowrap; /* For Opera */\n}\n\n#search-box #keywords {\n	width: 95px;\n	background-color: #FFF;\n}\n\n#search-box input {\n	border: 1px solid #b0b0b0;\n}\n\n/* .button1 style defined later, just a few tweaks for the search button version */\n#search-box input.button1 {\n	padding: 1px 5px;\n}\n\n#search-box li {\n	text-align: right;\n	margin-top: 4px;\n}\n\n#search-box img {\n	vertical-align: middle;\n	margin-right: 3px;\n}\n\n/* Site description and logo */\n#site-description {\n	float: left;\n	width: 70%;\n}\n\n#site-description h1 {\n	margin-right: 0;\n}\n\n/* Round cornered boxes and backgrounds\n---------------------------------------- */\n.headerbar {\n	background: #ebebeb none repeat-x 0 0;\n	color: #FFFFFF;\n	margin-bottom: 4px;\n	padding: 0 5px;\n}\n\n.navbar {\n	background-color: #ebebeb;\n	padding: 0 10px;\n}\n\n.forabg {\n	background: #b1b1b1 none repeat-x 0 0;\n	margin-bottom: 4px;\n	padding: 0 5px;\n	clear: both;\n}\n\n.forumbg {\n	background: #ebebeb none repeat-x 0 0;\n	margin-bottom: 4px;\n	padding: 0 5px;\n	clear: both;\n}\n\n.panel {\n	margin-bottom: 4px;\n	padding: 0 10px;\n	background-color: #f3f3f3;\n	color: #3f3f3f;\n}\n\n.post {\n	padding: 0 10px;\n	margin-bottom: 4px;\n	background-repeat: no-repeat;\n	background-position: 100% 0;\n}\n\n.post:target .content {\n	color: #000000;\n}\n\n.post:target h3 a {\n	color: #000000;\n}\n\n.bg1	{ background-color: #f7f7f7;}\n.bg2	{ background-color: #f2f2f2; }\n.bg3	{ background-color: #ebebeb; }\n\n.rowbg {\n	margin: 5px 5px 2px 5px;\n}\n\n.ucprowbg {\n	background-color: #e2e2e2;\n}\n\n.fieldsbg {\n	/*border: 1px #DBDEE2 solid;*/\n	background-color: #eaeaea;\n}\n\nspan.corners-top, span.corners-bottom, span.corners-top span, span.corners-bottom span {\n	font-size: 1px;\n	line-height: 1px;\n	display: block;\n	height: 5px;\n	background-repeat: no-repeat;\n}\n\nspan.corners-top {\n	background-image: none;\n	background-position: 0 0;\n	margin: 0 -5px;\n}\n\nspan.corners-top span {\n	background-image: none;\n	background-position: 100% 0;\n}\n\nspan.corners-bottom {\n	background-image: none;\n	background-position: 0 100%;\n	margin: 0 -5px;\n	clear: both;\n}\n\nspan.corners-bottom span {\n	background-image: none;\n	background-position: 100% 100%;\n}\n\n.headbg span.corners-bottom {\n	margin-bottom: -1px;\n}\n\n.post span.corners-top, .post span.corners-bottom, .panel span.corners-top, .panel span.corners-bottom, .navbar span.corners-top, .navbar span.corners-bottom {\n	margin: 0 -10px;\n}\n\n.rules span.corners-top {\n	margin: 0 -10px 5px -10px;\n}\n\n.rules span.corners-bottom {\n	margin: 5px -10px 0 -10px;\n}\n\n/* Horizontal lists\n----------------------------------------*/\nul.linklist {\n	display: block;\n	margin: 0;\n}\n\nul.linklist li {\n	display: block;\n	list-style-type: none;\n	float: left;\n	width: auto;\n	margin-right: 5px;\n	font-size: 1.1em;\n	line-height: 2.2em;\n}\n\nul.linklist li.rightside, p.rightside {\n	float: right;\n	margin-right: 0;\n	margin-left: 5px;\n	text-align: right;\n}\n\nul.navlinks {\n	padding-bottom: 1px;\n	margin-bottom: 1px;\n	border-bottom: 1px solid #FFFFFF;\n	font-weight: bold;\n}\n\nul.leftside {\n	float: left;\n	margin-left: 0;\n	margin-right: 5px;\n	text-align: left;\n}\n\nul.rightside {\n	float: right;\n	margin-left: 5px;\n	margin-right: -5px;\n	text-align: right;\n}\n\n/* Table styles\n----------------------------------------*/\ntable.table1 {\n	/* See tweaks.css */\n}\n\n#ucp-main table.table1 {\n	padding: 2px;\n}\n\ntable.table1 thead th {\n	font-weight: normal;\n	text-transform: uppercase;\n	color: #FFFFFF;\n	line-height: 1.3em;\n	font-size: 1em;\n	padding: 0 0 4px 3px;\n}\n\ntable.table1 thead th span {\n	padding-left: 7px;\n}\n\ntable.table1 tbody tr {\n	border: 1px solid #cfcfcf;\n}\n\ntable.table1 tbody tr:hover, table.table1 tbody tr.hover {\n	background-color: #f6f6f6;\n	color: #000;\n}\n\ntable.table1 td {\n	color: #6a6a6a;\n	font-size: 1.1em;\n}\n\ntable.table1 tbody td {\n	padding: 5px;\n	border-top: 1px solid #FAFAFA;\n}\n\ntable.table1 tbody th {\n	padding: 5px;\n	border-bottom: 1px solid #000000;\n	text-align: left;\n	color: #333333;\n	background-color: #FFFFFF;\n}\n\n/* Specific column styles */\ntable.table1 .name		{ text-align: left; }\ntable.table1 .posts		{ text-align: center !important; width: 7%; }\ntable.table1 .joined	{ text-align: left; width: 15%; }\ntable.table1 .active	{ text-align: left; width: 15%; }\ntable.table1 .mark		{ text-align: center; width: 7%; }\ntable.table1 .info		{ text-align: left; width: 30%; }\ntable.table1 .info div	{ width: 100%; white-space: normal; overflow: hidden; }\ntable.table1 .autocol	{ line-height: 2em; white-space: nowrap; }\ntable.table1 thead .autocol { padding-left: 1em; }\n\ntable.table1 span.rank-img {\n	float: right;\n	width: auto;\n}\n\ntable.info td {\n	padding: 3px;\n}\n\ntable.info tbody th {\n	padding: 3px;\n	text-align: right;\n	vertical-align: top;\n	color: #000000;\n	font-weight: normal;\n}\n\n.forumbg table.table1 {\n	margin: 0;\n}\n\n.forumbg-table > .inner {\n	margin: 0 -1px;\n}\n\n.forumbg-table > .inner > span.corners-top {\n	margin: 0 -4px -1px -4px;\n}\n\n.forumbg-table > .inner > span.corners-bottom {\n	margin: -1px -4px 0 -4px;\n}\n\n/* Misc layout styles\n---------------------------------------- */\n/* column[1-2] styles are containers for two column layouts \n   Also see tweaks.css */\n.column1 {\n	float: left;\n	clear: left;\n	width: 49%;\n}\n\n.column2 {\n	float: right;\n	clear: right;\n	width: 49%;\n}\n\n/* General classes for placing floating blocks */\n.left-box {\n	float: left;\n	width: auto;\n	text-align: left;\n}\n\n.right-box {\n	float: right;\n	width: auto;\n	text-align: right;\n}\n\ndl.details {\n	/*font-family: \"Lucida Grande\", Verdana, Helvetica, Arial, sans-serif;*/\n	font-size: 1.1em;\n}\n\ndl.details dt {\n	float: left;\n	clear: left;\n	width: 30%;\n	text-align: right;\n	color: #000000;\n	display: block;\n}\n\ndl.details dd {\n	margin-left: 0;\n	padding-left: 5px;\n	margin-bottom: 5px;\n	color: #828282;\n	float: left;\n	width: 65%;\n}\n\n/* Pagination\n---------------------------------------- */\n.pagination {\n	height: 1%; /* IE tweak (holly hack) */\n	width: auto;\n	text-align: right;\n	margin-top: 5px;\n	float: right;\n}\n\n.pagination span.page-sep {\n	display: none;\n}\n\nli.pagination {\n	margin-top: 0;\n}\n\n.pagination strong, .pagination b {\n	font-weight: normal;\n}\n\n.pagination span strong {\n	padding: 0 2px;\n	margin: 0 2px;\n	font-weight: normal;\n	color: #FFFFFF;\n	background-color: #bfbfbf;\n	border: 1px solid #bfbfbf;\n	font-size: 0.9em;\n}\n\n.pagination span a, .pagination span a:link, .pagination span a:visited, .pagination span a:active {\n	font-weight: normal;\n	text-decoration: none;\n	color: #747474;\n	margin: 0 2px;\n	padding: 0 2px;\n	background-color: #eeeeee;\n	border: 1px solid #bababa;\n	font-size: 0.9em;\n	line-height: 1.5em;\n}\n\n.pagination span a:hover {\n	border-color: #d2d2d2;\n	background-color: #d2d2d2;\n	color: #FFF;\n	text-decoration: none;\n}\n\n.pagination img {\n	vertical-align: middle;\n}\n\n/* Pagination in viewforum for multipage topics */\n.row .pagination {\n	display: block;\n	float: right;\n	width: auto;\n	margin-top: 0;\n	padding: 1px 0 1px 15px;\n	font-size: 0.9em;\n	background: none 0 50% no-repeat;\n}\n\n.row .pagination span a, li.pagination span a {\n	background-color: #FFFFFF;\n}\n\n.row .pagination span a:hover, li.pagination span a:hover {\n	background-color: #d2d2d2;\n}\n\n/* Miscellaneous styles\n---------------------------------------- */\n#forum-permissions {\n	float: right;\n	width: auto;\n	padding-left: 5px;\n	margin-left: 5px;\n	margin-top: 10px;\n	text-align: right;\n}\n\n.copyright {\n	padding: 5px;\n	text-align: center;\n	color: #555555;\n}\n\n.small {\n	font-size: 0.9em !important;\n}\n\n.titlespace {\n	margin-bottom: 15px;\n}\n\n.headerspace {\n	margin-top: 20px;\n}\n\n.error {\n	color: #bcbcbc;\n	font-weight: bold;\n	font-size: 1em;\n}\n\n.reported {\n	background-color: #f7f7f7;\n}\n\nli.reported:hover {\n	background-color: #ececec;\n}\n\ndiv.rules {\n	background-color: #ececec;\n	color: #bcbcbc;\n	padding: 0 10px;\n	margin: 10px 0;\n	font-size: 1.1em;\n}\n\ndiv.rules ul, div.rules ol {\n	margin-left: 20px;\n}\n\np.rules {\n	background-color: #ececec;\n	background-image: none;\n	padding: 5px;\n}\n\np.rules img {\n	vertical-align: middle;\n	padding-top: 5px;\n}\n\np.rules a {\n	vertical-align: middle;\n	clear: both;\n}\n\n#top {\n	position: absolute;\n	top: -20px;\n}\n\n.clear {\n	display: block;\n	clear: both;\n	font-size: 1px;\n	line-height: 1px;\n	background: transparent;\n}\n/* Link Styles\n---------------------------------------- */\n\n/* Links adjustment to correctly display an order of rtl/ltr mixed content */\na {\n	direction: ltr;\n	unicode-bidi: embed;\n}\n\na:link	{ color: #898989; text-decoration: none; }\na:visited	{ color: #898989; text-decoration: none; }\na:hover	{ color: #d3d3d3; text-decoration: underline; }\na:active	{ color: #d2d2d2; text-decoration: none; }\n\n/* Coloured usernames */\n.username-coloured {\n	font-weight: bold;\n	display: inline !important;\n	padding: 0 !important;\n}\n\n/* Links on gradient backgrounds */\n#search-box a:link, .navbg a:link, .forumbg .header a:link, .forabg .header a:link, th a:link {\n	color: #FFFFFF;\n	text-decoration: none;\n}\n\n#search-box a:visited, .navbg a:visited, .forumbg .header a:visited, .forabg .header a:visited, th a:visited {\n	color: #FFFFFF;\n	text-decoration: none;\n}\n\n#search-box a:hover, .navbg a:hover, .forumbg .header a:hover, .forabg .header a:hover, th a:hover {\n	color: #ffffff;\n	text-decoration: underline;\n}\n\n#search-box a:active, .navbg a:active, .forumbg .header a:active, .forabg .header a:active, th a:active {\n	color: #ffffff;\n	text-decoration: none;\n}\n\n/* Links for forum/topic lists */\na.forumtitle {\n	font-family: \"Trebuchet MS\", Helvetica, Arial, Sans-serif;\n	font-size: 1.2em;\n	font-weight: bold;\n	color: #898989;\n	text-decoration: none;\n}\n\n/* a.forumtitle:visited { color: #898989; } */\n\na.forumtitle:hover {\n	color: #bcbcbc;\n	text-decoration: underline;\n}\n\na.forumtitle:active {\n	color: #898989;\n}\n\na.topictitle {\n	font-family: \"Trebuchet MS\", Helvetica, Arial, Sans-serif;\n	font-size: 1.2em;\n	font-weight: bold;\n	color: #898989;\n	text-decoration: none;\n}\n\n/* a.topictitle:visited { color: #d2d2d2; } */\n\na.topictitle:hover {\n	color: #bcbcbc;\n	text-decoration: underline;\n}\n\na.topictitle:active {\n	color: #898989;\n}\n\n/* Post body links */\n.postlink {\n	text-decoration: none;\n	color: #d2d2d2;\n	border-bottom: 1px solid #d2d2d2;\n	padding-bottom: 0;\n}\n\n/* .postlink:visited { color: #bdbdbd; } */\n\n.postlink:active {\n	color: #d2d2d2;\n}\n\n.postlink:hover {\n	background-color: #f6f6f6;\n	text-decoration: none;\n	color: #404040;\n}\n\n.signature a, .signature a:visited, .signature a:hover, .signature a:active {\n	border: none;\n	text-decoration: underline;\n	background-color: transparent;\n}\n\n/* Profile links */\n.postprofile a:link, .postprofile a:visited, .postprofile dt.author a {\n	font-weight: bold;\n	color: #898989;\n	text-decoration: none;\n}\n\n.postprofile a:hover, .postprofile dt.author a:hover {\n	text-decoration: underline;\n	color: #d3d3d3;\n}\n\n/* CSS spec requires a:link, a:visited, a:hover and a:active rules to be specified in this order. */\n/* See http://www.phpbb.com/bugs/phpbb3/59685 */\n.postprofile a:active {\n	font-weight: bold;\n	color: #898989;\n	text-decoration: none;\n}\n\n\n/* Profile searchresults */	\n.search .postprofile a {\n	color: #898989;\n	text-decoration: none; \n	font-weight: normal;\n}\n\n.search .postprofile a:hover {\n	color: #d3d3d3;\n	text-decoration: underline; \n}\n\n/* Back to top of page */\n.back2top {\n	clear: both;\n	height: 11px;\n	text-align: right;\n}\n\na.top {\n	background: none no-repeat top left;\n	text-decoration: none;\n	width: {IMG_ICON_BACK_TOP_WIDTH}px;\n	height: {IMG_ICON_BACK_TOP_HEIGHT}px;\n	display: block;\n	float: right;\n	overflow: hidden;\n	letter-spacing: 1000px;\n	text-indent: 11px;\n}\n\na.top2 {\n	background: none no-repeat 0 50%;\n	text-decoration: none;\n	padding-left: 15px;\n}\n\n/* Arrow links  */\na.up		{ background: none no-repeat left center; }\na.down		{ background: none no-repeat right center; }\na.left		{ background: none no-repeat 3px 60%; }\na.right		{ background: none no-repeat 95% 60%; }\n\na.up, a.up:link, a.up:active, a.up:visited {\n	padding-left: 10px;\n	text-decoration: none;\n	border-bottom-width: 0;\n}\n\na.up:hover {\n	background-position: left top;\n	background-color: transparent;\n}\n\na.down, a.down:link, a.down:active, a.down:visited {\n	padding-right: 10px;\n}\n\na.down:hover {\n	background-position: right bottom;\n	text-decoration: none;\n}\n\na.left, a.left:active, a.left:visited {\n	padding-left: 12px;\n}\n\na.left:hover {\n	color: #d2d2d2;\n	text-decoration: none;\n	background-position: 0 60%;\n}\n\na.right, a.right:active, a.right:visited {\n	padding-right: 12px;\n}\n\na.right:hover {\n	color: #d2d2d2;\n	text-decoration: none;\n	background-position: 100% 60%;\n}\n\n/* invisible skip link, used for accessibility  */\n.skiplink {\n	position: absolute;\n	left: -999px;\n	width: 990px;\n}\n\n/* Feed icon in forumlist_body.html */\na.feed-icon-forum {\n	float: right;\n	margin: 3px;\n}\n/* Content Styles\n---------------------------------------- */\n\nul.topiclist {\n	display: block;\n	list-style-type: none;\n	margin: 0;\n}\n\nul.forums {\n	background: #f9f9f9 none repeat-x 0 0;\n}\n\nul.topiclist li {\n	display: block;\n	list-style-type: none;\n	color: #777777;\n	margin: 0;\n}\n\nul.topiclist dl {\n	position: relative;\n}\n\nul.topiclist li.row dl {\n	padding: 2px 0;\n}\n\nul.topiclist dt {\n	display: block;\n	float: left;\n	width: 50%;\n	font-size: 1.1em;\n	padding-left: 5px;\n	padding-right: 5px;\n}\n\nul.topiclist dd {\n	display: block;\n	float: left;\n	border-left: 1px solid #FFFFFF;\n	padding: 4px 0;\n}\n\nul.topiclist dfn {\n	/* Labels for post/view counts */\n	position: absolute;\n	left: -999px;\n	width: 990px;\n}\n\nul.topiclist li.row dt a.subforum {\n	background-image: none;\n	background-position: 0 50%;\n	background-repeat: no-repeat;\n	position: relative;\n	white-space: nowrap;\n	padding: 0 0 0 12px;\n}\n\n.forum-image {\n	float: left;\n	padding-top: 5px;\n	margin-right: 5px;\n}\n\nli.row {\n	border-top: 1px solid #FFFFFF;\n	border-bottom: 1px solid #8f8f8f;\n}\n\nli.row strong {\n	font-weight: normal;\n	color: #000000;\n}\n\nli.row:hover {\n	background-color: #f6f6f6;\n}\n\nli.row:hover dd {\n	border-left-color: #CCCCCC;\n}\n\nli.header dt, li.header dd {\n	line-height: 1em;\n	border-left-width: 0;\n	margin: 2px 0 4px 0;\n	color: #FFFFFF;\n	padding-top: 2px;\n	padding-bottom: 2px;\n	font-size: 1em;\n	font-family: Arial, Helvetica, sans-serif;\n	text-transform: uppercase;\n}\n\nli.header dt {\n	font-weight: bold;\n}\n\nli.header dd {\n	margin-left: 1px;\n}\n\nli.header dl.icon {\n	min-height: 0;\n}\n\nli.header dl.icon dt {\n	/* Tweak for headers alignment when folder icon used */\n	padding-left: 0;\n	padding-right: 50px;\n}\n\n/* Forum list column styles */\ndl.icon {\n	min-height: 35px;\n	background-position: 10px 50%;		/* Position of folder icon */\n	background-repeat: no-repeat;\n}\n\ndl.icon dt {\n	padding-left: 45px;					/* Space for folder icon */\n	background-repeat: no-repeat;\n	background-position: 5px 95%;		/* Position of topic icon */\n}\n\ndd.posts, dd.topics, dd.views {\n	width: 8%;\n	text-align: center;\n	line-height: 2.2em;\n	font-size: 1.2em;\n}\n\n/* List in forum description */\ndl.icon dt ol,\ndl.icon dt ul {\n	list-style-position: inside;\n	margin-left: 1em;\n}\n\ndl.icon dt li {\n	display: list-item;\n	list-style-type: inherit;\n}\n\ndd.lastpost {\n	width: 25%;\n	font-size: 1.1em;\n}\n\ndd.redirect {\n	font-size: 1.1em;\n	line-height: 2.5em;\n}\n\ndd.moderation {\n	font-size: 1.1em;\n}\n\ndd.lastpost span, ul.topiclist dd.searchby span, ul.topiclist dd.info span, ul.topiclist dd.time span, dd.redirect span, dd.moderation span {\n	display: block;\n	padding-left: 5px;\n}\n\ndd.time {\n	width: auto;\n	line-height: 200%;\n	font-size: 1.1em;\n}\n\ndd.extra {\n	width: 12%;\n	line-height: 200%;\n	text-align: center;\n	font-size: 1.1em;\n}\n\ndd.mark {\n	float: right !important;\n	width: 9%;\n	text-align: center;\n	line-height: 200%;\n	font-size: 1.2em;\n}\n\ndd.info {\n	width: 30%;\n}\n\ndd.option {\n	width: 15%;\n	line-height: 200%;\n	text-align: center;\n	font-size: 1.1em;\n}\n\ndd.searchby {\n	width: 47%;\n	font-size: 1.1em;\n	line-height: 1em;\n}\n\nul.topiclist dd.searchextra {\n	margin-left: 5px;\n	padding: 0.2em 0;\n	font-size: 1.1em;\n	color: #333333;\n	border-left: none;\n	clear: both;\n	width: 98%;\n	overflow: hidden;\n}\n\n/* Container for post/reply buttons and pagination */\n.topic-actions {\n	margin-bottom: 3px;\n	font-size: 1.1em;\n	height: 28px;\n	min-height: 28px;\n}\ndiv[class].topic-actions {\n	height: auto;\n}\n\n/* Post body styles\n----------------------------------------*/\n.postbody {\n	padding: 0;\n	line-height: 1.48em;\n	color: #333333;\n	width: 76%;\n	float: left;\n	clear: both;\n}\n\n.postbody .ignore {\n	font-size: 1.1em;\n}\n\n.postbody h3.first {\n	/* The first post on the page uses this */\n	font-size: 1.7em;\n}\n\n.postbody h3 {\n	/* Postbody requires a different h3 format - so change it here */\n	font-size: 1.5em;\n	padding: 2px 0 0 0;\n	margin: 0 0 0.3em 0 !important;\n	text-transform: none;\n	border: none;\n	font-family: \"Trebuchet MS\", Verdana, Helvetica, Arial, sans-serif;\n	line-height: 125%;\n}\n\n.postbody h3 img {\n	/* Also see tweaks.css */\n	vertical-align: bottom;\n}\n\n.postbody .content {\n	font-size: 1.3em;\n}\n\n.search .postbody {\n	width: 68%\n}\n\n/* Topic review panel\n----------------------------------------*/\n#review {\n	margin-top: 2em;\n}\n\n#topicreview {\n	padding-right: 5px;\n	overflow: auto;\n	height: 300px;\n}\n\n#topicreview .postbody {\n	width: auto;\n	float: none;\n	margin: 0;\n	height: auto;\n}\n\n#topicreview .post {\n	height: auto;\n}\n\n#topicreview h2 {\n	border-bottom-width: 0;\n}\n\n.post-ignore .postbody {\n	display: none;\n}\n\n/* MCP Post details\n----------------------------------------*/\n#post_details\n{\n	/* This will only work in IE7+, plus the others */\n	overflow: auto;\n	max-height: 300px;\n}\n\n#expand\n{\n	clear: both;\n}\n\n/* Content container styles\n----------------------------------------*/\n.content {\n	min-height: 3em;\n	overflow: hidden;\n	line-height: 1.4em;\n	font-family: \"Lucida Grande\", \"Trebuchet MS\", Verdana, Helvetica, Arial, sans-serif;\n	font-size: 1em;\n	color: #333333;\n	padding-bottom: 1px;\n}\n\n.content h2, .panel h2 {\n	font-weight: normal;\n	color: #989898;\n	border-bottom: 1px solid #CCCCCC;\n	font-size: 1.6em;\n	margin-top: 0.5em;\n	margin-bottom: 0.5em;\n	padding-bottom: 0.5em;\n}\n\n.panel h3 {\n	margin: 0.5em 0;\n}\n\n.panel p {\n	font-size: 1.2em;\n	margin-bottom: 1em;\n	line-height: 1.4em;\n}\n\n.content p {\n	font-family: \"Lucida Grande\", \"Trebuchet MS\", Verdana, Helvetica, Arial, sans-serif;\n	font-size: 1.2em;\n	margin-bottom: 1em;\n	line-height: 1.4em;\n}\n\ndl.faq {\n	font-family: \"Lucida Grande\", Verdana, Helvetica, Arial, sans-serif;\n	font-size: 1.1em;\n	margin-top: 1em;\n	margin-bottom: 2em;\n	line-height: 1.4em;\n}\n\ndl.faq dt {\n	font-weight: bold;\n	color: #333333;\n}\n\n.content dl.faq {\n	font-size: 1.2em;\n	margin-bottom: 0.5em;\n}\n\n.content li {\n	list-style-type: inherit;\n}\n\n.content ul, .content ol {\n	margin-bottom: 1em;\n	margin-left: 3em;\n}\n\n.posthilit {\n	background-color: #f3f3f3;\n	color: #BCBCBC;\n	padding: 0 2px 1px 2px;\n}\n\n.announce, .unreadpost {\n	/* Highlight the announcements & unread posts box */\n	border-left-color: #BCBCBC;\n	border-right-color: #BCBCBC;\n}\n\n/* Post author */\np.author {\n	margin: 0 15em 0.6em 0;\n	padding: 0 0 5px 0;\n	font-family: Verdana, Helvetica, Arial, sans-serif;\n	font-size: 1em;\n	line-height: 1.2em;\n}\n\n/* Post signature */\n.signature {\n	margin-top: 1.5em;\n	padding-top: 0.2em;\n	font-size: 1.1em;\n	border-top: 1px solid #CCCCCC;\n	clear: left;\n	line-height: 140%;\n	overflow: hidden;\n	width: 100%;\n}\n\ndd .signature {\n	margin: 0;\n	padding: 0;\n	clear: none;\n	border: none;\n}\n\n.signature li {\n	list-style-type: inherit;\n}\n\n.signature ul, .signature ol {\n	margin-bottom: 1em;\n	margin-left: 3em;\n}\n\n/* Post noticies */\n.notice {\n	font-family: \"Lucida Grande\", Verdana, Helvetica, Arial, sans-serif;\n	width: auto;\n	margin-top: 1.5em;\n	padding-top: 0.2em;\n	font-size: 1em;\n	border-top: 1px dashed #CCCCCC;\n	clear: left;\n	line-height: 130%;\n}\n\n/* Jump to post link for now */\nul.searchresults {\n	list-style: none;\n	text-align: right;\n	clear: both;\n}\n\n/* BB Code styles\n----------------------------------------*/\n/* Quote block */\nblockquote {\n	background: #ebebeb none 6px 8px no-repeat;\n	border: 1px solid #dbdbdb;\n	font-size: 0.95em;\n	margin: 0.5em 1px 0 25px;\n	overflow: hidden;\n	padding: 5px;\n}\n\nblockquote blockquote {\n	/* Nested quotes */\n	background-color: #bababa;\n	font-size: 1em;\n	margin: 0.5em 1px 0 15px;	\n}\n\nblockquote blockquote blockquote {\n	/* Nested quotes */\n	background-color: #e4e4e4;\n}\n\nblockquote cite {\n	/* Username/source of quoter */\n	font-style: normal;\n	font-weight: bold;\n	margin-left: 20px;\n	display: block;\n	font-size: 0.9em;\n}\n\nblockquote cite cite {\n	font-size: 1em;\n}\n\nblockquote.uncited {\n	padding-top: 25px;\n}\n\n/* Code block */\ndl.codebox {\n	padding: 3px;\n	background-color: #FFFFFF;\n	border: 1px solid #d8d8d8;\n	font-size: 1em;\n}\n\ndl.codebox dt {\n	text-transform: uppercase;\n	border-bottom: 1px solid #CCCCCC;\n	margin-bottom: 3px;\n	font-size: 0.8em;\n	font-weight: bold;\n	display: block;\n}\n\nblockquote dl.codebox {\n	margin-left: 0;\n}\n\ndl.codebox code {\n	/* Also see tweaks.css */\n	overflow: auto;\n	display: block;\n	height: auto;\n	max-height: 200px;\n	white-space: normal;\n	padding-top: 5px;\n	font: 0.9em Monaco, \"Andale Mono\",\"Courier New\", Courier, mono;\n	line-height: 1.3em;\n	color: #8b8b8b;\n	margin: 2px 0;\n}\n\n.syntaxbg		{ color: #FFFFFF; }\n.syntaxcomment	{ color: #000000; }\n.syntaxdefault	{ color: #bcbcbc; }\n.syntaxhtml		{ color: #000000; }\n.syntaxkeyword	{ color: #585858; }\n.syntaxstring	{ color: #a7a7a7; }\n\n/* Attachments\n----------------------------------------*/\n.attachbox {\n	float: left;\n	width: auto; \n	margin: 5px 5px 5px 0;\n	padding: 6px;\n	background-color: #FFFFFF;\n	border: 1px dashed #d8d8d8;\n	clear: left;\n}\n\n.pm-message .attachbox {\n	background-color: #f3f3f3;\n}\n\n.attachbox dt {\n	font-family: Arial, Helvetica, sans-serif;\n	text-transform: uppercase;\n}\n\n.attachbox dd {\n	margin-top: 4px;\n	padding-top: 4px;\n	clear: left;\n	border-top: 1px solid #d8d8d8;\n}\n\n.attachbox dd dd {\n	border: none;\n}\n\n.attachbox p {\n	line-height: 110%;\n	color: #666666;\n	font-weight: normal;\n	clear: left;\n}\n\n.attachbox p.stats\n{\n	line-height: 110%;\n	color: #666666;\n	font-weight: normal;\n	clear: left;\n}\n\n.attach-image {\n	margin: 3px 0;\n	width: 100%;\n	max-height: 350px;\n	overflow: auto;\n}\n\n.attach-image img {\n	border: 1px solid #999999;\n/*	cursor: move; */\n	cursor: default;\n}\n\n/* Inline image thumbnails */\ndiv.inline-attachment dl.thumbnail, div.inline-attachment dl.file {\n	display: block;\n	margin-bottom: 4px;\n}\n\ndiv.inline-attachment p {\n	font-size: 100%;\n}\n\ndl.file {\n	font-family: Verdana, Arial, Helvetica, sans-serif;\n	display: block;\n}\n\ndl.file dt {\n	text-transform: none;\n	margin: 0;\n	padding: 0;\n	font-weight: bold;\n	font-family: Verdana, Arial, Helvetica, sans-serif;\n}\n\ndl.file dd {\n	color: #666666;\n	margin: 0;\n	padding: 0;	\n}\n\ndl.thumbnail img {\n	padding: 3px;\n	border: 1px solid #666666;\n	background-color: #FFF;\n}\n\ndl.thumbnail dd {\n	color: #666666;\n	font-style: italic;\n	font-family: Verdana, Arial, Helvetica, sans-serif;\n}\n\n.attachbox dl.thumbnail dd {\n	font-size: 100%;\n}\n\ndl.thumbnail dt a:hover {\n	background-color: #EEEEEE;\n}\n\ndl.thumbnail dt a:hover img {\n	border: 1px solid #d2d2d2;\n}\n\n/* Post poll styles\n----------------------------------------*/\nfieldset.polls {\n	font-family: \"Trebuchet MS\", Verdana, Helvetica, Arial, sans-serif;\n}\n\nfieldset.polls dl {\n	margin-top: 5px;\n	border-top: 1px solid #e2e2e2;\n	padding: 5px 0 0 0;\n	line-height: 120%;\n	color: #666666;\n}\n\nfieldset.polls dl.voted {\n	font-weight: bold;\n	color: #000000;\n}\n\nfieldset.polls dt {\n	text-align: left;\n	float: left;\n	display: block;\n	width: 30%;\n	border-right: none;\n	padding: 0;\n	margin: 0;\n	font-size: 1.1em;\n}\n\nfieldset.polls dd {\n	float: left;\n	width: 10%;\n	border-left: none;\n	padding: 0 5px;\n	margin-left: 0;\n	font-size: 1.1em;\n}\n\nfieldset.polls dd.resultbar {\n	width: 50%;\n}\n\nfieldset.polls dd input {\n	margin: 2px 0;\n}\n\nfieldset.polls dd div {\n	text-align: right;\n	font-family: Arial, Helvetica, sans-serif;\n	color: #FFFFFF;\n	font-weight: bold;\n	padding: 0 2px;\n	overflow: visible;\n	min-width: 2%;\n}\n\n.pollbar1 {\n	background-color: #aaaaaa;\n	border-bottom: 1px solid #747474;\n	border-right: 1px solid #747474;\n}\n\n.pollbar2 {\n	background-color: #bebebe;\n	border-bottom: 1px solid #8c8c8c;\n	border-right: 1px solid #8c8c8c;\n}\n\n.pollbar3 {\n	background-color: #D1D1D1;\n	border-bottom: 1px solid #aaaaaa;\n	border-right: 1px solid #aaaaaa;\n}\n\n.pollbar4 {\n	background-color: #e4e4e4;\n	border-bottom: 1px solid #bebebe;\n	border-right: 1px solid #bebebe;\n}\n\n.pollbar5 {\n	background-color: #f8f8f8;\n	border-bottom: 1px solid #D1D1D1;\n	border-right: 1px solid #D1D1D1;\n}\n\n/* Poster profile block\n----------------------------------------*/\n.postprofile {\n	/* Also see tweaks.css */\n	margin: 5px 0 10px 0;\n	min-height: 80px;\n	color: #666666;\n	border-left: 1px solid #FFFFFF;\n	width: 22%;\n	float: right;\n	display: inline;\n}\n.pm .postprofile {\n	border-left: 1px solid #DDDDDD;\n}\n\n.postprofile dd, .postprofile dt {\n	line-height: 1.2em;\n	margin-left: 8px;\n}\n\n.postprofile strong {\n	font-weight: normal;\n	color: #000000;\n}\n\n.avatar {\n	border: none;\n	margin-bottom: 3px;\n}\n\n.online {\n	background-image: none;\n	background-position: 100% 0;\n	background-repeat: no-repeat;\n}\n\n/* Poster profile used by search*/\n.search .postprofile {\n	width: 30%;\n}\n\n/* pm list in compose message if mass pm is enabled */\ndl.pmlist dt {\n	width: 60% !important;\n}\n\ndl.pmlist dt textarea {\n	width: 95%;\n}\n\ndl.pmlist dd {\n	margin-left: 61% !important;\n	margin-bottom: 2px;\n}\n/* Button Styles\n---------------------------------------- */\n\n/* Rollover buttons\n   Based on: http://wellstyled.com/css-nopreload-rollovers.html\n----------------------------------------*/\n.buttons {\n	float: left;\n	width: auto;\n	height: auto;\n}\n\n/* Rollover state */\n.buttons div {\n	float: left;\n	margin: 0 5px 0 0;\n	background-position: 0 100%;\n}\n\n/* Rolloff state */\n.buttons div a {\n	display: block;\n	width: 100%;\n	height: 100%;\n	background-position: 0 0;\n	position: relative;\n	overflow: hidden;\n}\n\n/* Hide <a> text and hide off-state image when rolling over (prevents flicker in IE) */\n/*.buttons div span		{ display: none; }*/\n/*.buttons div a:hover	{ background-image: none; }*/\n.buttons div span			{ position: absolute; width: 100%; height: 100%; cursor: pointer;}\n.buttons div a:hover span	{ background-position: 0 100%; }\n\n/* Big button images */\n.reply-icon span	{ background: transparent none 0 0 no-repeat; }\n.post-icon span		{ background: transparent none 0 0 no-repeat; }\n.locked-icon span	{ background: transparent none 0 0 no-repeat; }\n.pmreply-icon span	{ background: none 0 0 no-repeat; }\n.newpm-icon span 	{ background: none 0 0 no-repeat; }\n.forwardpm-icon span 	{ background: none 0 0 no-repeat; }\n\n/* Set big button dimensions */\n.buttons div.reply-icon		{ width: {IMG_BUTTON_TOPIC_REPLY_WIDTH}px; height: {IMG_BUTTON_TOPIC_REPLY_HEIGHT}px; }\n.buttons div.post-icon		{ width: {IMG_BUTTON_TOPIC_NEW_WIDTH}px; height: {IMG_BUTTON_TOPIC_NEW_HEIGHT}px; }\n.buttons div.locked-icon	{ width: {IMG_BUTTON_TOPIC_LOCKED_WIDTH}px; height: {IMG_BUTTON_TOPIC_LOCKED_HEIGHT}px; }\n.buttons div.pmreply-icon	{ width: {IMG_BUTTON_PM_REPLY_WIDTH}px; height: {IMG_BUTTON_PM_REPLY_HEIGHT}px; }\n.buttons div.newpm-icon		{ width: {IMG_BUTTON_PM_NEW_WIDTH}px; height: {IMG_BUTTON_PM_NEW_HEIGHT}px; }\n.buttons div.forwardpm-icon	{ width: {IMG_BUTTON_PM_FORWARD_WIDTH}px; height: {IMG_BUTTON_PM_FORWARD_HEIGHT}px; }\n\n/* Sub-header (navigation bar)\n--------------------------------------------- */\na.print, a.sendemail, a.fontsize {\n	display: block;\n	overflow: hidden;\n	height: 18px;\n	text-indent: -5000px;\n	text-align: left;\n	background-repeat: no-repeat;\n}\n\na.print {\n	background-image: none;\n	width: 22px;\n}\n\na.sendemail {\n	background-image: none;\n	width: 22px;\n}\n\na.fontsize {\n	background-image: none;\n	background-position: 0 -1px;\n	width: 29px;\n}\n\na.fontsize:hover {\n	background-position: 0 -20px;\n	text-decoration: none;\n}\n\n/* Icon images\n---------------------------------------- */\n.sitehome, .icon-faq, .icon-members, .icon-home, .icon-ucp, .icon-register, .icon-logout,\n.icon-bookmark, .icon-bump, .icon-subscribe, .icon-unsubscribe, .icon-pages, .icon-search {\n	background-position: 0 50%;\n	background-repeat: no-repeat;\n	background-image: none;\n	padding: 1px 0 0 17px;\n}\n\n/* Poster profile icons\n----------------------------------------*/\nul.profile-icons {\n	padding-top: 10px;\n	list-style: none;\n}\n\n/* Rollover state */\nul.profile-icons li {\n	float: left;\n	margin: 0 6px 3px 0;\n	background-position: 0 100%;\n}\n\n/* Rolloff state */\nul.profile-icons li a {\n	display: block;\n	width: 100%;\n	height: 100%;\n	background-position: 0 0;\n}\n\n/* Hide <a> text and hide off-state image when rolling over (prevents flicker in IE) */\nul.profile-icons li span { display:none; }\nul.profile-icons li a:hover { background: none; }\n\n/* Positioning of moderator icons */\n.postbody ul.profile-icons {\n	float: right;\n	width: auto;\n	padding: 0;\n}\n\n.postbody ul.profile-icons li {\n	margin: 0 3px;\n}\n\n/* Profile & navigation icons */\n.email-icon, .email-icon a		{ background: none top left no-repeat; }\n.aim-icon, .aim-icon a			{ background: none top left no-repeat; }\n.yahoo-icon, .yahoo-icon a		{ background: none top left no-repeat; }\n.web-icon, .web-icon a			{ background: none top left no-repeat; }\n.msnm-icon, .msnm-icon a			{ background: none top left no-repeat; }\n.icq-icon, .icq-icon a			{ background: none top left no-repeat; }\n.jabber-icon, .jabber-icon a		{ background: none top left no-repeat; }\n.pm-icon, .pm-icon a				{ background: none top left no-repeat; }\n.quote-icon, .quote-icon a		{ background: none top left no-repeat; }\n\n/* Moderator icons */\n.report-icon, .report-icon a		{ background: none top left no-repeat; }\n.warn-icon, .warn-icon a			{ background: none top left no-repeat; }\n.edit-icon, .edit-icon a			{ background: none top left no-repeat; }\n.delete-icon, .delete-icon a		{ background: none top left no-repeat; }\n.info-icon, .info-icon a			{ background: none top left no-repeat; }\n\n/* Set profile icon dimensions */\nul.profile-icons li.email-icon		{ width: {IMG_ICON_CONTACT_EMAIL_WIDTH}px; height: {IMG_ICON_CONTACT_EMAIL_HEIGHT}px; }\nul.profile-icons li.aim-icon	{ width: {IMG_ICON_CONTACT_AIM_WIDTH}px; height: {IMG_ICON_CONTACT_AIM_HEIGHT}px; }\nul.profile-icons li.yahoo-icon	{ width: {IMG_ICON_CONTACT_YAHOO_WIDTH}px; height: {IMG_ICON_CONTACT_YAHOO_HEIGHT}px; }\nul.profile-icons li.web-icon	{ width: {IMG_ICON_CONTACT_WWW_WIDTH}px; height: {IMG_ICON_CONTACT_WWW_HEIGHT}px; }\nul.profile-icons li.msnm-icon	{ width: {IMG_ICON_CONTACT_MSNM_WIDTH}px; height: {IMG_ICON_CONTACT_MSNM_HEIGHT}px; }\nul.profile-icons li.icq-icon	{ width: {IMG_ICON_CONTACT_ICQ_WIDTH}px; height: {IMG_ICON_CONTACT_ICQ_HEIGHT}px; }\nul.profile-icons li.jabber-icon	{ width: {IMG_ICON_CONTACT_JABBER_WIDTH}px; height: {IMG_ICON_CONTACT_JABBER_HEIGHT}px; }\nul.profile-icons li.pm-icon		{ width: {IMG_ICON_CONTACT_PM_WIDTH}px; height: {IMG_ICON_CONTACT_PM_HEIGHT}px; }\nul.profile-icons li.quote-icon	{ width: {IMG_ICON_POST_QUOTE_WIDTH}px; height: {IMG_ICON_POST_QUOTE_HEIGHT}px; }\nul.profile-icons li.report-icon	{ width: {IMG_ICON_POST_REPORT_WIDTH}px; height: {IMG_ICON_POST_REPORT_HEIGHT}px; }\nul.profile-icons li.edit-icon	{ width: {IMG_ICON_POST_EDIT_WIDTH}px; height: {IMG_ICON_POST_EDIT_HEIGHT}px; }\nul.profile-icons li.delete-icon	{ width: {IMG_ICON_POST_DELETE_WIDTH}px; height: {IMG_ICON_POST_DELETE_HEIGHT}px; }\nul.profile-icons li.info-icon	{ width: {IMG_ICON_POST_INFO_WIDTH}px; height: {IMG_ICON_POST_INFO_HEIGHT}px; }\nul.profile-icons li.warn-icon	{ width: {IMG_ICON_USER_WARN_WIDTH}px; height: {IMG_ICON_USER_WARN_HEIGHT}px; }\n\n/* Fix profile icon default margins */\nul.profile-icons li.edit-icon	{ margin: 0 0 0 3px; }\nul.profile-icons li.quote-icon	{ margin: 0 0 0 10px; }\nul.profile-icons li.info-icon, ul.profile-icons li.report-icon	{ margin: 0 3px 0 0; }\n/* Control Panel Styles\n---------------------------------------- */\n\n\n/* Main CP box\n----------------------------------------*/\n#cp-menu {\n	float:left;\n	width: 19%;\n	margin-top: 1em;\n	margin-bottom: 5px;\n}\n\n#cp-main {\n	float: left;\n	width: 81%;\n}\n\n#cp-main .content {\n	padding: 0;\n}\n\n#cp-main h3, #cp-main hr, #cp-menu hr {\n	border-color: #bfbfbf;\n}\n\n#cp-main .panel p {\n	font-size: 1.1em;\n}\n\n#cp-main .panel ol {\n	margin-left: 2em;\n	font-size: 1.1em;\n}\n\n#cp-main .panel li.row {\n	border-bottom: 1px solid #cbcbcb;\n	border-top: 1px solid #F9F9F9;\n}\n\nul.cplist {\n	margin-bottom: 5px;\n	border-top: 1px solid #cbcbcb;\n}\n\n#cp-main .panel li.header dd, #cp-main .panel li.header dt {\n	color: #000000;\n	margin-bottom: 2px;\n}\n\n#cp-main table.table1 {\n	margin-bottom: 1em;\n}\n\n#cp-main table.table1 thead th {\n	color: #333333;\n	font-weight: bold;\n	border-bottom: 1px solid #333333;\n	padding: 5px;\n}\n\n#cp-main table.table1 tbody th {\n	font-style: italic;\n	background-color: transparent !important;\n	border-bottom: none;\n}\n\n#cp-main .pagination {\n	float: right;\n	width: auto;\n	padding-top: 1px;\n}\n\n#cp-main .postbody p {\n	font-size: 1.1em;\n}\n\n#cp-main .pm-message {\n	border: 1px solid #e2e2e2;\n	margin: 10px 0;\n	background-color: #FFFFFF;\n	width: auto;\n	float: none;\n}\n\n.pm-message h2 {\n	padding-bottom: 5px;\n}\n\n#cp-main .postbody h3, #cp-main .box2 h3 {\n	margin-top: 0;\n}\n\n#cp-main .buttons {\n	margin-left: 0;\n}\n\n#cp-main ul.linklist {\n	margin: 0;\n}\n\n/* MCP Specific tweaks */\n.mcp-main .postbody {\n	width: 100%;\n}\n\n.tabs-container h2 {\n	float: left;\n	margin-bottom: 0px;\n}\n\n.tabs-container #minitabs {\n	float: right;\n	margin-top: 19px;\n}\n\n.tabs-container:after {\n	display: block;\n	clear: both;\n	content: \'\';\n}\n\n/* CP tabbed menu\n----------------------------------------*/\n#tabs {\n	line-height: normal;\n	margin: 20px 0 -1px 7px;\n	min-width: 570px;\n}\n\n#tabs ul {\n	margin:0;\n	padding: 0;\n	list-style: none;\n}\n\n#tabs li {\n	display: inline;\n	margin: 0;\n	padding: 0;\n	font-size: 1em;\n	font-weight: bold;\n}\n\n#tabs a {\n	float: left;\n	background: none no-repeat 0% -35px;\n	margin: 0 1px 0 0;\n	padding: 0 0 0 5px;\n	text-decoration: none;\n	position: relative;\n	cursor: pointer;\n}\n\n#tabs a span {\n	float: left;\n	display: block;\n	background: none no-repeat 100% -35px;\n	padding: 6px 10px 6px 5px;\n	color: #828282;\n	white-space: nowrap;\n}\n\n#tabs a:hover span {\n	color: #bcbcbc;\n}\n\n#tabs .activetab a {\n	background-position: 0 0;\n	border-bottom: 1px solid #ebebeb;\n}\n\n#tabs .activetab a span {\n	background-position: 100% 0;\n	padding-bottom: 7px;\n	color: #333333;\n}\n\n#tabs a:hover {\n	background-position: 0 -70px;\n}\n\n#tabs a:hover span {\n	background-position:100% -70px;\n}\n\n#tabs .activetab a:hover {\n	background-position: 0 0;\n}\n\n#tabs .activetab a:hover span {\n	color: #000000;\n	background-position: 100% 0;\n}\n\n/* Mini tabbed menu used in MCP\n----------------------------------------*/\n#minitabs {\n	line-height: normal;\n	margin: -20px 7px 0 0;\n}\n\n#minitabs ul {\n	margin:0;\n	padding: 0;\n	list-style: none;\n}\n\n#minitabs li {\n	display: block;\n	float: right;\n	padding: 0 10px 4px 10px;\n	font-size: 1em;\n	font-weight: bold;\n	background-color: #f2f2f2;\n	margin-left: 2px;\n}\n\n#minitabs a {\n}\n\n#minitabs a:hover {\n	text-decoration: none;\n}\n\n#minitabs li.activetab {\n	background-color: #F9F9F9;\n}\n\n#minitabs li.activetab a, #minitabs li.activetab a:hover {\n	color: #333333;\n}\n\n/* UCP navigation menu\n----------------------------------------*/\n/* Container for sub-navigation list */\n#navigation {\n	width: 100%;\n	padding-top: 36px;\n}\n\n#navigation ul {\n	list-style:none;\n}\n\n/* Default list state */\n#navigation li {\n	margin: 1px 0;\n	padding: 0;\n	font-weight: bold;\n	display: inline;\n}\n\n/* Link styles for the sub-section links */\n#navigation a {\n	display: block;\n	padding: 5px;\n	margin: 1px 0;\n	text-decoration: none;\n	font-weight: bold;\n	color: #333;\n	background: #cfcfcf none repeat-y 100% 0;\n}\n\n#navigation a:hover {\n	text-decoration: none;\n	background-color: #c6c6c6;\n	color: #bcbcbc;\n	background-image: none;\n}\n\n#navigation #active-subsection a {\n	display: block;\n	color: #d3d3d3;\n	background-color: #F9F9F9;\n	background-image: none;\n}\n\n#navigation #active-subsection a:hover {\n	color: #d3d3d3;\n}\n\n/* Preferences pane layout\n----------------------------------------*/\n#cp-main h2 {\n	border-bottom: none;\n	padding: 0;\n	margin-left: 10px;\n	color: #333333;\n}\n\n#cp-main .panel {\n	background-color: #F9F9F9;\n}\n\n#cp-main .pm {\n	background-color: #FFFFFF;\n}\n\n#cp-main span.corners-top, #cp-menu span.corners-top {\n	background-image: none;\n}\n\n#cp-main span.corners-top span, #cp-menu span.corners-top span {\n	background-image: none;\n}\n\n#cp-main span.corners-bottom, #cp-menu span.corners-bottom {\n	background-image: none;\n}\n\n#cp-main span.corners-bottom span, #cp-menu span.corners-bottom span {\n	background-image: none;\n}\n\n/* Topicreview */\n#cp-main .panel #topicreview span.corners-top, #cp-menu .panel #topicreview span.corners-top {\n	background-image: none;\n}\n\n#cp-main .panel #topicreview span.corners-top span, #cp-menu .panel #topicreview span.corners-top span {\n	background-image: none;\n}\n\n#cp-main .panel #topicreview span.corners-bottom, #cp-menu .panel #topicreview span.corners-bottom {\n	background-image: none;\n}\n\n#cp-main .panel #topicreview span.corners-bottom span, #cp-menu .panel #topicreview span.corners-bottom span {\n	background-image: none;\n}\n\n/* Friends list */\n.cp-mini {\n	background-color: #f9f9f9;\n	padding: 0 5px;\n	margin: 10px 15px 10px 5px;\n}\n\n.cp-mini span.corners-top, .cp-mini span.corners-bottom {\n	margin: 0 -5px;\n}\n\ndl.mini dt {\n	font-weight: bold;\n	color: #676767;\n}\n\ndl.mini dd {\n	padding-top: 4px;\n}\n\n.friend-online {\n	font-weight: bold;\n}\n\n.friend-offline {\n	font-style: italic;\n}\n\n/* PM Styles\n----------------------------------------*/\n#pm-menu {\n	line-height: 2.5em;\n}\n\n/* PM panel adjustments */\n.reply-all a.left {\n	background-position: 3px 60%;\n}\n\n.reply-all a.left:hover {\n	background-position: 0px 60%;\n}\n\n.reply-all {\n	font-size: 11px;\n	padding-top: 5px;\n}\n\n/* PM Message history */\n.current {\n	color: #999999;\n}\n\n/* Defined rules list for PM options */\nol.def-rules {\n	padding-left: 0;\n}\n\nol.def-rules li {\n	line-height: 180%;\n	padding: 1px;\n}\n\n/* PM marking colours */\n.pmlist li.bg1 {\n	padding: 0 3px;\n}\n\n.pmlist li.bg2 {\n	padding: 0 3px;\n}\n\n.pmlist li.pm_message_reported_colour, .pm_message_reported_colour {\n	border-left-color: #bcbcbc;\n	border-right-color: #bcbcbc;\n}\n\n.pmlist li.pm_marked_colour, .pm_marked_colour {\n	padding: 0;\n	border: solid 3px #ffffff;\n	border-width: 0 3px;\n}\n\n.pmlist li.pm_replied_colour, .pm_replied_colour {\n	padding: 0;\n	border: solid 3px #c2c2c2;\n	border-width: 0 3px;\n}\n\n.pmlist li.pm_friend_colour, .pm_friend_colour {\n	padding: 0;\n	border: solid 3px #bdbdbd;\n	border-width: 0 3px;\n}\n\n.pmlist li.pm_foe_colour, .pm_foe_colour {\n	padding: 0;\n	border: solid 3px #000000;\n	border-width: 0 3px;\n}\n\n.pm-legend {\n	border-left-width: 10px;\n	border-left-style: solid;\n	border-right-width: 0;\n	margin-bottom: 3px;\n	padding-left: 3px;\n}\n\n/* Avatar gallery */\n#gallery label {\n	position: relative;\n	float: left;\n	margin: 10px;\n	padding: 5px;\n	width: auto;\n	background: #FFFFFF;\n	border: 1px solid #CCC;\n	text-align: center;\n}\n\n#gallery label:hover {\n	background-color: #EEE;\n}\n/* Form Styles\n---------------------------------------- */\n\n/* General form styles\n----------------------------------------*/\nfieldset {\n	border-width: 0;\n	font-family: Verdana, Helvetica, Arial, sans-serif;\n	font-size: 1.1em;\n}\n\ninput {\n	font-weight: normal;\n	cursor: pointer;\n	vertical-align: middle;\n	padding: 0 3px;\n	font-size: 1em;\n	font-family: Verdana, Helvetica, Arial, sans-serif;\n}\n\nselect {\n	font-family: Verdana, Helvetica, Arial, sans-serif;\n	font-weight: normal;\n	cursor: pointer;\n	vertical-align: middle;\n	border: 1px solid #666666;\n	padding: 1px;\n	background-color: #FAFAFA;\n	font-size: 1em;\n}\n\noption {\n	padding-right: 1em;\n}\n\noption.disabled-option {\n	color: graytext;\n}\n\ntextarea {\n	font-family: \"Lucida Grande\", Verdana, Helvetica, Arial, sans-serif;\n	width: 60%;\n	padding: 2px;\n	font-size: 1em;\n	line-height: 1.4em;\n}\n\nlabel {\n	cursor: default;\n	padding-right: 5px;\n	color: #676767;\n}\n\nlabel input {\n	vertical-align: middle;\n}\n\nlabel img {\n	vertical-align: middle;\n}\n\n/* Definition list layout for forms\n---------------------------------------- */\nfieldset dl {\n	padding: 4px 0;\n}\n\nfieldset dt {\n	float: left;	\n	width: 40%;\n	text-align: left;\n	display: block;\n}\n\nfieldset dd {\n	margin-left: 41%;\n	vertical-align: top;\n	margin-bottom: 3px;\n}\n\n/* Specific layout 1 */\nfieldset.fields1 dt {\n	width: 15em;\n	border-right-width: 0;\n}\n\nfieldset.fields1 dd {\n	margin-left: 15em;\n	border-left-width: 0;\n}\n\nfieldset.fields1 {\n	background-color: transparent;\n}\n\nfieldset.fields1 div {\n	margin-bottom: 3px;\n}\n\n/* Set it back to 0px for the reCaptcha divs: PHPBB3-9587 */\nfieldset.fields1 #recaptcha_widget_div div {\n	margin-bottom: 0;\n}\n\n/* Specific layout 2 */\nfieldset.fields2 dt {\n	width: 15em;\n	border-right-width: 0;\n}\n\nfieldset.fields2 dd {\n	margin-left: 16em;\n	border-left-width: 0;\n}\n\n/* Form elements */\ndt label {\n	font-weight: bold;\n	text-align: left;\n}\n\ndd label {\n	white-space: nowrap;\n	color: #333;\n}\n\ndd input, dd textarea {\n	margin-right: 3px;\n}\n\ndd select {\n	width: auto;\n}\n\ndd textarea {\n	width: 85%;\n}\n\n/* Hover effects */\nfieldset dl:hover dt label {\n	color: #000000;\n}\n\nfieldset.fields2 dl:hover dt label {\n	color: inherit;\n}\n\n#timezone {\n	width: 95%;\n}\n\n* html #timezone {\n	width: 50%;\n}\n\n/* Quick-login on index page */\nfieldset.quick-login {\n	margin-top: 5px;\n}\n\nfieldset.quick-login input {\n	width: auto;\n}\n\nfieldset.quick-login input.inputbox {\n	width: 15%;\n	vertical-align: middle;\n	margin-right: 5px;\n	background-color: #f3f3f3;\n}\n\nfieldset.quick-login label {\n	white-space: nowrap;\n	padding-right: 2px;\n}\n\n/* Display options on viewtopic/viewforum pages  */\nfieldset.display-options {\n	text-align: center;\n	margin: 3px 0 5px 0;\n}\n\nfieldset.display-options label {\n	white-space: nowrap;\n	padding-right: 2px;\n}\n\nfieldset.display-options a {\n	margin-top: 3px;\n}\n\n/* Display actions for ucp and mcp pages */\nfieldset.display-actions {\n	text-align: right;\n	line-height: 2em;\n	white-space: nowrap;\n	padding-right: 1em;\n}\n\nfieldset.display-actions label {\n	white-space: nowrap;\n	padding-right: 2px;\n}\n\nfieldset.sort-options {\n	line-height: 2em;\n}\n\n/* MCP forum selection*/\nfieldset.forum-selection {\n	margin: 5px 0 3px 0;\n	float: right;\n}\n\nfieldset.forum-selection2 {\n	margin: 13px 0 3px 0;\n	float: right;\n}\n\n/* Jumpbox */\nfieldset.jumpbox {\n	text-align: right;\n	margin-top: 15px;\n	height: 2.5em;\n}\n\nfieldset.quickmod {\n	width: 50%;\n	float: right;\n	text-align: right;\n	height: 2.5em;\n}\n\n/* Submit button fieldset */\nfieldset.submit-buttons {\n	text-align: center;\n	vertical-align: middle;\n	margin: 5px 0;\n}\n\nfieldset.submit-buttons input {\n	vertical-align: middle;\n	padding-top: 3px;\n	padding-bottom: 3px;\n}\n\n/* Posting page styles\n----------------------------------------*/\n\n/* Buttons used in the editor */\n#format-buttons {\n	margin: 15px 0 2px 0;\n}\n\n#format-buttons input, #format-buttons select {\n	vertical-align: middle;\n}\n\n/* Main message box */\n#message-box {\n	width: 80%;\n}\n\n#message-box textarea {\n	font-family: \"Trebuchet MS\", Verdana, Helvetica, Arial, sans-serif;\n	width: 450px;\n	height: 270px;\n	min-width: 100%;\n	max-width: 100%;\n	font-size: 1.2em;\n	color: #333333;\n}\n\n/* Emoticons panel */\n#smiley-box {\n	width: 18%;\n	float: right;\n}\n\n#smiley-box img {\n	margin: 3px;\n}\n\n/* Input field styles\n---------------------------------------- */\n.inputbox {\n	background-color: #FFFFFF;\n	border: 1px solid #c0c0c0;\n	color: #333333;\n	padding: 2px;\n	cursor: text;\n}\n\n.inputbox:hover {\n	border: 1px solid #eaeaea;\n}\n\n.inputbox:focus {\n	border: 1px solid #eaeaea;\n	color: #4b4b4b;\n}\n\ninput.inputbox	{ width: 85%; }\ninput.medium	{ width: 50%; }\ninput.narrow	{ width: 25%; }\ninput.tiny		{ width: 125px; }\n\ntextarea.inputbox {\n	width: 85%;\n}\n\n.autowidth {\n	width: auto !important;\n}\n\n/* Form button styles\n---------------------------------------- */\ninput.button1, input.button2 {\n	font-size: 1em;\n}\n\na.button1, input.button1, input.button3, a.button2, input.button2 {\n	width: auto !important;\n	padding-top: 1px;\n	padding-bottom: 1px;\n	font-family: \"Lucida Grande\", Verdana, Helvetica, Arial, sans-serif;\n	color: #000;\n	background: #FAFAFA none repeat-x top left;\n}\n\na.button1, input.button1 {\n	font-weight: bold;\n	border: 1px solid #666666;\n}\n\ninput.button3 {\n	padding: 0;\n	margin: 0;\n	line-height: 5px;\n	height: 12px;\n	background-image: none;\n	font-variant: small-caps;\n}\n\n/* Alternative button */\na.button2, input.button2, input.button3 {\n	border: 1px solid #666666;\n}\n\n/* <a> button in the style of the form buttons */\na.button1, a.button1:link, a.button1:visited, a.button1:active, a.button2, a.button2:link, a.button2:visited, a.button2:active {\n	text-decoration: none;\n	color: #000000;\n	padding: 2px 8px;\n	line-height: 250%;\n	vertical-align: text-bottom;\n	background-position: 0 1px;\n}\n\n/* Hover states */\na.button1:hover, input.button1:hover, a.button2:hover, input.button2:hover, input.button3:hover {\n	border: 1px solid #BCBCBC;\n	background-position: 0 100%;\n	color: #BCBCBC;\n}\n\ninput.disabled {\n	font-weight: normal;\n	color: #666666;\n}\n\n/* Topic and forum Search */\n.search-box {\n	margin-top: 3px;\n	margin-left: 5px;\n	float: left;\n}\n\n.search-box input {\n}\n\ninput.search {\n	background-image: none;\n	background-repeat: no-repeat;\n	background-position: left 1px;\n	padding-left: 17px;\n}\n\n.full { width: 95%; }\n.medium { width: 50%;}\n.narrow { width: 25%;}\n.tiny { width: 10%;}\n/* Style Sheet Tweaks\n\nThese style definitions are mainly IE specific \ntweaks required due to its poor CSS support.\n-------------------------------------------------*/\n\n* html table, * html select, * html input { font-size: 100%; }\n* html hr { margin: 0; }\n* html span.corners-top, * html span.corners-bottom { background-image: url(\"{T_THEME_PATH}/images/corners_left.gif\"); }\n* html span.corners-top span, * html span.corners-bottom span { background-image: url(\"{T_THEME_PATH}/images/corners_right.gif\"); }\n\ntable.table1 {\n	width: 99%;		/* IE < 6 browsers */\n	/* Tantek hack */\n	voice-family: \"\\\"}\\\"\";\n	voice-family: inherit;\n	width: 100%;\n}\nhtml>body table.table1 { width: 100%; }	/* Reset 100% for opera */\n\n* html ul.topiclist li { position: relative; }\n* html .postbody h3 img { vertical-align: middle; }\n\n/* Form styles */\nhtml>body dd label input { vertical-align: text-bottom; }	/* Align checkboxes/radio buttons nicely */\n\n* html input.button1, * html input.button2 {\n	padding-bottom: 0;\n	margin-bottom: 1px;\n}\n\n/* Misc layout styles */\n* html .column1, * html .column2 { width: 45%; }\n\n/* Nice method for clearing floated blocks without having to insert any extra markup (like spacer above)\n   From http://www.positioniseverything.net/easyclearing.html \n#tabs:after, #minitabs:after, .post:after, .navbar:after, fieldset dl:after, ul.topiclist dl:after, ul.linklist:after, dl.polls:after {\n	content: \".\"; \n	display: block; \n	height: 0; \n	clear: both; \n	visibility: hidden;\n}*/\n\n.clearfix, #tabs, #minitabs, fieldset dl, ul.topiclist dl, dl.polls {\n	height: 1%;\n	overflow: hidden;\n}\n\n/* viewtopic fix */\n* html .post {\n	height: 25%;\n	overflow: hidden;\n}\n\n/* navbar fix */\n* html .clearfix, * html .navbar, ul.linklist {\n	height: 4%;\n	overflow: hidden;\n}\n\n/* Simple fix so forum and topic lists always have a min-height set, even in IE6\n	From http://www.dustindiaz.com/min-height-fast-hack */\ndl.icon {\n	min-height: 35px;\n	height: auto !important;\n	height: 35px;\n}\n\n* html li.row dl.icon dt {\n	height: 35px;\n	overflow: visible;\n}\n\n* html #search-box {\n	width: 25%;\n}\n\n/* Correctly clear floating for details on profile view */\n*:first-child+html dl.details dd {\n	margin-left: 30%;\n	float: none;\n}\n\n* html dl.details dd {\n	margin-left: 30%;\n	float: none;\n}\n\n/* Headerbar height fix for IE7 and below */\n* html #site-description p {\n	margin-bottom: 1.0em;\n}\n\n*:first-child+html #site-description p {\n	margin-bottom: 1.0em;\n}\n\n/* #minitabs fix for IE */\n.tabs-container {\n	zoom: 1;\n}\n\n#minitabs {\n	white-space: nowrap;\n	*min-width: 50%;\n}\n/*  	\n--------------------------------------------------------------\nColours and backgrounds for common.css\n-------------------------------------------------------------- */\n\nhtml, body {\n	color: #536482;\n	background-color: #FFFFFF;\n}\n\nh1 {\n	color: #FFFFFF;\n}\n\nh2 {\n	color: #28313F;\n}\n\nh3 {\n	border-bottom-color: #CCCCCC;\n	color: #115098;\n}\n\nhr {\n	border-color: #FFFFFF;\n	border-top-color: #CCCCCC;\n}\n\nhr.dashed {\n	border-top-color: #CCCCCC;\n}\n\n/* Search box\n--------------------------------------------- */\n\n#search-box {\n	color: #FFFFFF;\n}\n\n#search-box #keywords {\n	background-color: #FFF;\n}\n\n#search-box input {\n	border-color: #0075B0;\n}\n\n/* Round cornered boxes and backgrounds\n---------------------------------------- */\n.headerbar {\n	background-color: #12A3EB;\n	background-image: url(\"{T_THEME_PATH}/images/bg_header.gif\");\n	color: #FFFFFF;\n}\n\n.navbar {\n	background-color: #cadceb;\n}\n\n.forabg {\n	background-color: #0076b1;\n	background-image: url(\"{T_THEME_PATH}/images/bg_list.gif\");\n}\n\n.forumbg {\n	background-color: #12A3EB;\n	background-image: url(\"{T_THEME_PATH}/images/bg_header.gif\");\n}\n\n.panel {\n	background-color: #ECF1F3;\n	color: #28313F;\n}\n\n.post:target .content {\n	color: #000000;\n}\n\n.post:target h3 a {\n	color: #000000;\n}\n\n.bg1	{ background-color: #ECF3F7; }\n.bg2	{ background-color: #e1ebf2;  }\n.bg3	{ background-color: #cadceb; }\n\n.ucprowbg {\n	background-color: #DCDEE2;\n}\n\n.fieldsbg {\n	background-color: #E7E8EA;\n}\n\nspan.corners-top {\n	background-image: url(\"{T_THEME_PATH}/images/corners_left.png\");\n}\n\nspan.corners-top span {\n	background-image: url(\"{T_THEME_PATH}/images/corners_right.png\");\n}\n\nspan.corners-bottom {\n	background-image: url(\"{T_THEME_PATH}/images/corners_left.png\");\n}\n\nspan.corners-bottom span {\n	background-image: url(\"{T_THEME_PATH}/images/corners_right.png\");\n}\n\n/* Horizontal lists\n----------------------------------------*/\n\nul.navlinks {\n	border-bottom-color: #FFFFFF;\n}\n\n/* Table styles\n----------------------------------------*/\ntable.table1 thead th {\n	color: #FFFFFF;\n}\n\ntable.table1 tbody tr {\n	border-color: #BFC1CF;\n}\n\ntable.table1 tbody tr:hover, table.table1 tbody tr.hover {\n	background-color: #CFE1F6;\n	color: #000;\n}\n\ntable.table1 td {\n	color: #536482;\n}\n\ntable.table1 tbody td {\n	border-top-color: #FAFAFA;\n}\n\ntable.table1 tbody th {\n	border-bottom-color: #000000;\n	color: #333333;\n	background-color: #FFFFFF;\n}\n\ntable.info tbody th {\n	color: #000000;\n}\n\n/* Misc layout styles\n---------------------------------------- */\ndl.details dt {\n	color: #000000;\n}\n\ndl.details dd {\n	color: #536482;\n}\n\n.sep {\n	color: #1198D9;\n}\n\n/* Pagination\n---------------------------------------- */\n\n.pagination span strong {\n	color: #FFFFFF;\n	background-color: #4692BF;\n	border-color: #4692BF;\n}\n\n.pagination span a, .pagination span a:link, .pagination span a:visited {\n	color: #5C758C;\n	background-color: #ECEDEE;\n	border-color: #B4BAC0;\n}\n\n.pagination span a:hover {\n	border-color: #368AD2;\n	background-color: #368AD2;\n	color: #FFF;\n}\n\n.pagination span a:active {\n	color: #5C758C;\n	background-color: #ECEDEE;\n	border-color: #B4BAC0;\n}\n\n/* Pagination in viewforum for multipage topics */\n.row .pagination {\n	background-image: url(\"{T_THEME_PATH}/images/icon_pages.gif\");\n}\n\n.row .pagination span a, li.pagination span a {\n	background-color: #FFFFFF;\n}\n\n.row .pagination span a:hover, li.pagination span a:hover {\n	background-color: #368AD2;\n}\n\n/* Miscellaneous styles\n---------------------------------------- */\n\n.copyright {\n	color: #555555;\n}\n\n.error {\n	color: #BC2A4D;\n}\n\n.reported {\n	background-color: #F7ECEF;\n}\n\nli.reported:hover {\n	background-color: #ECD5D8 !important;\n}\n.sticky, .announce {\n	/* you can add a background for stickies and announcements*/\n}\n\ndiv.rules {\n	background-color: #ECD5D8;\n	color: #BC2A4D;\n}\n\np.rules {\n	background-color: #ECD5D8;\n	background-image: none;\n}\n\n/*  	\n--------------------------------------------------------------\nColours and backgrounds for links.css\n-------------------------------------------------------------- */\n\na:link	{ color: #105289; }\na:visited	{ color: #105289; }\na:hover	{ color: #D31141; }\na:active	{ color: #368AD2; }\n\n/* Links on gradient backgrounds */\n#search-box a:link, .navbg a:link, .forumbg .header a:link, .forabg .header a:link, th a:link {\n	color: #FFFFFF;\n}\n\n#search-box a:visited, .navbg a:visited, .forumbg .header a:visited, .forabg .header a:visited, th a:visited {\n	color: #FFFFFF;\n}\n\n#search-box a:hover, .navbg a:hover, .forumbg .header a:hover, .forabg .header a:hover, th a:hover {\n	color: #A8D8FF;\n}\n\n#search-box a:active, .navbg a:active, .forumbg .header a:active, .forabg .header a:active, th a:active {\n	color: #C8E6FF;\n}\n\n/* Links for forum/topic lists */\na.forumtitle {\n	color: #105289;\n}\n\n/* a.forumtitle:visited { color: #105289; } */\n\na.forumtitle:hover {\n	color: #BC2A4D;\n}\n\na.forumtitle:active {\n	color: #105289;\n}\n\na.topictitle {\n	color: #105289;\n}\n\n/* a.topictitle:visited { color: #368AD2; } */\n\na.topictitle:hover {\n	color: #BC2A4D;\n}\n\na.topictitle:active {\n	color: #105289;\n}\n\n/* Post body links */\n.postlink {\n	color: #368AD2;\n	border-bottom-color: #368AD2;\n}\n\n.postlink:visited {\n	color: #5D8FBD;\n	border-bottom-color: #5D8FBD;\n}\n\n.postlink:active {\n	color: #368AD2;\n}\n\n.postlink:hover {\n	background-color: #D0E4F6;\n	color: #0D4473;\n}\n\n.signature a, .signature a:visited, .signature a:hover, .signature a:active {\n	background-color: transparent;\n}\n\n/* Profile links */\n.postprofile a:link, .postprofile a:visited, .postprofile dt.author a {\n	color: #105289;\n}\n\n.postprofile a:hover, .postprofile dt.author a:hover {\n	color: #D31141;\n}\n\n.postprofile a:active {\n	color: #105289;\n}\n\n/* Profile searchresults */	\n.search .postprofile a {\n	color: #105289;\n}\n\n.search .postprofile a:hover {\n	color: #D31141;\n}\n\n/* Back to top of page */\na.top {\n	background-image: url(\"{IMG_ICON_BACK_TOP_SRC}\");\n}\n\na.top2 {\n	background-image: url(\"{IMG_ICON_BACK_TOP_SRC}\");\n}\n\n/* Arrow links  */\na.up		{ background-image: url(\"{T_THEME_PATH}/images/arrow_up.gif\") }\na.down		{ background-image: url(\"{T_THEME_PATH}/images/arrow_down.gif\") }\na.left		{ background-image: url(\"{T_THEME_PATH}/images/arrow_left.gif\") }\na.right		{ background-image: url(\"{T_THEME_PATH}/images/arrow_right.gif\") }\n\na.up:hover {\n	background-color: transparent;\n}\n\na.left:hover {\n	color: #368AD2;\n}\n\na.right:hover {\n	color: #368AD2;\n}\n\n\n/*  	\n--------------------------------------------------------------\nColours and backgrounds for content.css\n-------------------------------------------------------------- */\n\nul.forums {\n	background-color: #eef5f9;\n	background-image: url(\"{T_THEME_PATH}/images/gradient.gif\");\n}\n\nul.topiclist li {\n	color: #4C5D77;\n}\n\nul.topiclist dd {\n	border-left-color: #FFFFFF;\n}\n\n.rtl ul.topiclist dd {\n	border-right-color: #fff;\n	border-left-color: transparent;\n}\n\nul.topiclist li.row dt a.subforum.read {\n	background-image: url(\"{IMG_SUBFORUM_READ_SRC}\");\n}\n\nul.topiclist li.row dt a.subforum.unread {\n	background-image: url(\"{IMG_SUBFORUM_UNREAD_SRC}\");\n}\n\nli.row {\n	border-top-color:  #FFFFFF;\n	border-bottom-color: #00608F;\n}\n\nli.row strong {\n	color: #000000;\n}\n\nli.row:hover {\n	background-color: #F6F4D0;\n}\n\nli.row:hover dd {\n	border-left-color: #CCCCCC;\n}\n\n.rtl li.row:hover dd {\n	border-right-color: #CCCCCC;\n	border-left-color: transparent;\n}\n\nli.header dt, li.header dd {\n	color: #FFFFFF;\n}\n\n/* Forum list column styles */\nul.topiclist dd.searchextra {\n	color: #333333;\n}\n\n/* Post body styles\n----------------------------------------*/\n.postbody {\n	color: #333333;\n}\n\n/* Content container styles\n----------------------------------------*/\n.content {\n	color: #333333;\n}\n\n.content h2, .panel h2 {\n	color: #115098;\n	border-bottom-color:  #CCCCCC;\n}\n\ndl.faq dt {\n	color: #333333;\n}\n\n.posthilit {\n	background-color: #F3BFCC;\n	color: #BC2A4D;\n}\n\n/* Post signature */\n.signature {\n	border-top-color: #CCCCCC;\n}\n\n/* Post noticies */\n.notice {\n	border-top-color:  #CCCCCC;\n}\n\n/* BB Code styles\n----------------------------------------*/\n/* Quote block */\nblockquote {\n	background-color: #EBEADD;\n	background-image: url(\"{T_THEME_PATH}/images/quote.gif\");\n	border-color:#DBDBCE;\n}\n\n.rtl blockquote {\n	background-image: url(\"{T_THEME_PATH}/images/quote_rtl.gif\");\n}\n\nblockquote blockquote {\n	/* Nested quotes */\n	background-color:#EFEED9;\n}\n\nblockquote blockquote blockquote {\n	/* Nested quotes */\n	background-color: #EBEADD;\n}\n\n/* Code block */\ndl.codebox {\n	background-color: #FFFFFF;\n	border-color: #C9D2D8;\n}\n\ndl.codebox dt {\n	border-bottom-color:  #CCCCCC;\n}\n\ndl.codebox code {\n	color: #2E8B57;\n}\n\n.syntaxbg		{ color: #FFFFFF; }\n.syntaxcomment	{ color: #FF8000; }\n.syntaxdefault	{ color: #0000BB; }\n.syntaxhtml		{ color: #000000; }\n.syntaxkeyword	{ color: #007700; }\n.syntaxstring	{ color: #DD0000; }\n\n/* Attachments\n----------------------------------------*/\n.attachbox {\n	background-color: #FFFFFF;\n	border-color:  #C9D2D8;\n}\n\n.pm-message .attachbox {\n	background-color: #F2F3F3;\n}\n\n.attachbox dd {\n	border-top-color: #C9D2D8;\n}\n\n.attachbox p {\n	color: #666666;\n}\n\n.attachbox p.stats {\n	color: #666666;\n}\n\n.attach-image img {\n	border-color: #999999;\n}\n\n/* Inline image thumbnails */\n\ndl.file dd {\n	color: #666666;\n}\n\ndl.thumbnail img {\n	border-color: #666666;\n	background-color: #FFFFFF;\n}\n\ndl.thumbnail dd {\n	color: #666666;\n}\n\ndl.thumbnail dt a:hover {\n	background-color: #EEEEEE;\n}\n\ndl.thumbnail dt a:hover img {\n	border-color: #368AD2;\n}\n\n/* Post poll styles\n----------------------------------------*/\n\nfieldset.polls dl {\n	border-top-color: #DCDEE2;\n	color: #666666;\n}\n\nfieldset.polls dl.voted {\n	color: #000000;\n}\n\nfieldset.polls dd div {\n	color: #FFFFFF;\n}\n\n.rtl .pollbar1, .rtl .pollbar2, .rtl .pollbar3, .rtl .pollbar4, .rtl .pollbar5 {\n	border-right-color: transparent;\n}\n\n.pollbar1 {\n	background-color: #AA2346;\n	border-bottom-color: #74162C;\n	border-right-color: #74162C;\n}\n\n.rtl .pollbar1 {\n	border-left-color: #74162C;\n}\n\n.pollbar2 {\n	background-color: #BE1E4A;\n	border-bottom-color: #8C1C38;\n	border-right-color: #8C1C38;\n}\n\n.rtl .pollbar2 {\n	border-left-color: #8C1C38;\n}\n\n.pollbar3 {\n	background-color: #D11A4E;\n	border-bottom-color: #AA2346;\n	border-right-color: #AA2346;\n}\n\n.rtl .pollbar3 {\n	border-left-color: #AA2346;\n}\n\n.pollbar4 {\n	background-color: #E41653;\n	border-bottom-color: #BE1E4A;\n	border-right-color: #BE1E4A;\n}\n\n.rtl .pollbar4 {\n	border-left-color: #BE1E4A;\n}\n\n.pollbar5 {\n	background-color: #F81157;\n	border-bottom-color: #D11A4E;\n	border-right-color: #D11A4E;\n}\n\n.rtl .pollbar5 {\n	border-left-color: #D11A4E;\n}\n\n/* Poster profile block\n----------------------------------------*/\n.postprofile {\n	color: #666666;\n	border-left-color: #FFFFFF;\n}\n\n.rtl .postprofile {\n	border-right-color: #FFFFFF;\n	border-left-color: transparent;\n}\n\n.pm .postprofile {\n	border-left-color: #DDDDDD;\n}\n\n.rtl .pm .postprofile {\n	border-right-color: #DDDDDD;\n	border-left-color: transparent;\n}\n\n.postprofile strong {\n	color: #000000;\n}\n\n.online {\n	background-image: url(\"{IMG_ICON_USER_ONLINE_SRC}\");\n}\n\n/*  	\n--------------------------------------------------------------\nColours and backgrounds for buttons.css\n-------------------------------------------------------------- */\n\n/* Big button images */\n.reply-icon span	{ background-image: url(\"{IMG_BUTTON_TOPIC_REPLY_SRC}\"); }\n.post-icon span		{ background-image: url(\"{IMG_BUTTON_TOPIC_NEW_SRC}\"); }\n.locked-icon span	{ background-image: url(\"{IMG_BUTTON_TOPIC_LOCKED_SRC}\"); }\n.pmreply-icon span	{ background-image: url(\"{IMG_BUTTON_PM_REPLY_SRC}\") ;}\n.newpm-icon span 	{ background-image: url(\"{IMG_BUTTON_PM_NEW_SRC}\") ;}\n.forwardpm-icon span	{ background-image: url(\"{IMG_BUTTON_PM_FORWARD_SRC}\") ;}\n\na.print {\n	background-image: url(\"{T_THEME_PATH}/images/icon_print.gif\");\n}\n\na.sendemail {\n	background-image: url(\"{T_THEME_PATH}/images/icon_sendemail.gif\");\n}\n\na.fontsize {\n	background-image: url(\"{T_THEME_PATH}/images/icon_fontsize.gif\");\n}\n\n/* Icon images\n---------------------------------------- */\n.sitehome						{ background-image: url(\"{T_THEME_PATH}/images/icon_home.gif\"); }\n.icon-faq						{ background-image: url(\"{T_THEME_PATH}/images/icon_faq.gif\"); }\n.icon-members					{ background-image: url(\"{T_THEME_PATH}/images/icon_members.gif\"); }\n.icon-home						{ background-image: url(\"{T_THEME_PATH}/images/icon_home.gif\"); }\n.icon-ucp						{ background-image: url(\"{T_THEME_PATH}/images/icon_ucp.gif\"); }\n.icon-register					{ background-image: url(\"{T_THEME_PATH}/images/icon_register.gif\"); }\n.icon-logout					{ background-image: url(\"{T_THEME_PATH}/images/icon_logout.gif\"); }\n.icon-bookmark					{ background-image: url(\"{T_THEME_PATH}/images/icon_bookmark.gif\"); }\n.icon-bump						{ background-image: url(\"{T_THEME_PATH}/images/icon_bump.gif\"); }\n.icon-subscribe					{ background-image: url(\"{T_THEME_PATH}/images/icon_subscribe.gif\"); }\n.icon-unsubscribe				{ background-image: url(\"{T_THEME_PATH}/images/icon_unsubscribe.gif\"); }\n.icon-pages						{ background-image: url(\"{T_THEME_PATH}/images/icon_pages.gif\"); }\n.icon-search					{ background-image: url(\"{T_THEME_PATH}/images/icon_search.gif\"); }\n\n/* Profile & navigation icons */\n.email-icon, .email-icon a		{ background-image: url(\"{IMG_ICON_CONTACT_EMAIL_SRC}\"); }\n.aim-icon, .aim-icon a			{ background-image: url(\"{IMG_ICON_CONTACT_AIM_SRC}\"); }\n.yahoo-icon, .yahoo-icon a		{ background-image: url(\"{IMG_ICON_CONTACT_YAHOO_SRC}\"); }\n.web-icon, .web-icon a			{ background-image: url(\"{IMG_ICON_CONTACT_WWW_SRC}\"); }\n.msnm-icon, .msnm-icon a			{ background-image: url(\"{IMG_ICON_CONTACT_MSNM_SRC}\"); }\n.icq-icon, .icq-icon a			{ background-image: url(\"{IMG_ICON_CONTACT_ICQ_SRC}\"); }\n.jabber-icon, .jabber-icon a		{ background-image: url(\"{IMG_ICON_CONTACT_JABBER_SRC}\"); }\n.pm-icon, .pm-icon a				{ background-image: url(\"{IMG_ICON_CONTACT_PM_SRC}\"); }\n.quote-icon, .quote-icon a		{ background-image: url(\"{IMG_ICON_POST_QUOTE_SRC}\"); }\n\n/* Moderator icons */\n.report-icon, .report-icon a		{ background-image: url(\"{IMG_ICON_POST_REPORT_SRC}\"); }\n.edit-icon, .edit-icon a			{ background-image: url(\"{IMG_ICON_POST_EDIT_SRC}\"); }\n.delete-icon, .delete-icon a		{ background-image: url(\"{IMG_ICON_POST_DELETE_SRC}\"); }\n.info-icon, .info-icon a			{ background-image: url(\"{IMG_ICON_POST_INFO_SRC}\"); }\n.warn-icon, .warn-icon a			{ background-image: url(\"{IMG_ICON_USER_WARN_SRC}\"); } /* Need updated warn icon */\n\n/*  	\n--------------------------------------------------------------\nColours and backgrounds for cp.css\n-------------------------------------------------------------- */\n\n/* Main CP box\n----------------------------------------*/\n\n#cp-main h3, #cp-main hr, #cp-menu hr {\n	border-color: #A4B3BF;\n}\n\n#cp-main .panel li.row {\n	border-bottom-color: #B5C1CB;\n	border-top-color: #F9F9F9;\n}\n\nul.cplist {\n	border-top-color: #B5C1CB;\n}\n\n#cp-main .panel li.header dd, #cp-main .panel li.header dt {\n	color: #000000;\n}\n\n#cp-main table.table1 thead th {\n	color: #333333;\n	border-bottom-color: #333333;\n}\n\n#cp-main .pm-message {\n	border-color: #DBDEE2;\n	background-color: #FFFFFF;\n}\n\n/* CP tabbed menu\n----------------------------------------*/\n#tabs a {\n	background-image: url(\"{T_THEME_PATH}/images/bg_tabs1.gif\");\n}\n\n#tabs a span {\n	background-image: url(\"{T_THEME_PATH}/images/bg_tabs2.gif\");\n	color: #536482;\n}\n\n#tabs a:hover span {\n	color: #BC2A4D;\n}\n\n#tabs .activetab a {\n	border-bottom-color: #CADCEB;\n}\n\n#tabs .activetab a span {\n	color: #333333;\n}\n\n#tabs .activetab a:hover span {\n	color: #000000;\n}\n\n/* Mini tabbed menu used in MCP\n----------------------------------------*/\n#minitabs li {\n	background-color: #E1EBF2;\n}\n\n#minitabs li.activetab {\n	background-color: #F9F9F9;\n}\n\n#minitabs li.activetab a, #minitabs li.activetab a:hover {\n	color: #333333;\n}\n\n/* UCP navigation menu\n----------------------------------------*/\n\n/* Link styles for the sub-section links */\n#navigation a {\n	color: #333;\n	background-color: #B2C2CF;\n	background-image: url(\"{T_THEME_PATH}/images/bg_menu.gif\");\n}\n\n.rtl #navigation a {\n	background-image: url(\"{T_THEME_PATH}/images/bg_menu_rtl.gif\");\n	background-position: 0 100%;\n}\n\n#navigation a:hover {\n	background-image: none;\n	background-color: #aabac6;\n	color: #BC2A4D;\n}\n\n#navigation #active-subsection a {\n	color: #D31141;\n	background-color: #F9F9F9;\n	background-image: none;\n}\n\n#navigation #active-subsection a:hover {\n	color: #D31141;\n}\n\n/* Preferences pane layout\n----------------------------------------*/\n#cp-main h2 {\n	color: #333333;\n}\n\n#cp-main .panel {\n	background-color: #F9F9F9;\n}\n\n#cp-main .pm {\n	background-color: #FFFFFF;\n}\n\n#cp-main span.corners-top, #cp-menu span.corners-top {\n	background-image: url(\"{T_THEME_PATH}/images/corners_left2.gif\");\n}\n\n#cp-main span.corners-top span, #cp-menu span.corners-top span {\n	background-image: url(\"{T_THEME_PATH}/images/corners_right2.gif\");\n}\n\n#cp-main span.corners-bottom, #cp-menu span.corners-bottom {\n	background-image: url(\"{T_THEME_PATH}/images/corners_left2.gif\");\n}\n\n#cp-main span.corners-bottom span, #cp-menu span.corners-bottom span {\n	background-image: url(\"{T_THEME_PATH}/images/corners_right2.gif\");\n}\n\n/* Topicreview */\n#cp-main .panel #topicreview span.corners-top, #cp-menu .panel #topicreview span.corners-top {\n	background-image: url(\"{T_THEME_PATH}/images/corners_left.gif\");\n}\n\n#cp-main .panel #topicreview span.corners-top span, #cp-menu .panel #topicreview span.corners-top span {\n	background-image: url(\"{T_THEME_PATH}/images/corners_right.gif\");\n}\n\n#cp-main .panel #topicreview span.corners-bottom, #cp-menu .panel #topicreview span.corners-bottom {\n	background-image: url(\"{T_THEME_PATH}/images/corners_left.gif\");\n}\n\n#cp-main .panel #topicreview span.corners-bottom span, #cp-menu .panel #topicreview span.corners-bottom span {\n	background-image: url(\"{T_THEME_PATH}/images/corners_right.gif\");\n}\n\n/* Friends list */\n.cp-mini {\n	background-color: #eef5f9;\n}\n\ndl.mini dt {\n	color: #425067;\n}\n\n/* PM Styles\n----------------------------------------*/\n/* PM Message history */\n.current {\n	color: #000000 !important;\n}\n\n/* PM marking colours */\n.pmlist li.pm_message_reported_colour, .pm_message_reported_colour {\n	border-left-color: #BC2A4D;\n	border-right-color: #BC2A4D;\n}\n\n.pmlist li.pm_marked_colour, .pm_marked_colour {\n	border-color: #FF6600;\n}\n\n.pmlist li.pm_replied_colour, .pm_replied_colour {\n	border-color: #A9B8C2;\n}\n\n.pmlist li.pm_friend_colour, .pm_friend_colour {\n	border-color: #5D8FBD;\n}\n\n.pmlist li.pm_foe_colour, .pm_foe_colour {\n	border-color: #000000;\n}\n\n/* Avatar gallery */\n#gallery label {\n	background-color: #FFFFFF;\n	border-color: #CCC;\n}\n\n#gallery label:hover {\n	background-color: #EEE;\n}\n\n/*  	\n--------------------------------------------------------------\nColours and backgrounds for forms.css\n-------------------------------------------------------------- */\n\n/* General form styles\n----------------------------------------*/\nselect {\n	border-color: #666666;\n	background-color: #FAFAFA;\n	color: #000;\n}\n\nlabel {\n	color: #425067;\n}\n\noption.disabled-option {\n	color: graytext;\n}\n\n/* Definition list layout for forms\n---------------------------------------- */\ndd label {\n	color: #333;\n}\n\n/* Hover effects */\nfieldset dl:hover dt label {\n	color: #000000;\n}\n\nfieldset.fields2 dl:hover dt label {\n	color: inherit;\n}\n\n/* Quick-login on index page */\nfieldset.quick-login input.inputbox {\n	background-color: #F2F3F3;\n}\n\n/* Posting page styles\n----------------------------------------*/\n\n#message-box textarea {\n	color: #333333;\n}\n\n/* Input field styles\n---------------------------------------- */\n.inputbox {\n	background-color: #FFFFFF; \n	border-color: #B4BAC0;\n	color: #333333;\n}\n\n.inputbox:hover {\n	border-color: #11A3EA;\n}\n\n.inputbox:focus {\n	border-color: #11A3EA;\n	color: #0F4987;\n}\n\n/* Form button styles\n---------------------------------------- */\n\na.button1, input.button1, input.button3, a.button2, input.button2 {\n	color: #000;\n	background-color: #FAFAFA;\n	background-image: url(\"{T_THEME_PATH}/images/bg_button.gif\");\n}\n\na.button1, input.button1 {\n	border-color: #666666;\n}\n\ninput.button3 {\n	background-image: none;\n}\n\n/* Alternative button */\na.button2, input.button2, input.button3 {\n	border-color: #666666;\n}\n\n/* <a> button in the style of the form buttons */\na.button1, a.button1:link, a.button1:visited, a.button1:active, a.button2, a.button2:link, a.button2:visited, a.button2:active {\n	color: #000000;\n}\n\n/* Hover states */\na.button1:hover, input.button1:hover, a.button2:hover, input.button2:hover, input.button3:hover {\n	border-color: #BC2A4D;\n	color: #BC2A4D;\n}\n\ninput.search {\n	background-image: url(\"{T_THEME_PATH}/images/icon_textbox_search.gif\");\n}\n\ninput.disabled {\n	color: #666666;\n}\n');

--
-- Table structure for table `ey2n4tv0a6_topics`
--

CREATE TABLE `ey2n4tv0a6_topics` (
  `topic_id` mediumint(8) unsigned NOT NULL AUTO_INCREMENT,
  `forum_id` mediumint(8) unsigned NOT NULL DEFAULT '0',
  `icon_id` mediumint(8) unsigned NOT NULL DEFAULT '0',
  `topic_attachment` tinyint(1) unsigned NOT NULL DEFAULT '0',
  `topic_approved` tinyint(1) unsigned NOT NULL DEFAULT '1',
  `topic_reported` tinyint(1) unsigned NOT NULL DEFAULT '0',
  `topic_title` varchar(255) CHARACTER SET utf8 COLLATE utf8_unicode_ci NOT NULL DEFAULT '',
  `topic_poster` mediumint(8) unsigned NOT NULL DEFAULT '0',
  `topic_time` int(11) unsigned NOT NULL DEFAULT '0',
  `topic_time_limit` int(11) unsigned NOT NULL DEFAULT '0',
  `topic_views` mediumint(8) unsigned NOT NULL DEFAULT '0',
  `topic_replies` mediumint(8) unsigned NOT NULL DEFAULT '0',
  `topic_replies_real` mediumint(8) unsigned NOT NULL DEFAULT '0',
  `topic_status` tinyint(3) NOT NULL DEFAULT '0',
  `topic_type` tinyint(3) NOT NULL DEFAULT '0',
  `topic_first_post_id` mediumint(8) unsigned NOT NULL DEFAULT '0',
  `topic_first_poster_name` varchar(255) COLLATE utf8_bin NOT NULL DEFAULT '',
  `topic_first_poster_colour` varchar(6) COLLATE utf8_bin NOT NULL DEFAULT '',
  `topic_last_post_id` mediumint(8) unsigned NOT NULL DEFAULT '0',
  `topic_last_poster_id` mediumint(8) unsigned NOT NULL DEFAULT '0',
  `topic_last_poster_name` varchar(255) COLLATE utf8_bin NOT NULL DEFAULT '',
  `topic_last_poster_colour` varchar(6) COLLATE utf8_bin NOT NULL DEFAULT '',
  `topic_last_post_subject` varchar(255) COLLATE utf8_bin NOT NULL DEFAULT '',
  `topic_last_post_time` int(11) unsigned NOT NULL DEFAULT '0',
  `topic_last_view_time` int(11) unsigned NOT NULL DEFAULT '0',
  `topic_moved_id` mediumint(8) unsigned NOT NULL DEFAULT '0',
  `topic_bumped` tinyint(1) unsigned NOT NULL DEFAULT '0',
  `topic_bumper` mediumint(8) unsigned NOT NULL DEFAULT '0',
  `poll_title` varchar(255) COLLATE utf8_bin NOT NULL DEFAULT '',
  `poll_start` int(11) unsigned NOT NULL DEFAULT '0',
  `poll_length` int(11) unsigned NOT NULL DEFAULT '0',
  `poll_max_options` tinyint(4) NOT NULL DEFAULT '1',
  `poll_last_vote` int(11) unsigned NOT NULL DEFAULT '0',
  `poll_vote_change` tinyint(1) unsigned NOT NULL DEFAULT '0',
  PRIMARY KEY (`topic_id`),
  KEY `forum_id` (`forum_id`),
  KEY `forum_id_type` (`forum_id`,`topic_type`),
  KEY `last_post_time` (`topic_last_post_time`),
  KEY `topic_approved` (`topic_approved`),
  KEY `forum_appr_last` (`forum_id`,`topic_approved`,`topic_last_post_id`),
  KEY `fid_time_moved` (`forum_id`,`topic_last_post_time`,`topic_moved_id`)
) ENGINE=InnoDB AUTO_INCREMENT=2 DEFAULT CHARSET=utf8 COLLATE=utf8_bin;

--
-- Dumping data for table `ey2n4tv0a6_topics`
--

INSERT INTO `ey2n4tv0a6_topics` VALUES (1,2,0,1,1,0,'Fuck You, you ching-chong mother fucker!',2,1347605429,0,4652,2,2,0,0,1,'OverKill','AA0000',3,2,'OverKill','AA0000','Re: Fuck You, you ching-chong mother fucker!',1384202977,1385425194,0,0,0,'',0,0,0,0,0);

--
-- Table structure for table `ey2n4tv0a6_topics_posted`
--

CREATE TABLE `ey2n4tv0a6_topics_posted` (
  `user_id` mediumint(8) unsigned NOT NULL DEFAULT '0',
  `topic_id` mediumint(8) unsigned NOT NULL DEFAULT '0',
  `topic_posted` tinyint(1) unsigned NOT NULL DEFAULT '0',
  PRIMARY KEY (`user_id`,`topic_id`)
) ENGINE=InnoDB DEFAULT CHARSET=utf8 COLLATE=utf8_bin;

--
-- Dumping data for table `ey2n4tv0a6_topics_posted`
--

INSERT INTO `ey2n4tv0a6_topics_posted` VALUES (2,1,1);

--
-- Table structure for table `ey2n4tv0a6_topics_track`
--

CREATE TABLE `ey2n4tv0a6_topics_track` (
  `user_id` mediumint(8) unsigned NOT NULL DEFAULT '0',
  `topic_id` mediumint(8) unsigned NOT NULL DEFAULT '0',
  `forum_id` mediumint(8) unsigned NOT NULL DEFAULT '0',
  `mark_time` int(11) unsigned NOT NULL DEFAULT '0',
  PRIMARY KEY (`user_id`,`topic_id`),
  KEY `topic_id` (`topic_id`),
  KEY `forum_id` (`forum_id`)
) ENGINE=InnoDB DEFAULT CHARSET=utf8 COLLATE=utf8_bin;

--
-- Dumping data for table `ey2n4tv0a6_topics_track`
--

INSERT INTO `ey2n4tv0a6_topics_track` VALUES (2,1,2,1384203007);

--
-- Table structure for table `ey2n4tv0a6_topics_watch`
--

CREATE TABLE `ey2n4tv0a6_topics_watch` (
  `topic_id` mediumint(8) unsigned NOT NULL DEFAULT '0',
  `user_id` mediumint(8) unsigned NOT NULL DEFAULT '0',
  `notify_status` tinyint(1) unsigned NOT NULL DEFAULT '0',
  KEY `topic_id` (`topic_id`),
  KEY `user_id` (`user_id`),
  KEY `notify_stat` (`notify_status`)
) ENGINE=InnoDB DEFAULT CHARSET=utf8 COLLATE=utf8_bin;

--
-- Dumping data for table `ey2n4tv0a6_topics_watch`
--


--
-- Table structure for table `ey2n4tv0a6_user_group`
--

CREATE TABLE `ey2n4tv0a6_user_group` (
  `group_id` mediumint(8) unsigned NOT NULL DEFAULT '0',
  `user_id` mediumint(8) unsigned NOT NULL DEFAULT '0',
  `group_leader` tinyint(1) unsigned NOT NULL DEFAULT '0',
  `user_pending` tinyint(1) unsigned NOT NULL DEFAULT '1',
  KEY `group_id` (`group_id`),
  KEY `user_id` (`user_id`),
  KEY `group_leader` (`group_leader`)
) ENGINE=InnoDB DEFAULT CHARSET=utf8 COLLATE=utf8_bin;

--
-- Dumping data for table `ey2n4tv0a6_user_group`
--

INSERT INTO `ey2n4tv0a6_user_group` VALUES (1,1,0,0),(2,2,0,0),(4,2,0,0),(5,2,1,0),(6,3,0,0),(6,4,0,0),(6,5,0,0),(6,6,0,0),(6,7,0,0),(6,8,0,0),(6,9,0,0),(6,10,0,0),(6,11,0,0),(6,12,0,0),(6,13,0,0),(6,14,0,0),(6,15,0,0),(6,16,0,0),(6,17,0,0),(6,18,0,0),(6,19,0,0),(6,20,0,0),(6,21,0,0),(6,22,0,0),(6,23,0,0),(6,24,0,0),(6,25,0,0),(6,26,0,0),(6,27,0,0),(6,28,0,0),(6,29,0,0),(6,30,0,0),(6,31,0,0),(6,32,0,0),(6,33,0,0),(6,34,0,0),(6,35,0,0),(6,36,0,0),(6,37,0,0),(6,38,0,0),(6,39,0,0),(6,40,0,0),(6,41,0,0),(6,42,0,0),(6,43,0,0),(6,44,0,0),(6,45,0,0),(6,46,0,0),(6,47,0,0),(6,48,0,0),(6,49,0,0),(6,50,0,0),(6,51,0,0),(6,52,0,0),(6,53,0,0);

--
-- Table structure for table `ey2n4tv0a6_users`
--

CREATE TABLE `ey2n4tv0a6_users` (
  `user_id` mediumint(8) unsigned NOT NULL AUTO_INCREMENT,
  `user_type` tinyint(2) NOT NULL DEFAULT '0',
  `group_id` mediumint(8) unsigned NOT NULL DEFAULT '3',
  `user_permissions` mediumtext COLLATE utf8_bin NOT NULL,
  `user_perm_from` mediumint(8) unsigned NOT NULL DEFAULT '0',
  `user_ip` varchar(40) COLLATE utf8_bin NOT NULL DEFAULT '',
  `user_regdate` int(11) unsigned NOT NULL DEFAULT '0',
  `username` varchar(255) COLLATE utf8_bin NOT NULL DEFAULT '',
  `username_clean` varchar(255) COLLATE utf8_bin NOT NULL DEFAULT '',
  `user_password` varchar(40) COLLATE utf8_bin NOT NULL DEFAULT '',
  `user_passchg` int(11) unsigned NOT NULL DEFAULT '0',
  `user_pass_convert` tinyint(1) unsigned NOT NULL DEFAULT '0',
  `user_email` varchar(100) COLLATE utf8_bin NOT NULL DEFAULT '',
  `user_email_hash` bigint(20) NOT NULL DEFAULT '0',
  `user_birthday` varchar(10) COLLATE utf8_bin NOT NULL DEFAULT '',
  `user_lastvisit` int(11) unsigned NOT NULL DEFAULT '0',
  `user_lastmark` int(11) unsigned NOT NULL DEFAULT '0',
  `user_lastpost_time` int(11) unsigned NOT NULL DEFAULT '0',
  `user_lastpage` varchar(200) COLLATE utf8_bin NOT NULL DEFAULT '',
  `user_last_confirm_key` varchar(10) COLLATE utf8_bin NOT NULL DEFAULT '',
  `user_last_search` int(11) unsigned NOT NULL DEFAULT '0',
  `user_warnings` tinyint(4) NOT NULL DEFAULT '0',
  `user_last_warning` int(11) unsigned NOT NULL DEFAULT '0',
  `user_login_attempts` tinyint(4) NOT NULL DEFAULT '0',
  `user_inactive_reason` tinyint(2) NOT NULL DEFAULT '0',
  `user_inactive_time` int(11) unsigned NOT NULL DEFAULT '0',
  `user_posts` mediumint(8) unsigned NOT NULL DEFAULT '0',
  `user_lang` varchar(30) COLLATE utf8_bin NOT NULL DEFAULT '',
  `user_timezone` decimal(5,2) NOT NULL DEFAULT '0.00',
  `user_dst` tinyint(1) unsigned NOT NULL DEFAULT '0',
  `user_dateformat` varchar(30) COLLATE utf8_bin NOT NULL DEFAULT 'd M Y H:i',
  `user_style` mediumint(8) unsigned NOT NULL DEFAULT '0',
  `user_rank` mediumint(8) unsigned NOT NULL DEFAULT '0',
  `user_colour` varchar(6) COLLATE utf8_bin NOT NULL DEFAULT '',
  `user_new_privmsg` int(4) NOT NULL DEFAULT '0',
  `user_unread_privmsg` int(4) NOT NULL DEFAULT '0',
  `user_last_privmsg` int(11) unsigned NOT NULL DEFAULT '0',
  `user_message_rules` tinyint(1) unsigned NOT NULL DEFAULT '0',
  `user_full_folder` int(11) NOT NULL DEFAULT '-3',
  `user_emailtime` int(11) unsigned NOT NULL DEFAULT '0',
  `user_topic_show_days` smallint(4) unsigned NOT NULL DEFAULT '0',
  `user_topic_sortby_type` varchar(1) COLLATE utf8_bin NOT NULL DEFAULT 't',
  `user_topic_sortby_dir` varchar(1) COLLATE utf8_bin NOT NULL DEFAULT 'd',
  `user_post_show_days` smallint(4) unsigned NOT NULL DEFAULT '0',
  `user_post_sortby_type` varchar(1) COLLATE utf8_bin NOT NULL DEFAULT 't',
  `user_post_sortby_dir` varchar(1) COLLATE utf8_bin NOT NULL DEFAULT 'a',
  `user_notify` tinyint(1) unsigned NOT NULL DEFAULT '0',
  `user_notify_pm` tinyint(1) unsigned NOT NULL DEFAULT '1',
  `user_notify_type` tinyint(4) NOT NULL DEFAULT '0',
  `user_allow_pm` tinyint(1) unsigned NOT NULL DEFAULT '1',
  `user_allow_viewonline` tinyint(1) unsigned NOT NULL DEFAULT '1',
  `user_allow_viewemail` tinyint(1) unsigned NOT NULL DEFAULT '1',
  `user_allow_massemail` tinyint(1) unsigned NOT NULL DEFAULT '1',
  `user_options` int(11) unsigned NOT NULL DEFAULT '230271',
  `user_avatar` varchar(255) COLLATE utf8_bin NOT NULL DEFAULT '',
  `user_avatar_type` tinyint(2) NOT NULL DEFAULT '0',
  `user_avatar_width` smallint(4) unsigned NOT NULL DEFAULT '0',
  `user_avatar_height` smallint(4) unsigned NOT NULL DEFAULT '0',
  `user_sig` mediumtext COLLATE utf8_bin NOT NULL,
  `user_sig_bbcode_uid` varchar(8) COLLATE utf8_bin NOT NULL DEFAULT '',
  `user_sig_bbcode_bitfield` varchar(255) COLLATE utf8_bin NOT NULL DEFAULT '',
  `user_from` varchar(100) COLLATE utf8_bin NOT NULL DEFAULT '',
  `user_icq` varchar(15) COLLATE utf8_bin NOT NULL DEFAULT '',
  `user_aim` varchar(255) COLLATE utf8_bin NOT NULL DEFAULT '',
  `user_yim` varchar(255) COLLATE utf8_bin NOT NULL DEFAULT '',
  `user_msnm` varchar(255) COLLATE utf8_bin NOT NULL DEFAULT '',
  `user_jabber` varchar(255) COLLATE utf8_bin NOT NULL DEFAULT '',
  `user_website` varchar(200) COLLATE utf8_bin NOT NULL DEFAULT '',
  `user_occ` text COLLATE utf8_bin NOT NULL,
  `user_interests` text COLLATE utf8_bin NOT NULL,
  `user_actkey` varchar(32) COLLATE utf8_bin NOT NULL DEFAULT '',
  `user_newpasswd` varchar(40) COLLATE utf8_bin NOT NULL DEFAULT '',
  `user_form_salt` varchar(32) COLLATE utf8_bin NOT NULL DEFAULT '',
  `user_new` tinyint(1) unsigned NOT NULL DEFAULT '1',
  `user_reminded` tinyint(4) NOT NULL DEFAULT '0',
  `user_reminded_time` int(11) unsigned NOT NULL DEFAULT '0',
  PRIMARY KEY (`user_id`),
  UNIQUE KEY `username_clean` (`username_clean`),
  KEY `user_birthday` (`user_birthday`),
  KEY `user_email_hash` (`user_email_hash`),
  KEY `user_type` (`user_type`)
) ENGINE=InnoDB AUTO_INCREMENT=195 DEFAULT CHARSET=utf8 COLLATE=utf8_bin;

--
-- Dumping data for table `ey2n4tv0a6_users`
--

INSERT INTO `ey2n4tv0a6_users` VALUES (1,2,1,'00000000003khra3nk\ni1cjyo000000\ni1cjyo000000',0,'',1347605429,'Anonymous','anonymous','',0,0,'',0,'',0,0,0,'','2OD85VPUU6',0,0,0,0,0,0,0,'en','0.00',0,'d M Y H:i',1,0,'',0,0,0,0,-3,0,0,'t','d',0,'t','a',0,1,0,1,1,1,0,230271,'',0,0,0,'','','','','','','','','','','','','','','17c977ded603c1c8',1,0,0),(2,3,5,'zik0zjzik0zjzik0xs\ni1cjyo000000\nzik0zjzhb2tc',0,'127.0.0.1',1347605429,'OverKill','overkill','$H$9LKgT6bEf/Ya0XqdXnRnBpVF7vVR5K.',0,0,'msvorinich@yahoo.com',225168768122,'',1385079386,0,1384202977,'adm/index.php?i=ban&mode=ip','',1381778266,0,0,0,0,0,3,'en_us','-5.00',1,'D M d, Y g:i a',1,1,'AA0000',0,0,0,0,-3,0,0,'t','d',0,'t','a',0,1,0,1,1,1,1,230271,'',0,0,0,'','','','','','','','','','','','','','','e964a4bccda3367c',0,0,0),(3,2,6,'',0,'',1347605445,'AdsBot [Google]','adsbot [google]','',1347605445,0,'',0,'',0,1347605445,0,'','',0,0,0,0,0,0,0,'en','0.00',0,'D M d, Y g:i a',1,0,'9E8DA7',0,0,0,0,-3,0,0,'t','d',0,'t','a',0,1,0,1,1,1,0,230271,'',0,0,0,'','','','','','','','','','','','','','','8fecc8d29f95cca7',0,0,0),(4,2,6,'',0,'',1347605445,'Alexa [Bot]','alexa [bot]','',1347605445,0,'',0,'',0,1347605445,0,'','',0,0,0,0,0,0,0,'en','0.00',0,'D M d, Y g:i a',1,0,'9E8DA7',0,0,0,0,-3,0,0,'t','d',0,'t','a',0,1,0,1,1,1,0,230271,'',0,0,0,'','','','','','','','','','','','','','','4f57a99128ce4024',0,0,0),(5,2,6,'',0,'',1347605445,'Alta Vista [Bot]','alta vista [bot]','',1347605445,0,'',0,'',0,1347605445,0,'','',0,0,0,0,0,0,0,'en','0.00',0,'D M d, Y g:i a',1,0,'9E8DA7',0,0,0,0,-3,0,0,'t','d',0,'t','a',0,1,0,1,1,1,0,230271,'',0,0,0,'','','','','','','','','','','','','','','2ed7e978e2180340',0,0,0),(6,2,6,'',0,'',1347605445,'Ask Jeeves [Bot]','ask jeeves [bot]','',1347605445,0,'',0,'',0,1347605445,0,'','',0,0,0,0,0,0,0,'en','0.00',0,'D M d, Y g:i a',1,0,'9E8DA7',0,0,0,0,-3,0,0,'t','d',0,'t','a',0,1,0,1,1,1,0,230271,'',0,0,0,'','','','','','','','','','','','','','','06e4e5db8cdf4db4',0,0,0),(7,2,6,'',0,'',1347605446,'Baidu [Spider]','baidu [spider]','',1347605446,0,'',0,'',0,1347605446,0,'','',0,0,0,0,0,0,0,'en','0.00',0,'D M d, Y g:i a',1,0,'9E8DA7',0,0,0,0,-3,0,0,'t','d',0,'t','a',0,1,0,1,1,1,0,230271,'',0,0,0,'','','','','','','','','','','','','','','cb4a61fac4837b58',0,0,0),(8,2,6,'\ni1cjyo000000\ni1cjr4000000',0,'',1347605446,'Bing [Bot]','bing [bot]','',1347605446,0,'',0,'',1385414637,1347605446,0,'index.php','',0,0,0,0,0,0,0,'en','0.00',0,'D M d, Y g:i a',1,0,'9E8DA7',0,0,0,0,-3,0,0,'t','d',0,'t','a',0,1,0,1,1,1,0,230271,'',0,0,0,'','','','','','','','','','','','','','','d27ae1766f42bb8d',0,0,0),(9,2,6,'',0,'',1347605446,'Exabot [Bot]','exabot [bot]','',1347605446,0,'',0,'',0,1347605446,0,'','',0,0,0,0,0,0,0,'en','0.00',0,'D M d, Y g:i a',1,0,'9E8DA7',0,0,0,0,-3,0,0,'t','d',0,'t','a',0,1,0,1,1,1,0,230271,'',0,0,0,'','','','','','','','','','','','','','','78cca9b1d15bd2a9',0,0,0),(10,2,6,'',0,'',1347605446,'FAST Enterprise [Crawler]','fast enterprise [crawler]','',1347605446,0,'',0,'',0,1347605446,0,'','',0,0,0,0,0,0,0,'en','0.00',0,'D M d, Y g:i a',1,0,'9E8DA7',0,0,0,0,-3,0,0,'t','d',0,'t','a',0,1,0,1,1,1,0,230271,'',0,0,0,'','','','','','','','','','','','','','','1c5d537c78a29353',0,0,0),(11,2,6,'',0,'',1347605446,'FAST WebCrawler [Crawler]','fast webcrawler [crawler]','',1347605446,0,'',0,'',0,1347605446,0,'','',0,0,0,0,0,0,0,'en','0.00',0,'D M d, Y g:i a',1,0,'9E8DA7',0,0,0,0,-3,0,0,'t','d',0,'t','a',0,1,0,1,1,1,0,230271,'',0,0,0,'','','','','','','','','','','','','','','e85d6ee1d0c6f918',0,0,0),(12,2,6,'',0,'',1347605446,'Francis [Bot]','francis [bot]','',1347605446,0,'',0,'',0,1347605446,0,'','',0,0,0,0,0,0,0,'en','0.00',0,'D M d, Y g:i a',1,0,'9E8DA7',0,0,0,0,-3,0,0,'t','d',0,'t','a',0,1,0,1,1,1,0,230271,'',0,0,0,'','','','','','','','','','','','','','','d9edea54f1d7309b',0,0,0),(13,2,6,'',0,'',1347605446,'Gigabot [Bot]','gigabot [bot]','',1347605446,0,'',0,'',0,1347605446,0,'','',0,0,0,0,0,0,0,'en','0.00',0,'D M d, Y g:i a',1,0,'9E8DA7',0,0,0,0,-3,0,0,'t','d',0,'t','a',0,1,0,1,1,1,0,230271,'',0,0,0,'','','','','','','','','','','','','','','e3e91242b7a5a39e',0,0,0),(14,2,6,'\ni1cjyo000000\ni1cjr4000000',0,'',1347605446,'Google Adsense [Bot]','google adsense [bot]','',1347605446,0,'',0,'',1381901860,1347605446,0,'index.php','',0,0,0,0,0,0,0,'en','0.00',0,'D M d, Y g:i a',1,0,'9E8DA7',0,0,0,0,-3,0,0,'t','d',0,'t','a',0,1,0,1,1,1,0,230271,'',0,0,0,'','','','','','','','','','','','','','','f5c6f5d3edf70c4c',0,0,0),(15,2,6,'',0,'',1347605446,'Google Desktop','google desktop','',1347605446,0,'',0,'',0,1347605446,0,'','',0,0,0,0,0,0,0,'en','0.00',0,'D M d, Y g:i a',1,0,'9E8DA7',0,0,0,0,-3,0,0,'t','d',0,'t','a',0,1,0,1,1,1,0,230271,'',0,0,0,'','','','','','','','','','','','','','','4bdf9d924bfe4505',0,0,0),(16,2,6,'',0,'',1347605446,'Google Feedfetcher','google feedfetcher','',1347605446,0,'',0,'',0,1347605446,0,'','',0,0,0,0,0,0,0,'en','0.00',0,'D M d, Y g:i a',1,0,'9E8DA7',0,0,0,0,-3,0,0,'t','d',0,'t','a',0,1,0,1,1,1,0,230271,'',0,0,0,'','','','','','','','','','','','','','','9b3f67180dfef96c',0,0,0),(17,2,6,'\ni1cjyo000000\ni1cjr4000000',0,'',1347605446,'Google [Bot]','google [bot]','',1347605446,0,'',0,'',1385424157,1347605446,0,'feed.php','',0,0,0,0,0,0,0,'en','0.00',0,'D M d, Y g:i a',1,0,'9E8DA7',0,0,0,0,-3,0,0,'t','d',0,'t','a',0,1,0,1,1,1,0,230271,'',0,0,0,'','','','','','','','','','','','','','','d870f071cab94500',0,0,0),(18,2,6,'',0,'',1347605446,'Heise IT-Markt [Crawler]','heise it-markt [crawler]','',1347605446,0,'',0,'',0,1347605446,0,'','',0,0,0,0,0,0,0,'en','0.00',0,'D M d, Y g:i a',1,0,'9E8DA7',0,0,0,0,-3,0,0,'t','d',0,'t','a',0,1,0,1,1,1,0,230271,'',0,0,0,'','','','','','','','','','','','','','','f477380338bc7995',0,0,0),(19,2,6,'',0,'',1347605446,'Heritrix [Crawler]','heritrix [crawler]','',1347605446,0,'',0,'',0,1347605446,0,'','',0,0,0,0,0,0,0,'en','0.00',0,'D M d, Y g:i a',1,0,'9E8DA7',0,0,0,0,-3,0,0,'t','d',0,'t','a',0,1,0,1,1,1,0,230271,'',0,0,0,'','','','','','','','','','','','','','','c0a7bfb531c79574',0,0,0),(20,2,6,'',0,'',1347605446,'IBM Research [Bot]','ibm research [bot]','',1347605446,0,'',0,'',0,1347605446,0,'','',0,0,0,0,0,0,0,'en','0.00',0,'D M d, Y g:i a',1,0,'9E8DA7',0,0,0,0,-3,0,0,'t','d',0,'t','a',0,1,0,1,1,1,0,230271,'',0,0,0,'','','','','','','','','','','','','','','d210ac5e63ac8126',0,0,0),(21,2,6,'',0,'',1347605446,'ICCrawler - ICjobs','iccrawler - icjobs','',1347605446,0,'',0,'',0,1347605446,0,'','',0,0,0,0,0,0,0,'en','0.00',0,'D M d, Y g:i a',1,0,'9E8DA7',0,0,0,0,-3,0,0,'t','d',0,'t','a',0,1,0,1,1,1,0,230271,'',0,0,0,'','','','','','','','','','','','','','','a2761ee0dc0fad88',0,0,0),(22,2,6,'',0,'',1347605446,'ichiro [Crawler]','ichiro [crawler]','',1347605446,0,'',0,'',0,1347605446,0,'','',0,0,0,0,0,0,0,'en','0.00',0,'D M d, Y g:i a',1,0,'9E8DA7',0,0,0,0,-3,0,0,'t','d',0,'t','a',0,1,0,1,1,1,0,230271,'',0,0,0,'','','','','','','','','','','','','','','86147ea999bc5a6c',0,0,0),(23,2,6,'',0,'',1347605446,'Majestic-12 [Bot]','majestic-12 [bot]','',1347605446,0,'',0,'',0,1347605446,0,'','',0,0,0,0,0,0,0,'en','0.00',0,'D M d, Y g:i a',1,0,'9E8DA7',0,0,0,0,-3,0,0,'t','d',0,'t','a',0,1,0,1,1,1,0,230271,'',0,0,0,'','','','','','','','','','','','','','','42e8c0fa0516081a',0,0,0),(24,2,6,'',0,'',1347605446,'Metager [Bot]','metager [bot]','',1347605446,0,'',0,'',0,1347605446,0,'','',0,0,0,0,0,0,0,'en','0.00',0,'D M d, Y g:i a',1,0,'9E8DA7',0,0,0,0,-3,0,0,'t','d',0,'t','a',0,1,0,1,1,1,0,230271,'',0,0,0,'','','','','','','','','','','','','','','80a271200d20ceec',0,0,0),(25,2,6,'',0,'',1347605446,'MSN NewsBlogs','msn newsblogs','',1347605446,0,'',0,'',0,1347605446,0,'','',0,0,0,0,0,0,0,'en','0.00',0,'D M d, Y g:i a',1,0,'9E8DA7',0,0,0,0,-3,0,0,'t','d',0,'t','a',0,1,0,1,1,1,0,230271,'',0,0,0,'','','','','','','','','','','','','','','3787da5c8df88920',0,0,0),(26,2,6,'',0,'',1347605447,'MSN [Bot]','msn [bot]','',1347605447,0,'',0,'',0,1347605447,0,'','',0,0,0,0,0,0,0,'en','0.00',0,'D M d, Y g:i a',1,0,'9E8DA7',0,0,0,0,-3,0,0,'t','d',0,'t','a',0,1,0,1,1,1,0,230271,'',0,0,0,'','','','','','','','','','','','','','','930e9343da884084',0,0,0),(27,2,6,'',0,'',1347605447,'MSNbot Media','msnbot media','',1347605447,0,'',0,'',0,1347605447,0,'','',0,0,0,0,0,0,0,'en','0.00',0,'D M d, Y g:i a',1,0,'9E8DA7',0,0,0,0,-3,0,0,'t','d',0,'t','a',0,1,0,1,1,1,0,230271,'',0,0,0,'','','','','','','','','','','','','','','a0e85fbfc4e9a13f',0,0,0),(28,2,6,'',0,'',1347605447,'NG-Search [Bot]','ng-search [bot]','',1347605447,0,'',0,'',0,1347605447,0,'','',0,0,0,0,0,0,0,'en','0.00',0,'D M d, Y g:i a',1,0,'9E8DA7',0,0,0,0,-3,0,0,'t','d',0,'t','a',0,1,0,1,1,1,0,230271,'',0,0,0,'','','','','','','','','','','','','','','cf5c695a604ad1a7',0,0,0),(29,2,6,'',0,'',1347605447,'Nutch [Bot]','nutch [bot]','',1347605447,0,'',0,'',0,1347605447,0,'','',0,0,0,0,0,0,0,'en','0.00',0,'D M d, Y g:i a',1,0,'9E8DA7',0,0,0,0,-3,0,0,'t','d',0,'t','a',0,1,0,1,1,1,0,230271,'',0,0,0,'','','','','','','','','','','','','','','6f65a17f1615828a',0,0,0),(30,2,6,'',0,'',1347605447,'Nutch/CVS [Bot]','nutch/cvs [bot]','',1347605447,0,'',0,'',0,1347605447,0,'','',0,0,0,0,0,0,0,'en','0.00',0,'D M d, Y g:i a',1,0,'9E8DA7',0,0,0,0,-3,0,0,'t','d',0,'t','a',0,1,0,1,1,1,0,230271,'',0,0,0,'','','','','','','','','','','','','','','9717c6b0295b537a',0,0,0),(31,2,6,'',0,'',1347605447,'OmniExplorer [Bot]','omniexplorer [bot]','',1347605447,0,'',0,'',0,1347605447,0,'','',0,0,0,0,0,0,0,'en','0.00',0,'D M d, Y g:i a',1,0,'9E8DA7',0,0,0,0,-3,0,0,'t','d',0,'t','a',0,1,0,1,1,1,0,230271,'',0,0,0,'','','','','','','','','','','','','','','e26d17c59a48023a',0,0,0),(32,2,6,'',0,'',1347605447,'Online link [Validator]','online link [validator]','',1347605447,0,'',0,'',0,1347605447,0,'','',0,0,0,0,0,0,0,'en','0.00',0,'D M d, Y g:i a',1,0,'9E8DA7',0,0,0,0,-3,0,0,'t','d',0,'t','a',0,1,0,1,1,1,0,230271,'',0,0,0,'','','','','','','','','','','','','','','0d741da01bf09cc8',0,0,0),(33,2,6,'',0,'',1347605447,'psbot [Picsearch]','psbot [picsearch]','',1347605447,0,'',0,'',0,1347605447,0,'','',0,0,0,0,0,0,0,'en','0.00',0,'D M d, Y g:i a',1,0,'9E8DA7',0,0,0,0,-3,0,0,'t','d',0,'t','a',0,1,0,1,1,1,0,230271,'',0,0,0,'','','','','','','','','','','','','','','55825ba0737196f0',0,0,0),(34,2,6,'',0,'',1347605447,'Seekport [Bot]','seekport [bot]','',1347605447,0,'',0,'',0,1347605447,0,'','',0,0,0,0,0,0,0,'en','0.00',0,'D M d, Y g:i a',1,0,'9E8DA7',0,0,0,0,-3,0,0,'t','d',0,'t','a',0,1,0,1,1,1,0,230271,'',0,0,0,'','','','','','','','','','','','','','','1ed8b30bad89716c',0,0,0),(35,2,6,'',0,'',1347605447,'Sensis [Crawler]','sensis [crawler]','',1347605447,0,'',0,'',0,1347605447,0,'','',0,0,0,0,0,0,0,'en','0.00',0,'D M d, Y g:i a',1,0,'9E8DA7',0,0,0,0,-3,0,0,'t','d',0,'t','a',0,1,0,1,1,1,0,230271,'',0,0,0,'','','','','','','','','','','','','','','6dbb269c33b10168',0,0,0),(36,2,6,'',0,'',1347605447,'SEO Crawler','seo crawler','',1347605447,0,'',0,'',0,1347605447,0,'','',0,0,0,0,0,0,0,'en','0.00',0,'D M d, Y g:i a',1,0,'9E8DA7',0,0,0,0,-3,0,0,'t','d',0,'t','a',0,1,0,1,1,1,0,230271,'',0,0,0,'','','','','','','','','','','','','','','033b774611dd90d4',0,0,0),(37,2,6,'',0,'',1347605447,'Seoma [Crawler]','seoma [crawler]','',1347605447,0,'',0,'',0,1347605447,0,'','',0,0,0,0,0,0,0,'en','0.00',0,'D M d, Y g:i a',1,0,'9E8DA7',0,0,0,0,-3,0,0,'t','d',0,'t','a',0,1,0,1,1,1,0,230271,'',0,0,0,'','','','','','','','','','','','','','','2684f5b9547a46d4',0,0,0),(38,2,6,'',0,'',1347605447,'SEOSearch [Crawler]','seosearch [crawler]','',1347605447,0,'',0,'',0,1347605447,0,'','',0,0,0,0,0,0,0,'en','0.00',0,'D M d, Y g:i a',1,0,'9E8DA7',0,0,0,0,-3,0,0,'t','d',0,'t','a',0,1,0,1,1,1,0,230271,'',0,0,0,'','','','','','','','','','','','','','','3c54cb9f4e33816a',0,0,0),(39,2,6,'',0,'',1347605447,'Snappy [Bot]','snappy [bot]','',1347605447,0,'',0,'',0,1347605447,0,'','',0,0,0,0,0,0,0,'en','0.00',0,'D M d, Y g:i a',1,0,'9E8DA7',0,0,0,0,-3,0,0,'t','d',0,'t','a',0,1,0,1,1,1,0,230271,'',0,0,0,'','','','','','','','','','','','','','','3f16a01dd9800773',0,0,0),(40,2,6,'',0,'',1347605447,'Steeler [Crawler]','steeler [crawler]','',1347605447,0,'',0,'',0,1347605447,0,'','',0,0,0,0,0,0,0,'en','0.00',0,'D M d, Y g:i a',1,0,'9E8DA7',0,0,0,0,-3,0,0,'t','d',0,'t','a',0,1,0,1,1,1,0,230271,'',0,0,0,'','','','','','','','','','','','','','','cdda4fd886d9d6ff',0,0,0),(41,2,6,'',0,'',1347605447,'Synoo [Bot]','synoo [bot]','',1347605447,0,'',0,'',0,1347605447,0,'','',0,0,0,0,0,0,0,'en','0.00',0,'D M d, Y g:i a',1,0,'9E8DA7',0,0,0,0,-3,0,0,'t','d',0,'t','a',0,1,0,1,1,1,0,230271,'',0,0,0,'','','','','','','','','','','','','','','3663db5f07696a48',0,0,0),(42,2,6,'',0,'',1347605447,'Telekom [Bot]','telekom [bot]','',1347605447,0,'',0,'',0,1347605447,0,'','',0,0,0,0,0,0,0,'en','0.00',0,'D M d, Y g:i a',1,0,'9E8DA7',0,0,0,0,-3,0,0,'t','d',0,'t','a',0,1,0,1,1,1,0,230271,'',0,0,0,'','','','','','','','','','','','','','','d2df1d0255a25135',0,0,0),(43,2,6,'',0,'',1347605448,'TurnitinBot [Bot]','turnitinbot [bot]','',1347605448,0,'',0,'',0,1347605448,0,'','',0,0,0,0,0,0,0,'en','0.00',0,'D M d, Y g:i a',1,0,'9E8DA7',0,0,0,0,-3,0,0,'t','d',0,'t','a',0,1,0,1,1,1,0,230271,'',0,0,0,'','','','','','','','','','','','','','','85ed270f037f05de',0,0,0),(44,2,6,'',0,'',1347605448,'Voyager [Bot]','voyager [bot]','',1347605448,0,'',0,'',0,1347605448,0,'','',0,0,0,0,0,0,0,'en','0.00',0,'D M d, Y g:i a',1,0,'9E8DA7',0,0,0,0,-3,0,0,'t','d',0,'t','a',0,1,0,1,1,1,0,230271,'',0,0,0,'','','','','','','','','','','','','','','663c5e9cbba8af0e',0,0,0),(45,2,6,'',0,'',1347605448,'W3 [Sitesearch]','w3 [sitesearch]','',1347605448,0,'',0,'',0,1347605448,0,'','',0,0,0,0,0,0,0,'en','0.00',0,'D M d, Y g:i a',1,0,'9E8DA7',0,0,0,0,-3,0,0,'t','d',0,'t','a',0,1,0,1,1,1,0,230271,'',0,0,0,'','','','','','','','','','','','','','','8d64e6efc6b8ddfa',0,0,0),(46,2,6,'',0,'',1347605448,'W3C [Linkcheck]','w3c [linkcheck]','',1347605448,0,'',0,'',0,1347605448,0,'','',0,0,0,0,0,0,0,'en','0.00',0,'D M d, Y g:i a',1,0,'9E8DA7',0,0,0,0,-3,0,0,'t','d',0,'t','a',0,1,0,1,1,1,0,230271,'',0,0,0,'','','','','','','','','','','','','','','183ed812e873cf5e',0,0,0),(47,2,6,'',0,'',1347605448,'W3C [Validator]','w3c [validator]','',1347605448,0,'',0,'',0,1347605448,0,'','',0,0,0,0,0,0,0,'en','0.00',0,'D M d, Y g:i a',1,0,'9E8DA7',0,0,0,0,-3,0,0,'t','d',0,'t','a',0,1,0,1,1,1,0,230271,'',0,0,0,'','','','','','','','','','','','','','','f1a66b1584d49b13',0,0,0),(48,2,6,'',0,'',1347605448,'WiseNut [Bot]','wisenut [bot]','',1347605448,0,'',0,'',0,1347605448,0,'','',0,0,0,0,0,0,0,'en','0.00',0,'D M d, Y g:i a',1,0,'9E8DA7',0,0,0,0,-3,0,0,'t','d',0,'t','a',0,1,0,1,1,1,0,230271,'',0,0,0,'','','','','','','','','','','','','','','81ba15292ca72798',0,0,0),(49,2,6,'',0,'',1347605448,'YaCy [Bot]','yacy [bot]','',1347605448,0,'',0,'',0,1347605448,0,'','',0,0,0,0,0,0,0,'en','0.00',0,'D M d, Y g:i a',1,0,'9E8DA7',0,0,0,0,-3,0,0,'t','d',0,'t','a',0,1,0,1,1,1,0,230271,'',0,0,0,'','','','','','','','','','','','','','','a3e941c11806d4ee',0,0,0),(50,2,6,'',0,'',1347605448,'Yahoo MMCrawler [Bot]','yahoo mmcrawler [bot]','',1347605448,0,'',0,'',0,1347605448,0,'','',0,0,0,0,0,0,0,'en','0.00',0,'D M d, Y g:i a',1,0,'9E8DA7',0,0,0,0,-3,0,0,'t','d',0,'t','a',0,1,0,1,1,1,0,230271,'',0,0,0,'','','','','','','','','','','','','','','10faf6f5bfe50539',0,0,0),(51,2,6,'',0,'',1347605448,'Yahoo Slurp [Bot]','yahoo slurp [bot]','',1347605448,0,'',0,'',0,1347605448,0,'','',0,0,0,0,0,0,0,'en','0.00',0,'D M d, Y g:i a',1,0,'9E8DA7',0,0,0,0,-3,0,0,'t','d',0,'t','a',0,1,0,1,1,1,0,230271,'',0,0,0,'','','','','','','','','','','','','','','8cd1199504893214',0,0,0),(52,2,6,'',0,'',1347605448,'Yahoo [Bot]','yahoo [bot]','',1347605448,0,'',0,'',0,1347605448,0,'','',0,0,0,0,0,0,0,'en','0.00',0,'D M d, Y g:i a',1,0,'9E8DA7',0,0,0,0,-3,0,0,'t','d',0,'t','a',0,1,0,1,1,1,0,230271,'',0,0,0,'','','','','','','','','','','','','','','0c55bc8d7bf09070',0,0,0),(53,2,6,'',0,'',1347605448,'YahooSeeker [Bot]','yahooseeker [bot]','',1347605448,0,'',0,'',0,1347605448,0,'','',0,0,0,0,0,0,0,'en','0.00',0,'D M d, Y g:i a',1,0,'9E8DA7',0,0,0,0,-3,0,0,'t','d',0,'t','a',0,1,0,1,1,1,0,230271,'',0,0,0,'','','','','','','','','','','','','','','d05138929f863189',0,0,0);

--
-- Table structure for table `ey2n4tv0a6_warnings`
--

CREATE TABLE `ey2n4tv0a6_warnings` (
  `warning_id` mediumint(8) unsigned NOT NULL AUTO_INCREMENT,
  `user_id` mediumint(8) unsigned NOT NULL DEFAULT '0',
  `post_id` mediumint(8) unsigned NOT NULL DEFAULT '0',
  `log_id` mediumint(8) unsigned NOT NULL DEFAULT '0',
  `warning_time` int(11) unsigned NOT NULL DEFAULT '0',
  PRIMARY KEY (`warning_id`)
) ENGINE=InnoDB DEFAULT CHARSET=utf8 COLLATE=utf8_bin;

--
-- Dumping data for table `ey2n4tv0a6_warnings`
--


--
-- Table structure for table `ey2n4tv0a6_words`
--

CREATE TABLE `ey2n4tv0a6_words` (
  `word_id` mediumint(8) unsigned NOT NULL AUTO_INCREMENT,
  `word` varchar(255) COLLATE utf8_bin NOT NULL DEFAULT '',
  `replacement` varchar(255) COLLATE utf8_bin NOT NULL DEFAULT '',
  PRIMARY KEY (`word_id`)
) ENGINE=InnoDB DEFAULT CHARSET=utf8 COLLATE=utf8_bin;

--
-- Dumping data for table `ey2n4tv0a6_words`
--


--
-- Table structure for table `ey2n4tv0a6_zebra`
--

CREATE TABLE `ey2n4tv0a6_zebra` (
  `user_id` mediumint(8) unsigned NOT NULL DEFAULT '0',
  `zebra_id` mediumint(8) unsigned NOT NULL DEFAULT '0',
  `friend` tinyint(1) unsigned NOT NULL DEFAULT '0',
  `foe` tinyint(1) unsigned NOT NULL DEFAULT '0',
  PRIMARY KEY (`user_id`,`zebra_id`)
) ENGINE=InnoDB DEFAULT CHARSET=utf8 COLLATE=utf8_bin;

--
-- Dumping data for table `ey2n4tv0a6_zebra`
--



